000
CXUS55 KEAX 010736
CF6LXT
PRELIMINARY LOCAL CLIMATOLOGICAL DATA (WS FORM: F-6)
STATION: LEE`S SUMMIT MO
MONTH: APRIL
YEAR: 2021
LATITUDE: 38 57 N
LONGITUDE: 94 22 W
TEMPERATURE IN F: :PCPN: SNOW: WIND :SUNSHINE: SKY :PK WND
================================================================================
1 2 3 4 5 6A 6B 7 8 9 10 11 12 13 14 15 16 17 18
12Z AVG MX 2MIN
DY MAX MIN AVG DEP HDD CDD WTR SNW DPTH SPD SPD DIR MIN PSBL S-S WX SPD DR
================================================================================
1 51 28 40 -9 25 0 0.00 M M 6.5 12 20 M M 0 16 10
2 67 36 52 2 13 0 0.00 M M 14.9 24 200 M M 0 8 33 200
3 73 46 60 10 5 0 0.00 M M 13.4 24 230 M M 0 33 220
4 79 51 65 15 0 0 0.00 M M 14.8 24 200 M M 0 31 220
5 78 54 66 15 0 1 0.00 M M 16.2 30 210 M M 2 40 210
6 79 58 69 18 0 4 0.00 M M 17.0 26 160 M M 1 37 170
7 69 46 58 7 7 0 0.76 M M 14.9 30 290 M M 9 138 39 290
8 54 46 50 -2 15 0 0.20 M M 11.4 18 260 M M 8 1 26 270
9 73 41 57 5 8 0 0.13 M M 8.3 22 340 M M 2 1 31 350
10 57 46 52 0 13 0 0.81 M M 12.4 22 300 M M 6 1 33 310
11 76 39 58 5 7 0 0.00 M M 7.3 16 230 M M 0 22 320
12 61 46 54 1 11 0 0.00 M M 9.6 21 350 M M 4 32 360
13 61 40 51 -2 14 0 0.00 M M 6.9 17 290 M M 1 24 350
14 58 39 49 -5 16 0 0.00 M M 10.1 18 350 M M 0 25 340
15 59 36 48 -6 17 0 0.00 M M 7.4 13 20 M M 1 18 360
16 52 43 48 -6 17 0 0.21 M M 7.6 14 20 M M 8 1 19 30
17 55 41 48 -7 17 0 0.07 M M 7.1 13 300 M M 10 1 19 300
18 61 41 51 -4 14 0 T M M 7.7 18 300 M M 6 25 290
19 56 34 45 -11 20 0 0.00 M M 12.0 23 20 M M 1 31 10
20 45 31 38 -18 27 0 0.09 M M 9.7 20 310 M M 8 1 27 20
21 47 32 40 -16 25 0 0.00 M M 9.7 24 300 M M 5 31 320
22 56 30 43 -13 22 0 0.06 M M 7.6 17 170 M M 3 26 200
23 57 44 51 -6 14 0 0.11 M M 8.9 17 40 M M 10 13 21 40
24 67 49 58 1 7 0 0.01 M M 9.0 20 350 M M 3 28 310
25 74 45 60 2 5 0 0.00 M M 11.3 25 170 M M 0 36 160
26 83 58 71 13 0 6 0.00 M M 22.1 35 210 M M 0 46 210
27 80 65 73 15 0 8 0.00 M M 18.3 30 210 M M 1 40 220
28 78 59 69 10 0 4 1.10 M M 7.4 16 350 M M 8 13 22 350
29 75 56 66 7 0 1 0.00 M M 8.8 23 350 M M 2 1 32 340
30 79 46 63 4 2 0 0.00 M M 6.6 16 220 M M 0 22 230
================================================================================
SM 1960 1326 321 24 3.55 M 324.9 M 99
================================================================================
AV 65.3 44.2 10.8 FASTST M M 3 MAX(MPH)
MISC ----> 35 210 46 210
================================================================================
NOTES:
# LAST OF SEVERAL OCCURRENCES
COLUMN 17 PEAK WIND IN M.P.H.
PRELIMINARY LOCAL CLIMATOLOGICAL DATA (WS FORM: F-6) , PAGE 2
STATION: LEE`S SUMMIT MO
MONTH: APRIL
YEAR: 2021
LATITUDE: 38 57 N
LONGITUDE: 94 22 W
[TEMPERATURE DATA] [PRECIPITATION DATA] SYMBOLS USED IN COLUMN 16
AVERAGE MONTHLY: 54.8 TOTAL FOR MONTH: 3.55 1 = FOG OR MIST
DPTR FM NORMAL: 0.5 DPTR FM NORMAL: -0.47 2 = FOG REDUCING VISIBILITY
HIGHEST: 83 ON 26 GRTST 24HR 1.10 ON 28-28 TO 1/4 MILE OR LESS
LOWEST: 28 ON 1 3 = THUNDER
SNOW, ICE PELLETS, HAIL 4 = ICE PELLETS
TOTAL MONTH: M 5 = HAIL
GRTST 24HR M ON M 6 = FREEZING RAIN OR DRIZZLE
GRTST DEPTH: M ON M 7 = DUSTSTORM OR SANDSTORM:
VSBY 1/2 MILE OR LESS
8 = SMOKE OR HAZE
[NO. OF DAYS WITH] [WEATHER - DAYS WITH] 9 = BLOWING SNOW
X = TORNADO
MAX 32 OR BELOW: 0 0.01 INCH OR MORE: 11
MAX 90 OR ABOVE: 0 0.10 INCH OR MORE: 7
MIN 32 OR BELOW: 4 0.50 INCH OR MORE: 3
MIN 0 OR BELOW: 0 1.00 INCH OR MORE: 1
[HDD (BASE 65) ]
TOTAL THIS MO. 321 CLEAR (SCALE 0-3) 19
DPTR FM NORMAL -12 PTCLDY (SCALE 4-7) 6
TOTAL FM JUL 1 4500 CLOUDY (SCALE 8-10) 5
DPTR FM NORMAL -445
[CDD (BASE 65) ]
TOTAL THIS MO. 24
DPTR FM NORMAL 13 [PRESSURE DATA]
TOTAL FM JAN 1 24 HIGHEST SLP M ON M
DPTR FM NORMAL 13 LOWEST SLP 29.48 ON 8
[REMARKS]
#FINAL-04-21#