000
CXUS53 KEAX 010841
CF6LXT
PRELIMINARY LOCAL CLIMATOLOGICAL DATA (WS FORM: F-6)
STATION: LEE`S SUMMIT MO
MONTH: DECEMBER
YEAR: 2023
LATITUDE: 38 57 N
LONGITUDE: 94 22 W
TEMPERATURE IN F: :PCPN: SNOW: WIND :SUNSHINE: SKY :PK WND
================================================================================
1 2 3 4 5 6A 6B 7 8 9 10 11 12 13 14 15 16 17 18
12Z AVG MX 2MIN
DY MAX MIN AVG DEP HDD CDD WTR SNW DPTH SPD SPD DIR MIN PSBL S-S WX SPD DR
================================================================================
1 45 36 41 2 24 0 M M M 8.6 26 30 M M 10 1 32 30
2 39 32 36 -3 29 0 0.11 M M 4.1 14 110 M M 9 12 19 130
3 49 33 41 3 24 0 0.03 M M 8.7 16 220 M M 7 1 23 250
4 51 35 43 5 22 0 T M M 9.1 20 330 M M 5 18 26 320
5 50 31 41 3 24 0 0.00 M M 11.3 23 340 M M 1 33 300
6 55 28 42 4 23 0 0.00 M M 11.5 21 190 M M 0 27 190
7 68 46 57 20 8 0 0.00 M M 18.2 31 200 M M 0 41 190
8 59 47 53 16 12 0 0.20 M M 8.6 21 220 M M 5 1 30 220
9 48 35 42 6 23 0 T M M 13.6 23 300 M M 4 34 320
10 45 26 36 0 29 0 0.00 M M 9.1 18 320 M M 0 26 310
11 52 31 42 6 23 0 0.00 M M 7.4 15 200 M M 0 19 200
12 45 35 40 4 25 0 0.00 M M 8.2 14 40 M M 0 18 50
13 52 31 42 7 23 0 0.00 M M 6.0 10 70 M M 1 13 80
14 55 35 45 10 20 0 0.00 M M 6.6 15 160 M M 0 20 160
15 55 43 49 14 16 0 0.45 M M 6.7 16 190 M M 7 1 23 180
16 46 39 43 9 22 0 0.12 M M 8.3 16 290 M M 10 1 25 300
17 55 31 43 9 22 0 0.00 M M 8.6 18 310 M M 2 24 330
18 40 27 34 0 31 0 0.00 M M 11.2 24 340 M M 0 34 350
19 48 27 38 4 27 0 0.00 M M 12.2 21 180 M M 0 28 160
20 58 38 48 14 17 0 0.00 M M 11.1 17 200 M M 2 22 170
21 60 50 55 22 10 0 0.02 M M 8.7 14 190 M M 9 1 19 220
22 56 52 54 21 11 0 0.29 M M 9.0 16 210 M M 10 1 19 220
23 59 46 53 20 12 0 0.00 M M 8.3 16 190 M M 10 1 23 180
24 58 47 53 20 12 0 1.26 M M 12.5 23 160 M M 8 1 36 150
25 47 32 40 8 25 0 0.36 M M 12.8 21 230 M M 10 1 29 250
26 37 31 34 2 31 0 0.05 M M 12.7 22 180 M M 10 1 29 190
27 36 32 34 2 31 0 0.13 M M 11.4 20 340 M M 10 1 26 340
28 42 33 38 6 27 0 0.02 M M 12.9 23 300 M M 9 1 32 310
29 45 32 39 7 26 0 0.00 M M 10.3 21 320 M M 5 27 320
30 49 28 39 7 26 0 0.00 M M 7.8 14 250 M M 0 18 270
31 37 30 34 3 31 0 0.00 M M 11.3 20 340 M M 10 26 330
================================================================================
SM 1541 1099 686 0 3.04 M 306.8 M 154
================================================================================
AV 49.7 35.5 9.9 FASTST M M 5 MAX(MPH)
MISC ----> 31 200 41 190
================================================================================
NOTES:
# LAST OF SEVERAL OCCURRENCES
COLUMN 17 PEAK WIND IN M.P.H.
PRELIMINARY LOCAL CLIMATOLOGICAL DATA (WS FORM: F-6) , PAGE 2
STATION: LEE`S SUMMIT MO
MONTH: DECEMBER
YEAR: 2023
LATITUDE: 38 57 N
LONGITUDE: 94 22 W
[TEMPERATURE DATA] [PRECIPITATION DATA] SYMBOLS USED IN COLUMN 16
AVERAGE MONTHLY: 42.6 TOTAL FOR MONTH: 3.04 1 = FOG OR MIST
DPTR FM NORMAL: 7.9 DPTR FM NORMAL: 1.69 2 = FOG REDUCING VISIBILITY
HIGHEST: 68 ON 7 GRTST 24HR 1.62 ON 24-25 TO 1/4 MILE OR LESS
LOWEST: 26 ON 10 3 = THUNDER
SNOW, ICE PELLETS, HAIL 4 = ICE PELLETS
TOTAL MONTH: M 5 = HAIL
GRTST 24HR M ON M 6 = FREEZING RAIN OR DRIZZLE
GRTST DEPTH: M ON M 7 = DUSTSTORM OR SANDSTORM:
VSBY 1/2 MILE OR LESS
8 = SMOKE OR HAZE
[NO. OF DAYS WITH] [WEATHER - DAYS WITH] 9 = BLOWING SNOW
X = TORNADO
MAX 32 OR BELOW: 0 0.01 INCH OR MORE: 12
MAX 90 OR ABOVE: 0 0.10 INCH OR MORE: 8
MIN 32 OR BELOW: 15 0.50 INCH OR MORE: 1
MIN 0 OR BELOW: 0 1.00 INCH OR MORE: 1
[HDD (BASE 65) ]
TOTAL THIS MO. 686 CLEAR (SCALE 0-3) 13
DPTR FM NORMAL -252 PTCLDY (SCALE 4-7) 7
TOTAL FM JUL 1 1380 CLOUDY (SCALE 8-10) 11
DPTR FM NORMAL -482
[CDD (BASE 65) ]
TOTAL THIS MO. 0
DPTR FM NORMAL 0 [PRESSURE DATA]
TOTAL FM JAN 1 1565 HIGHEST SLP 30.66 ON 14
DPTR FM NORMAL 119 LOWEST SLP 29.58 ON 7
[REMARKS]
#FINAL-12-23#