000
CXUS55 KPUB 012233
CF6LXV
PRELIMINARY LOCAL CLIMATOLOGICAL DATA (WS FORM: F-6)
STATION: LEADVILLE CO
MONTH: JULY
YEAR: 2023
LATITUDE: 39 15 N
LONGITUDE: 106 18 W
TEMPERATURE IN F: :PCPN: SNOW: WIND :SUNSHINE: SKY :PK WND
================================================================================
1 2 3 4 5 6A 6B 7 8 9 10 11 12 13 14 15 16 17 18
12Z AVG MX 2MIN
DY MAX MIN AVG DEP HDD CDD WTR SNW DPTH SPD SPD DIR MIN PSBL S-S WX SPD DR
================================================================================
1 72 33 53 -1 12 0 0.00 M M 8.3 23 10 M M 2 8 35 20
2 74 37 56 2 9 0 T M M 7.3 21 300 M M 2 3 30 20
3 77 35 56 2 9 0 0.00 M M 5.5 21 320 M M 1 34 310
4 78 43 61 7 4 0 T M M 7.8 30 290 M M 4 3 50 290
5 76 46 61 7 4 0 0.00 M M 8.2 21 270 M M 4 32 320
6 79 45 62 8 3 0 0.00 M M 6.0 21 310 M M 3 34 300
7 76 40 58 4 7 0 0.00 M M 7.6 23 230 M M 3 36 230
8 77 44 61 6 4 0 0.00 M M 7.9 26 290 M M 3 36 300
9 80 39 60 5 5 0 0.00 M M 7.4 23 310 M M 0 36 310
10 76 40 58 3 7 0 0.07 M M 8.1 30 280 M M 3 3 45 290
11 80 39 60 5 5 0 0.00 M M 7.2 21 290 M M 2 29 290
12 81 45 63 8 2 0 T M M 6.9 20 290 M M 2 27 310
13 81 41 61 6 4 0 0.00 M M 7.2 21 280 M M 2 29 290
14 76 43 60 5 5 0 0.00 M M 8.9 28 290 M M 1 42 260
15 77 43 60 5 5 0 0.00 M M 7.1 21 300 M M 0 37 290
16 80 38 59 3 6 0 0.00 M M 6.1 22 290 M M 0 30 260
17 86 41 64 8 1 0 0.00 M M 6.9 22 290 M M 0 28 290
18 82 47 65 9 0 0 T M M 8.1 26 270 M M 3 43 230
19 80 49 65 9 0 0 0.00 M M 7.4 22 280 M M 2 3 35 280
20 78 46 62 6 3 0 T M M 6.8 24 270 M M 4 3 40 240
21 79 41 60 4 5 0 0.00 M M 7.0 20 360 M M 1 28 360
22 81 41 61 5 4 0 0.00 M M 5.6 17 300 M M 2 27 330
23 85 39 62 6 3 0 0.00 M M 6.4 28 10 M M 1 40 10
24 86 42 64 8 1 0 0.00 M M 5.9 18 300 M M 1 3 27 290
25 81 45 63 7 2 0 0.00 M M 8.2 25 310 M M 1 39 320
26 82 44 63 7 2 0 0.00 M M 5.9 22 320 M M 2 3 35 310
27 81 41 61 5 4 0 0.00 M M 6.9 20 180 M M 1 3 30 290
28 79 42 61 5 4 0 T M M 5.5 20 190 M M 3 29 180
29 80 41 61 5 4 0 T M M 5.3 18 180 M M 4 29 360
30 76 43 60 4 5 0 T M M 4.8 16 350 M M 3 3 25 350
31 80 47 64 9 1 0 0.07 M M 6.3 23 190 M M 4 13 30 190
================================================================================
SM 2456 1300 130 0 0.14 M 214.5 M 64
================================================================================
AV 79.2 41.9 6.9 FASTST M M 2 MAX(MPH)
MISC ----> # 30 290 50 290
================================================================================
NOTES:
# LAST OF SEVERAL OCCURRENCES
COLUMN 17 PEAK WIND IN M.P.H.
PRELIMINARY LOCAL CLIMATOLOGICAL DATA (WS FORM: F-6) , PAGE 2
STATION: LEADVILLE CO
MONTH: JULY
YEAR: 2023
LATITUDE: 39 15 N
LONGITUDE: 106 18 W
[TEMPERATURE DATA] [PRECIPITATION DATA] SYMBOLS USED IN COLUMN 16
AVERAGE MONTHLY: 60.6 TOTAL FOR MONTH: 0.14 1 = FOG OR MIST
DPTR FM NORMAL: 5.5 DPTR FM NORMAL: -1.58 2 = FOG REDUCING VISIBILITY
HIGHEST: 86 ON 24,17 GRTST 24HR 0.07 ON 10 TO 1/4 MILE OR LESS
LOWEST: 33 ON 1 3 = THUNDER
SNOW, ICE PELLETS, HAIL 4 = ICE PELLETS
TOTAL MONTH: M 5 = HAIL
GRTST 24HR M ON M 6 = FREEZING RAIN OR DRIZZLE
GRTST DEPTH: M ON M 7 = DUSTSTORM OR SANDSTORM:
VSBY 1/2 MILE OR LESS
8 = SMOKE OR HAZE
[NO. OF DAYS WITH] [WEATHER - DAYS WITH] 9 = BLOWING SNOW
X = TORNADO
MAX 32 OR BELOW: 0 0.01 INCH OR MORE: 2
MAX 90 OR ABOVE: 0 0.10 INCH OR MORE: 0
MIN 32 OR BELOW: 0 0.50 INCH OR MORE: 0
MIN 0 OR BELOW: 0 1.00 INCH OR MORE: 0
[HDD (BASE 65) ]
TOTAL THIS MO. 130 CLEAR (SCALE 0-3) 26
DPTR FM NORMAL -177 PTCLDY (SCALE 4-7) 5
TOTAL FM JUL 1 130 CLOUDY (SCALE 8-10) 0
DPTR FM NORMAL -176
[CDD (BASE 65) ]
TOTAL THIS MO. 0
DPTR FM NORMAL 0 [PRESSURE DATA]
TOTAL FM JAN 1 0 HIGHEST SLP M ON M
DPTR FM NORMAL 0 LOWEST SLP 29.68 ON 6
[REMARKS]
#FINAL-07-23#