000
CXUS51 KRNK 010833
CF6LYH
PRELIMINARY LOCAL CLIMATOLOGICAL DATA (WS FORM: F-6)
STATION: LYNCHBURG VA
MONTH: JUNE
YEAR: 2020
LATITUDE: 37 19 N
LONGITUDE: 79 12 W
TEMPERATURE IN F: :PCPN: SNOW: WIND :SUNSHINE: SKY :PK WND
================================================================================
1 2 3 4 5 6A 6B 7 8 9 10 11 12 13 14 15 16 17 18
12Z AVG MX 2MIN
DY MAX MIN AVG DEP HDD CDD WTR SNW DPTH SPD SPD DIR MIN PSBL S-S WX SPD DR
================================================================================
1 75 52 64 -4 1 0 0.00 0.0 0 4.4 16 40 M M 0 21 40
2 87 53 70 2 0 5 0.00 0.0 0 5.7 17 190 M M 1 27 180
3 93 69 81 13 0 16 0.00 0.0 0 6.4 16 210 M M 0 24 290
4 91 65 78 9 0 13 T 0.0 0 6.2 16 210 M M 1 27 210
5 86 69 78 9 0 13 0.26 0.0 0 6.2 15 190 M M 5 13 19 180
6 91 67 79 10 0 14 0.00 0.0 0 3.6 10 200 M M 3 12 16 30
7 87 64 76 6 0 11 0.00 0.0 0 3.4 10 40 M M 1 18 30
8 86 61 74 4 0 9 0.00 0.0 0 3.2 9 160 M M 3 17 220
9 88 68 78 8 0 13 0.00 0.0 0 5.4 14 160 M M 6 1 29 100
10 91 72 82 12 0 17 0.03 0.0 0 8.8 22 180 M M 6 3 30 190
11 86 67 77 6 0 12 0.12 0.0 0 6.0 17 200 M M 5 1 22 200
12 87 63 75 4 0 10 0.00 0.0 0 3.8 10 20 M M 3 16 30
13 83 62 73 2 0 8 0.06 0.0 0 6.3 21 10 M M 5 1 28 10
14 78 60 69 -3 0 4 0.32 0.0 0 5.3 16 170 M M 6 1 21 50
15 63 57 60 -12 5 0 0.93 0.0 0 5.9 14 50 M M 9 1 26 30
16 64 59 62 -10 3 0 0.62 0.0 0 10.4 21 50 M M 10 1 27 50
17 67 58 63 -9 2 0 1.85 0.0 0 10.9 21 40 M M 10 13 26 40
18 76 63 70 -3 0 5 0.16 0.0 0 5.2 14 170 M M 9 1 19 200
19 81 65 73 0 0 8 0.23 0.0 0 2.7 12 170 M M 7 13 13 180
20 83 64 74 1 0 9 T 0.0 0 2.1 12 200 M M 6 123 14 190
21 86 64 75 2 0 10 0.00 0.0 0 2.5 10 170 M M 5 12 18 130
22 90 68 79 6 0 14 T 0.0 0 3.1 13 210 M M 2 1 19 220
23 88 65 77 3 0 12 0.07 0.0 0 4.6 15 200 M M 2 1 18 200
24 86 66 76 2 0 11 0.25 0.0 0 4.0 14 260 M M 1 1 21 260
25 87 64 76 2 0 11 0.01 0.0 0 2.1 8 20 M M 3 13 12 160
26 87 59 73 -1 0 8 0.00 0.0 0 2.6 12 210 M M 0 16 240
27 91 64 78 4 0 13 0.00 0.0 0 5.7 13 240 M M 1 19 240
28 86 69 78 4 0 13 0.00 0.0 0 3.9 13 270 M M 1 20 240
29 92 65 79 4 0 14 0.00 0.0 0 3.8 12 310 M M 2 17 290
30 89 69 79 4 0 14 0.00 0.0 0 2.1 9 110 M M 2 14 90
================================================================================
SM 2525 1911 11 287 4.91 0.0 146.3 M 115
================================================================================
AV 84.2 63.7 4.9 FASTST M M 4 MAX(MPH)
MISC ----> 22 180 30 190
================================================================================
NOTES:
# LAST OF SEVERAL OCCURRENCES
COLUMN 17 PEAK WIND IN M.P.H.
PRELIMINARY LOCAL CLIMATOLOGICAL DATA (WS FORM: F-6) , PAGE 2
STATION: LYNCHBURG VA
MONTH: JUNE
YEAR: 2020
LATITUDE: 37 19 N
LONGITUDE: 79 12 W
[TEMPERATURE DATA] [PRECIPITATION DATA] SYMBOLS USED IN COLUMN 16
AVERAGE MONTHLY: 73.9 TOTAL FOR MONTH: 4.91 1 = FOG OR MIST
DPTR FM NORMAL: 2.3 DPTR FM NORMAL: 1.29 2 = FOG REDUCING VISIBILITY
HIGHEST: 93 ON 3 GRTST 24HR 2.21 ON 16-17 TO 1/4 MILE OR LESS
LOWEST: 52 ON 1 3 = THUNDER
SNOW, ICE PELLETS, HAIL 4 = ICE PELLETS
TOTAL MONTH: 0.0 INCH 5 = HAIL
GRTST 24HR 0.0 6 = FREEZING RAIN OR DRIZZLE
GRTST DEPTH: 0 7 = DUSTSTORM OR SANDSTORM:
VSBY 1/2 MILE OR LESS
8 = SMOKE OR HAZE
[NO. OF DAYS WITH] [WEATHER - DAYS WITH] 9 = BLOWING SNOW
X = TORNADO
MAX 32 OR BELOW: 0 0.01 INCH OR MORE: 13
MAX 90 OR ABOVE: 7 0.10 INCH OR MORE: 9
MIN 32 OR BELOW: 0 0.50 INCH OR MORE: 3
MIN 0 OR BELOW: 0 1.00 INCH OR MORE: 1
[HDD (BASE 65) ]
TOTAL THIS MO. 11 CLEAR (SCALE 0-3) 17
DPTR FM NORMAL -3 PTCLDY (SCALE 4-7) 9
TOTAL FM JUL 1 3560 CLOUDY (SCALE 8-10) 4
DPTR FM NORMAL -898
[CDD (BASE 65) ]
TOTAL THIS MO. 287
DPTR FM NORMAL 73 [PRESSURE DATA]
TOTAL FM JAN 1 408 HIGHEST SLP 30.35 ON 15
DPTR FM NORMAL 112 LOWEST SLP 29.71 ON 23
[REMARKS]
DUE TO MISSING TEMPERATURES ON NOVEMBER 27-30, THE SEASONAL
HEATING DEGREE DAY TOTAL WILL BE CALCULATED WITHOUT DATA FROM THESE
DATES.
#FINAL-06-20#