000
CXUS54 KLZK 041417
CF6LZK
PRELIMINARY LOCAL CLIMATOLOGICAL DATA (WS FORM: F-6)
STATION: NORTH LITTLE ROCK
MONTH: FEBRUARY
YEAR: 2023
LATITUDE: 34 50 N
LONGITUDE: 92 16 W
TEMPERATURE IN F: :PCPN: SNOW: WIND :SUNSHINE: SKY :PK WND
================================================================================
1 2 3 4 5 6A 6B 7 8 9 10 11 12 13 14 15 16 17 18
12Z AVG MX 2MIN
DY MAX MIN AVG DEP HDD CDD WTR SNW DPTH SPD SPD DIR MIN PSBL S-S WX SPD DR
================================================================================
1 28 24 26 -16 39 0 0.08 T T M M M M M M 46 M M
2 33 28 31 -11 34 0 0.18 0.0 T M M M M M M 6 M M
3 44 29 37 -5 28 0 0.00 0.0 0 M M M M M M M M
4 51 27 39 -3 26 0 0.00 0.0 0 M M M M M M M M
5 66 39 53 11 12 0 0.00 0.0 0 M M M M M M M M
6 68 43 56 13 9 0 0.00 0.0 0 M M M M M M 1 M M
7 66 50 58 15 7 0 0.02 0.0 0 M M M M M M M M
8 55 46 51 8 14 0 2.32 0.0 0 M M M M M 0 13 M M
9 60 42 51 8 14 0 0.00 0.0 0 M M M M M M M M
10 47 37 42 -2 23 0 0.24 0.0 0 M M M M M M 1 M M
11 51 35 43 -1 22 0 T T 0 M M M M M M 4 M M
12 61 34 48 4 17 0 0.00 0.0 0 M M M M M M M M
13 67 43 55 11 10 0 0.00 0.0 0 M M M M M M M M
14 59 51 55 11 10 0 0.49 0.0 0 M M M M M M M M
15 75 54 65 20 0 0 T 0.0 0 M M M M M M M M
16 69 33 51 6 14 0 0.76 T 0 M M M M M M 35 M M
17 48 30 39 -6 26 0 0.00 0.0 0 M M M M M M M M
18 54 32 43 -3 22 0 0.00 0.0 0 M M M M M M M M
19 64 38 51 5 14 0 0.00 0.0 0 M M M M M M M M
20 72 56 64 18 1 0 0.00 0.0 0 M M M M M M M M
21 69 53 61 15 4 0 0.00 0.0 0 M M M M M M M M
22 73 57 65 19 0 0 0.09 0.0 0 M M M M M M M M
23 66 48 57 10 8 0 T 0.0 0 M M M M M M 1 M M
24 48 35 42 -5 23 0 1.62 0.0 0 M M M M M M 3 M M
25 46 38 42 -5 23 0 0.27 0.0 0 M M M M M M 1 M M
26 62 45 54 6 11 0 0.02 0.0 0 M M M M M M 12 M M
27 76 55 66 18 0 1 T 0.0 0 M M M M M M M M
28 79 50 65 17 0 0 0.00 0.0 0 M M M M M M M M
================================================================================
SM 1657 1152 411 1 6.09 T M M 0
================================================================================
AV 59.2 41.1 M FASTST M M 0 MAX(MPH)
MISC ----> M M M M
================================================================================
NOTES:
# LAST OF SEVERAL OCCURRENCES
COLUMN 17 PEAK WIND IN M.P.H.
PRELIMINARY LOCAL CLIMATOLOGICAL DATA (WS FORM: F-6) , PAGE 2
STATION: NORTH LITTLE ROCK
MONTH: FEBRUARY
YEAR: 2023
LATITUDE: 34 50 N
LONGITUDE: 92 16 W
[TEMPERATURE DATA] [PRECIPITATION DATA] SYMBOLS USED IN COLUMN 16
AVERAGE MONTHLY: 50.2 TOTAL FOR MONTH: 6.09 1 = FOG OR MIST
DPTR FM NORMAL: 5.5 DPTR FM NORMAL: 2.19 2 = FOG REDUCING VISIBILITY
HIGHEST: 79 ON 28 GRTST 24HR 2.32 ON 8- 8 TO 1/4 MILE OR LESS
LOWEST: 24 ON 1 3 = THUNDER
SNOW, ICE PELLETS, HAIL 4 = ICE PELLETS
TOTAL MONTH: 0.4 INCH 5 = HAIL
GRTST 24HR T ON 16-16 6 = FREEZING RAIN OR DRIZZLE
GRTST DEPTH: T 7 = DUSTSTORM OR SANDSTORM:
VSBY 1/2 MILE OR LESS
8 = SMOKE OR HAZE
[NO. OF DAYS WITH] [WEATHER - DAYS WITH] 9 = BLOWING SNOW
X = TORNADO
MAX 32 OR BELOW: 1 0.01 INCH OR MORE: 11
MAX 90 OR ABOVE: 0 0.10 INCH OR MORE: 7
MIN 32 OR BELOW: 6 0.50 INCH OR MORE: 3
MIN 0 OR BELOW: 0 1.00 INCH OR MORE: 2
[HDD (BASE 65) ]
TOTAL THIS MO. 411 CLEAR (SCALE 0-3) 1
DPTR FM NORMAL -157 PTCLDY (SCALE 4-7) 0
TOTAL FM JUL 1 2202 CLOUDY (SCALE 8-10) 27
DPTR FM NORMAL -370
[CDD (BASE 65) ]
TOTAL THIS MO. 1
DPTR FM NORMAL 0 [PRESSURE DATA]
TOTAL FM JAN 1 2 HIGHEST SLP M ON M
DPTR FM NORMAL 2 LOWEST SLP M ON M
[REMARKS]
#FINAL-02-23#