000
CXUS54 KLZK 071925
CF6LZK
PRELIMINARY LOCAL CLIMATOLOGICAL DATA (WS FORM: F-6)
STATION: NORTH LITTLE ROCK
MONTH: FEBRUARY
YEAR: 2022
LATITUDE: 34 50 N
LONGITUDE: 92 16 W
TEMPERATURE IN F: :PCPN: SNOW: WIND :SUNSHINE: SKY :PK WND
================================================================================
1 2 3 4 5 6A 6B 7 8 9 10 11 12 13 14 15 16 17 18
12Z AVG MX 2MIN
DY MAX MIN AVG DEP HDD CDD WTR SNW DPTH SPD SPD DIR MIN PSBL S-S WX SPD DR
================================================================================
1 67 49 58 16 7 0 0.02 0.0 0 8.9 18 160 M M 9 26 160
2 56 27 42 0 23 0 0.03 0.0 0 10.2 17 350 M M 10 24 10
3 28 23 26 -16 39 0 0.89 3.2 1 13.8 20 20 M M 10 46 28 20
4 37 22 30 -12 35 0 T 0.2 3 9.8 14 350 M M 5 21 350
5 42 23 33 -9 32 0 0.00 0.0 2 7.4 13 320 M M 0 17 310
6 49 23 36 -7 29 0 0.00 0.0 2 4.0 8 130 M M 0 14 0
7 51 30 41 -2 24 0 0.00 0.0 1 5.9 12 330 M M 1 15 340
8 61 33 47 4 18 0 0.00 0.0 T 9.8 16 240 M M 0 22 240
9 66 38 52 9 13 0 0.00 0.0 0 8.5 15 270 M M 2 22 270
10 63 45 54 10 11 0 0.00 0.0 0 5.3 9 80 M M 2 14 M
11 67 44 56 12 9 0 0.00 0.0 0 10.5 18 220 M M 4 24 10
12 53 29 41 -3 24 0 0.04 0.0 0 9.7 16 350 M M 5 25 350
13 55 23 39 -5 26 0 0.00 0.0 0 7.6 15 310 M M 1 24 310
14 68 33 51 7 14 0 0.00 0.0 0 6.8 15 230 M M 2 8 20 220
15 66 42 54 9 11 0 0.00 0.0 0 11.7 21 210 M M 3 29 190
16 67 54 61 16 4 0 0.01 0.0 0 11.4 16 190 M M 9 31 190
17 65 30 48 3 17 0 1.23 0.0 0 15.2 23 300 M M 10 3 39 300
18 47 22 35 -11 30 0 0.00 0.0 0 5.7 16 340 M M 2 22 340
19 55 30 43 -3 22 0 0.00 0.0 0 5.9 9 10 M M 1 16 30
20 65 35 50 4 15 0 0.00 0.0 0 9.6 16 200 M M 2 28 200
21 68 50 59 13 6 0 0.01 0.0 0 6.3 12 180 M M 10 12 21 180
22 67 31 49 3 16 0 1.10 0.0 0 12.6 18 280 M M 9 32 280
23 32 26 29 -18 36 0 0.26 0.2 0 9.6 16 290 M M 10 46 23 10
24 31 26 29 -18 36 0 0.05 T T 8.5 14 310 M M 10 346 22 310
25 31 23 27 -20 38 0 T T 0 9.6 14 350 M M 9 20 350
26 32 26 29 -19 36 0 0.38 T 0 8.6 13 60 M M 10 46 21 99
27 49 30 40 -8 25 0 0.00 0.0 0 7.5 12 350 M M 5 16 340
28 64 35 50 2 15 0 0.00 0.0 0 6.7 12 310 M M 0 15 300
================================================================================
SM 1502 902 611 0 4.02 3.6 247.3 M 141
================================================================================
AV 53.6 32.2 8.8 FASTST M M 5 MAX(MPH)
MISC ----> 23 300 39 300
================================================================================
NOTES:
# LAST OF SEVERAL OCCURRENCES
COLUMN 17 PEAK WIND IN M.P.H.
PRELIMINARY LOCAL CLIMATOLOGICAL DATA (WS FORM: F-6) , PAGE 2
STATION: NORTH LITTLE ROCK
MONTH: FEBRUARY
YEAR: 2022
LATITUDE: 34 50 N
LONGITUDE: 92 16 W
[TEMPERATURE DATA] [PRECIPITATION DATA] SYMBOLS USED IN COLUMN 16
AVERAGE MONTHLY: 42.9 TOTAL FOR MONTH: 4.02 1 = FOG OR MIST
DPTR FM NORMAL: -1.8 DPTR FM NORMAL: 0.12 2 = FOG REDUCING VISIBILITY
HIGHEST: 68 ON 21,14 GRTST 24HR 1.23 ON 17-17 TO 1/4 MILE OR LESS
LOWEST: 22 ON 4,18 3 = THUNDER
SNOW, ICE PELLETS, HAIL 4 = ICE PELLETS
TOTAL MONTH: 3.6 INCHES 5 = HAIL
GRTST 24HR 3.2 ON 3- 3 6 = FREEZING RAIN OR DRIZZLE
GRTST DEPTH: 3 ON 4 7 = DUSTSTORM OR SANDSTORM:
VSBY 1/2 MILE OR LESS
8 = SMOKE OR HAZE
[NO. OF DAYS WITH] [WEATHER - DAYS WITH] 9 = BLOWING SNOW
X = TORNADO
MAX 32 OR BELOW: 5 0.01 INCH OR MORE: 11
MAX 90 OR ABOVE: 0 0.10 INCH OR MORE: 5
MIN 32 OR BELOW: 17 0.50 INCH OR MORE: 3
MIN 0 OR BELOW: 0 1.00 INCH OR MORE: 2
[HDD (BASE 65) ]
TOTAL THIS MO. 611 CLEAR (SCALE 0-3) 13
DPTR FM NORMAL 43 PTCLDY (SCALE 4-7) 4
TOTAL FM JUL 1 2237 CLOUDY (SCALE 8-10) 11
DPTR FM NORMAL -335
[CDD (BASE 65) ]
TOTAL THIS MO. 0
DPTR FM NORMAL -1 [PRESSURE DATA]
TOTAL FM JAN 1 0 HIGHEST SLP M ON M
DPTR FM NORMAL 0 LOWEST SLP 29.60 ON 17
[REMARKS]
#FINAL-02-22#