000
CXUS54 KLZK 011230
CF6LZK
PRELIMINARY LOCAL CLIMATOLOGICAL DATA (WS FORM: F-6)
STATION: NORTH LITTLE ROCK
MONTH: OCTOBER
YEAR: 2023
LATITUDE: 34 50 N
LONGITUDE: 92 16 W
TEMPERATURE IN F: :PCPN: SNOW: WIND :SUNSHINE: SKY :PK WND
================================================================================
1 2 3 4 5 6A 6B 7 8 9 10 11 12 13 14 15 16 17 18
12Z AVG MX 2MIN
DY MAX MIN AVG DEP HDD CDD WTR SNW DPTH SPD SPD DIR MIN PSBL S-S WX SPD DR
================================================================================
1 92 68 80 11 0 15 0.00 0.0 0 M M M M M M M M
2 90 66 78 10 0 13 0.00 0.0 0 M M M M M M M M
3 88 64 76 8 0 11 0.00 0.0 0 M M M M M M M M
4 72 65 69 1 0 4 0.39 0.0 0 M M M M M M M M
5 75 64 70 3 0 5 1.32 0.0 0 M M M M M M M M
6 79 57 68 1 0 3 0.00 0.0 0 M M M M M M M M
7 66 46 56 -10 9 0 0.00 0.0 0 M M M M M M M M
8 74 48 61 -5 4 0 0.00 0.0 0 M M M M M M M M
9 84 56 70 4 0 5 0.00 0.0 0 M M M M M M M M
10 82 56 69 4 0 4 0.00 0.0 0 M M M M M M M M
11 77 59 68 3 0 3 0.00 0.0 0 M M M M M M M M
12 66 54 60 -4 5 0 0.00 0.0 0 M M M M M M M M
13 68 58 63 -1 2 0 T 0.0 0 M M M M M M M M
14 66 51 59 -5 6 0 0.00 0.0 0 M M M M M M M M
15 63 52 58 -5 7 0 0.04 0.0 0 M M M M M M M M
16 66 45 56 -7 9 0 0.00 0.0 0 M M M M M M M M
17 71 48 60 -2 5 0 0.00 0.0 0 M M M M M M M M
18 75 50 63 1 2 0 0.00 0.0 0 M M M M M M M M
19 81 58 70 8 0 5 T 0.0 0 M M M M M M M M
20 82 57 70 9 0 5 0.00 0.0 0 M M M M M M M M
21 87 60 74 13 0 9 0.00 0.0 0 M M M M M M M M
22 78 61 70 9 0 5 0.00 0.0 0 M M M M M M M M
23 81 61 71 11 0 6 T 0.0 0 M M M M M M M M
24 84 66 75 15 0 10 0.00 0.0 0 M M M M M M M M
25 83 65 74 15 0 9 0.00 0.0 0 M M M M M M M M
26 76 69 73 14 0 8 0.10 0.0 0 M M M M M M M M
27 75 69 72 13 0 7 0.25 0.0 0 M M M M M M 1 M M
28 71 56 64 6 1 0 3.43 0.0 0 M M M M M M 123 M M
29 56 43 50 -8 15 0 1.06 0.0 0 M M M M M M 12 M M
30 50 36 43 -14 22 0 0.11 0.0 0 M M M M M M M M
31 54 31 43 -14 22 0 0.00 0.0 0 M M M M M M M M
================================================================================
SM 2312 1739 109 127 6.70 0.0 M M M
================================================================================
AV 74.6 56.1 M FASTST M M M MAX(MPH)
MISC ----> M M M M
================================================================================
NOTES:
# LAST OF SEVERAL OCCURRENCES
COLUMN 17 PEAK WIND IN M.P.H.
PRELIMINARY LOCAL CLIMATOLOGICAL DATA (WS FORM: F-6) , PAGE 2
STATION: NORTH LITTLE ROCK
MONTH: OCTOBER
YEAR: 2023
LATITUDE: 34 50 N
LONGITUDE: 92 16 W
[TEMPERATURE DATA] [PRECIPITATION DATA] SYMBOLS USED IN COLUMN 16
AVERAGE MONTHLY: 65.3 TOTAL FOR MONTH: 6.70 1 = FOG OR MIST
DPTR FM NORMAL: 2.4 DPTR FM NORMAL: 2.08 2 = FOG REDUCING VISIBILITY
HIGHEST: 92 ON 1 GRTST 24HR 3.43 ON 28-28 TO 1/4 MILE OR LESS
LOWEST: 31 ON 31 3 = THUNDER
SNOW, ICE PELLETS, HAIL 4 = ICE PELLETS
TOTAL MONTH: 0.0 INCH 5 = HAIL
GRTST 24HR 0.0 6 = FREEZING RAIN OR DRIZZLE
GRTST DEPTH: 0 7 = DUSTSTORM OR SANDSTORM:
VSBY 1/2 MILE OR LESS
8 = SMOKE OR HAZE
[NO. OF DAYS WITH] [WEATHER - DAYS WITH] 9 = BLOWING SNOW
X = TORNADO
MAX 32 OR BELOW: 0 0.01 INCH OR MORE: 8
MAX 90 OR ABOVE: 2 0.10 INCH OR MORE: 7
MIN 32 OR BELOW: 1 0.50 INCH OR MORE: 3
MIN 0 OR BELOW: 0 1.00 INCH OR MORE: 3
[HDD (BASE 65) ]
TOTAL THIS MO. 109 CLEAR (SCALE 0-3) 0
DPTR FM NORMAL -33 PTCLDY (SCALE 4-7) 0
TOTAL FM JUL 1 109 CLOUDY (SCALE 8-10) 31
DPTR FM NORMAL -46
[CDD (BASE 65) ]
TOTAL THIS MO. 127
DPTR FM NORMAL 50 [PRESSURE DATA]
TOTAL FM JAN 1 2334 HIGHEST SLP M ON M
DPTR FM NORMAL 334 LOWEST SLP M ON M
[REMARKS]
#FINAL-10-23#