000
CXUS54 KLZK 011010
CLSLZK
CLIMATE REPORT
NATIONAL WEATHER SERVICE LITTLE ROCK AR
510 AM CDT TUE JUN 01 2021
...................................
...THE NORTH LITTLE ROCK CLIMATE SUMMARY FOR THE SEASON, FROM
3/1/2021 TO 5/31/2021...
CLIMATE NORMAL PERIOD 1991 TO 2020
CLIMATE RECORD PERIOD 1975 TO 2021
WEATHER OBSERVED NORMAL DEPART LAST YEAR`S
VALUE DATE(S) VALUE FROM VALUE DATE(S)
NORMAL
................................................................
TEMPERATURE (F)
RECORD
HIGH 98 05/30/1977
LOW 14 03/03/2014
03/02/1980
HIGHEST 87 05/27 73 14 87 03/26
LOWEST 32 04/21 53 -21 34 03/07
AVG. MAXIMUM 70.9 71.1 -0.2 69.6
AVG. MINIMUM 51.4 52.0 -0.6 52.4
MEAN 61.1 61.6 -0.5 61.0
DAYS MAX >= 90 0 2.3 -2.3 0
DAYS MAX <= 32 0 0.1 -0.1 0
DAYS MIN <= 32 1 3.1 -2.1 0
DAYS MIN <= 0 0 0.0 0.0 0
PRECIPITATION (INCHES)
TOTALS 15.88 16.06 -0.18 21.25
DAILY AVG. 0.18 0.17 0.01 0.23
DAYS >= .01 32 31.5 0.5 45
DAYS >= .10 23 22.2 0.8 33
DAYS >= .50 12 10.6 1.4 17
DAYS >= 1.00 5 4.6 0.4 6
GREATEST
24 HR. TOTAL 2.36 03/17 TO 03/17 2.25 05/16 TO 05/17
STORM TOTAL 2.36 MM
(MM/DD(HH)) MM
SNOWFALL (INCHES)
RECORDS
TOTAL 6.4 2015
24 HR TOTAL 6.4 03/04/2015 TO 03/05/2015
SNOW DEPTH MM 03/10/1984
TOTALS T 0.4 -0.4 T
LIQUID EQUIV T 0.00 0.00 0.00
SINCE 7/1 18.8 3.8 15.0 MM
LIQUID 7/1 1.88 0.00 1.88 MM
SNOWDEPTH AVG. 0 0
DAYS >= TRACE 1 0.3 0.7 2
DAYS >= 1.0 0 0.2 -0.2 0
GREATEST
SNOW DEPTH 0 0 MM
24 HR TOTAL T 0MM31 TO 03/31 0.0
STORM TOTAL 0.0 MM
(MM/DD(HH)) MM
DEGREE DAYS
HEATING TOTAL 495 570 -75 521
SINCE 7/1 3159 3142 17 3003
COOLING TOTAL 163 256 -93 179
SINCE 1/1 163 257 -94 179
FREEZE DATES
RECORD
EARLIEST 10/20/1989
LATEST 04/19/1983
EARLIEST 11/30
LATEST 02/27
................................................................
WIND (MPH)
AVERAGE WIND SPEED 7.5
HIGHEST WIND SPEED/DIRECTION MM DATE MM
HIGHEST GUST SPEED/DIRECTION 38/280 DATE 03/18
SKY COVER
AVERAGE SKY COVER 0.45
NUMBER OF DAYS FAIR 27
NUMBER OF DAYS PC 17
NUMBER OF DAYS CLOUDY 13
WEATHER CONDITIONS. NUMBER OF DAYS WITH
THUNDERSTORM 16 MIXED PRECIP 0
HEAVY RAIN 13 RAIN 20
LIGHT RAIN 38 FREEZING RAIN 0
LT FREEZING RAIN 0 HAIL 0
HEAVY SNOW 0 SLEET 1
FOG 13 FOG W/VIS <= 1/4 MILE 4
HAZE 2
- INDICATES NEGATIVE NUMBERS.
R INDICATES RECORD WAS SET OR TIED.
MM INDICATES DATA IS MISSING.
T INDICATES TRACE AMOUNT.
$$