000
CXUS54 KMAF 011901
CF6MAF
PRELIMINARY LOCAL CLIMATOLOGICAL DATA (WS FORM: F-6)
STATION: MIDLAND INTERNATIONAL AIRPORT
MONTH: DECEMBER
YEAR: 2022
LATITUDE: 31 57 N
LONGITUDE: 102 11 W
TEMPERATURE IN F: :PCPN: SNOW: WIND :SUNSHINE: SKY :PK WND
================================================================================
1 2 3 4 5 6A 6B 7 8 9 10 11 12 13 14 15 16 17 18
12Z AVG MX 2MIN
DY MAX MIN AVG DEP HDD CDD WTR SNW DPTH SPD SPD DIR MIN PSBL S-S WX SPD DR
================================================================================
1 58 35 47 -2 18 0 0.00 0.0 0 10.7 17 170 M M 1 23 200
2 77 40 59 10 6 0 0.00 0.0 0 11.6 29 250 M M 0 39 240
3 57 40 49 0 16 0 0.00 0.0 0 10.4 30 60 M M 0 8 39 40
4 63 38 51 3 14 0 T 0.0 0 7.3 17 160 M M 2 20 250
5 78 51 65 17 0 0 0.00 0.0 0 13.1 26 240 M M 1 35 240
6 70 56 63 15 2 0 0.01 0.0 0 7.0 13 180 M M 4 17 170
7 73 57 65 17 0 0 0.06 0.0 0 7.4 18 160 M M 7 1 21 170
8 74 53 64 16 1 0 0.01 0.0 0 5.8 14 270 M M 6 12 23 270
9 63 51 57 10 8 0 T 0.0 0 4.3 9 80 M M 8 12 11 80
10 64 51 58 11 7 0 T 0.0 0 7.4 15 90 M M 9 128 18 40
11 60 49 55 8 10 0 0.00 0.0 0 5.8 16 160 M M 7 128 19 170
12 71 51 61 14 4 0 0.00 0.0 0 16.1 26 180 M M 6 128 35 170
13 58 41 50 4 15 0 0.00 0.0 0 14.6 35 270 M M 1 43 270
14 54 37 46 0 19 0 0.00 0.0 0 13.0 28 280 M M 2 39 290
15 54 29 42 -4 23 0 0.00 0.0 0 4.6 12 220 M M 0 16 210
16 48 27 38 -8 27 0 0.00 0.0 0 6.2 14 50 M M 0 18 50
17 52 20 36 -10 29 0 0.00 0.0 0 6.4 15 170 M M 0 21 180
18 55 30 43 -3 22 0 0.00 0.0 0 12.7 28 170 M M 1 33 170
19 64 35 50 4 15 0 0.00 0.0 0 9.1 23 270 M M 1 27 270
20 50 26 38 -8 27 0 0.00 0.0 0 8.8 14 130 M M 1 1 18 80
21 58 34 46 0 19 0 0.00 0.0 0 10.4 17 190 M M 5 1 22 200
22 38 11 25 -20 40 0 0.00 0.0 0 17.5 32 20 M M 0 18 39 20
23 25 10 18 -27 47 0 0.00 0.0 0 7.9 18 10 M M 0 24 10
24 36 15 26 -19 39 0 0.00 0.0 0 5.7 14 170 M M 1 22 170
25 51 18 35 -10 30 0 0.00 0.0 0 7.7 14 190 M M 0 19 240
26 60 29 45 0 20 0 0.00 0.0 0 10.1 26 40 M M 0 33 40
27 64 29 47 2 18 0 0.00 0.0 0 12.7 26 200 M M 0 33 200
28 75 44 60 15 5 0 0.00 0.0 0 14.3 30 230 M M 1 8 40 220
29 68 38 53 8 12 0 0.00 0.0 0 10.0 22 290 M M 1 8 30 280
30 58 37 48 3 17 0 0.00 0.0 0 9.2 22 250 M M 4 26 260
31 72 42 57 12 8 0 0.00 0.0 0 15.5 31 240 M M 0 40 260
================================================================================
SM 1848 1124 518 0 0.08 0.0 303.3 M 69
================================================================================
AV 59.6 36.3 9.8 FASTST M M 2 MAX(MPH)
MISC ----> 35 270 43 270
================================================================================
NOTES:
# LAST OF SEVERAL OCCURRENCES
COLUMN 17 PEAK WIND IN M.P.H.
PRELIMINARY LOCAL CLIMATOLOGICAL DATA (WS FORM: F-6) , PAGE 2
STATION: MIDLAND INTERNATIONAL AIRPORT
MONTH: DECEMBER
YEAR: 2022
LATITUDE: 31 57 N
LONGITUDE: 102 11 W
[TEMPERATURE DATA] [PRECIPITATION DATA] SYMBOLS USED IN COLUMN 16
AVERAGE MONTHLY: 47.9 TOTAL FOR MONTH: 0.08 1 = FOG OR MIST
DPTR FM NORMAL: 1.5 DPTR FM NORMAL: -0.51 2 = FOG REDUCING VISIBILITY
HIGHEST: 78 ON 5 GRTST 24HR 0.07 ON 7- 8 TO 1/4 MILE OR LESS
LOWEST: 10 ON 23 3 = THUNDER
SNOW, ICE PELLETS, HAIL 4 = ICE PELLETS
TOTAL MONTH: 0.0 INCH 5 = HAIL
GRTST 24HR 0.0 6 = FREEZING RAIN OR DRIZZLE
GRTST DEPTH: 0 7 = DUSTSTORM OR SANDSTORM:
VSBY 1/2 MILE OR LESS
8 = SMOKE OR HAZE
[NO. OF DAYS WITH] [WEATHER - DAYS WITH] 9 = BLOWING SNOW
X = TORNADO
MAX 32 OR BELOW: 1 0.01 INCH OR MORE: 3
MAX 90 OR ABOVE: 0 0.10 INCH OR MORE: 0
MIN 32 OR BELOW: 11 0.50 INCH OR MORE: 0
MIN 0 OR BELOW: 0 1.00 INCH OR MORE: 0
[HDD (BASE 65) ]
TOTAL THIS MO. 518 CLEAR (SCALE 0-3) 22
DPTR FM NORMAL -59 PTCLDY (SCALE 4-7) 8
TOTAL FM JUL 1 1084 CLOUDY (SCALE 8-10) 1
DPTR FM NORMAL 83
[CDD (BASE 65) ]
TOTAL THIS MO. 0
DPTR FM NORMAL 0 [PRESSURE DATA]
TOTAL FM JAN 1 2883 HIGHEST SLP 30.73 ON 23
DPTR FM NORMAL 211 LOWEST SLP 29.55 ON 12
[REMARKS]
#FINAL-12-22#