000
CXUS54 KMAF 012209
CF6MAF
PRELIMINARY LOCAL CLIMATOLOGICAL DATA (WS FORM: F-6)
STATION: MIDLAND INTERNATIONAL AIRPORT
MONTH: FEBRUARY
YEAR: 2022
LATITUDE: 31 57 N
LONGITUDE: 102 11 W
TEMPERATURE IN F: :PCPN: SNOW: WIND :SUNSHINE: SKY :PK WND
================================================================================
1 2 3 4 5 6A 6B 7 8 9 10 11 12 13 14 15 16 17 18
12Z AVG MX 2MIN
DY MAX MIN AVG DEP HDD CDD WTR SNW DPTH SPD SPD DIR MIN PSBL S-S WX SPD DR
================================================================================
1 68 39 54 7 11 0 0.00 0.0 0 9.7 16 50 M M 0 20 50
2 48 20 34 -14 31 0 0.08 0.6 0 16.4 24 50 M M 9 1 28 50
3 24 14 19 -29 46 0 0.01 0.5 1 15.0 23 360 M M 9 1 29 350
4 41 7 24 -24 41 0 0.00 0.0 1 7.5 16 350 M M 0 20 360
5 49 17 33 -15 32 0 0.00 0.0 0 9.5 20 190 M M 0 23 210
6 58 17 38 -10 27 0 0.00 0.0 0 11.8 28 30 M M 0 33 60
7 54 23 39 -9 26 0 0.00 0.0 0 6.8 13 350 M M 0 16 340
8 64 24 44 -5 21 0 0.00 0.0 0 10.6 25 240 M M 0 30 250
9 64 26 45 -4 20 0 0.00 0.0 0 6.7 14 170 M M 0 16 40
10 65 26 46 -3 19 0 0.00 0.0 0 4.6 14 10 M M 0 8 16 20
11 72 35 54 5 11 0 0.00 0.0 0 14.1 25 50 M M 0 31 40
12 48 29 39 -11 26 0 0.00 0.0 0 13.3 32 30 M M 3 8 40 50
13 61 24 43 -7 22 0 0.00 0.0 0 6.5 14 190 M M 0 16 190
14 71 35 53 3 12 0 0.00 0.0 0 9.6 14 180 M M 0 18 170
15 74 41 58 8 7 0 0.00 0.0 0 16.2 29 170 M M 0 35 160
16 77 48 63 13 2 0 0.06 0.0 0 14.7 37 280 M M 2 38 47 280
17 55 27 41 -10 24 0 0.00 0.0 0 15.0 30 10 M M 2 78 36 10
18 58 22 40 -11 25 0 0.00 0.0 0 6.6 15 200 M M 0 19 200
19 63 29 46 -5 19 0 0.00 0.0 0 9.4 20 170 M M 0 27 150
20 75 42 59 8 6 0 0.00 0.0 0 12.1 18 180 M M 0 23 240
21 72 42 57 5 8 0 0.07 0.0 0 11.6 23 270 M M 3 38 29 270
22 69 30 50 -2 15 0 0.00 0.0 0 16.8 28 280 M M 0 8 35 290
23 30 19 25 -27 40 0 0.00 0.0 0 14.8 29 40 M M 5 38 60
24 51 19 35 -17 30 0 0.00 0.0 0 7.7 15 60 M M 6 1 17 60
25 44 21 33 -19 32 0 0.00 0.0 0 12.5 20 90 M M 3 1 28 70
26 46 27 37 -16 28 0 0.00 0.0 0 9.1 15 80 M M 4 18 70
27 58 19 39 -14 26 0 0.00 0.0 0 4.9 10 40 M M 0 18 14 50
28 63 24 44 -9 21 0 0.00 0.0 0 5.6 15 180 M M 0 20 150
================================================================================
SM 1622 746 628 0 0.22 1.1 299.1 M 46
================================================================================
AV 57.9 26.6 10.7 FASTST M M 2 MAX(MPH)
MISC ----> 37 280 47 280
================================================================================
NOTES:
# LAST OF SEVERAL OCCURRENCES
COLUMN 17 PEAK WIND IN M.P.H.
PRELIMINARY LOCAL CLIMATOLOGICAL DATA (WS FORM: F-6) , PAGE 2
STATION: MIDLAND INTERNATIONAL AIRPORT
MONTH: FEBRUARY
YEAR: 2022
LATITUDE: 31 57 N
LONGITUDE: 102 11 W
[TEMPERATURE DATA] [PRECIPITATION DATA] SYMBOLS USED IN COLUMN 16
AVERAGE MONTHLY: 42.3 TOTAL FOR MONTH: 0.22 1 = FOG OR MIST
DPTR FM NORMAL: -7.9 DPTR FM NORMAL: -0.36 2 = FOG REDUCING VISIBILITY
HIGHEST: 77 ON 16 GRTST 24HR 0.09 ON 2- 3 TO 1/4 MILE OR LESS
LOWEST: 7 ON 4 3 = THUNDER
SNOW, ICE PELLETS, HAIL 4 = ICE PELLETS
TOTAL MONTH: 1.1 INCHES 5 = HAIL
GRTST 24HR 0.6 ON 2- 2 6 = FREEZING RAIN OR DRIZZLE
GRTST DEPTH: 1 ON 4, 3 7 = DUSTSTORM OR SANDSTORM:
VSBY 1/2 MILE OR LESS
8 = SMOKE OR HAZE
[NO. OF DAYS WITH] [WEATHER - DAYS WITH] 9 = BLOWING SNOW
X = TORNADO
MAX 32 OR BELOW: 2 0.01 INCH OR MORE: 4
MAX 90 OR ABOVE: 0 0.10 INCH OR MORE: 0
MIN 32 OR BELOW: 21 0.50 INCH OR MORE: 0
MIN 0 OR BELOW: 0 1.00 INCH OR MORE: 0
[HDD (BASE 65) ]
TOTAL THIS MO. 628 CLEAR (SCALE 0-3) 22
DPTR FM NORMAL 208 PTCLDY (SCALE 4-7) 4
TOTAL FM JUL 1 1925 CLOUDY (SCALE 8-10) 2
DPTR FM NORMAL -95
[CDD (BASE 65) ]
TOTAL THIS MO. 0
DPTR FM NORMAL -4 [PRESSURE DATA]
TOTAL FM JAN 1 0 HIGHEST SLP 30.71 ON 4
DPTR FM NORMAL 0 LOWEST SLP 29.49 ON 16
[REMARKS]
#FINAL-02-22#