000
CXUS52 KTAE 010800
CF6MAI
PRELIMINARY LOCAL CLIMATOLOGICAL DATA (WS FORM: F-6)
STATION: MARIANNA
MONTH: OCTOBER
YEAR: 2022
LATITUDE: 30 50 N
LONGITUDE: 85 11 W
TEMPERATURE IN F: :PCPN: SNOW: WIND :SUNSHINE: SKY :PK WND
================================================================================
1 2 3 4 5 6A 6B 7 8 9 10 11 12 13 14 15 16 17 18
12Z AVG MX 2MIN
DY MAX MIN AVG DEP HDD CDD WTR SNW DPTH SPD SPD DIR MIN PSBL S-S WX SPD DR
================================================================================
1 87 54 71 -4 0 6 0.00 0.0 0 4.4 17 280 M M 0 24 280
2 88 51 70 -5 0 5 0.00 0.0 0 6.5 20 310 M M 0 26 300
3 83 57 70 -4 0 5 0.00 0.0 0 6.9 16 70 M M 0 24 200
4 81 51 66 -8 0 1 0.00 0.0 0 3.7 16 60 M M 0 30 300
5 85 51 68 -6 0 3 0.00 0.0 0 2.4 13 350 M M 0 17 340
6 88 50 69 -4 0 4 0.00 0.0 0 1.3 9 240 M M 0 13 330
7 89 50 70 -3 0 5 0.00 0.0 0 1.3 10 30 M M 0 17 10
8 88 55 72 -1 0 7 0.00 0.0 0 6.5 16 350 M M 0 21 340
9 84 52 68 -4 0 3 0.00 M M 5.4 15 310 M M 0 22 350
10 83 47 65 -7 0 0 0.00 0.0 M 3.6 13 350 M M 0 16 10
11 87 55 71 -1 0 6 0.00 0.0 M 4.5 12 60 M M 2 1 14 60
12 86 66 76 5 0 11 1.59 0.0 M 5.1 24 250 M M 5 1238 31 190
13 87 61 74 3 0 9 0.04 0.0 0 3.4 13 320 M M 3 12 16 330
14 82 55 69 -1 0 4 0.00 0.0 0 4.4 16 50 M M 0 20 280
15 85 50 68 -2 0 3 0.00 0.0 0 1.7 10 80 M M 0 20 270
16 87 53 70 0 0 5 0.00 0.0 0 2.2 10 190 M M 1 30 330
17 83 63 73 4 0 8 0.01 0.0 0 5.4 14 320 M M 7 123 17 290
18 65 44 55 -14 10 0 0.00 0.0 0 10.6 18 350 M M 0 23 20
19 65 36 51 -17 14 0 0.00 0.0 0 5.3 16 360 M M 0 29 340
20 68 34 51 -17 14 0 0.00 0.0 M 1.7 12 270 M M 0 17 280
21 73 38 56 -12 9 0 0.00 0.0 M 1.2 10 40 M M 0 14 60
22 78 39 59 -8 6 0 0.00 0.0 M 2.6 12 50 M M 0 M 290
23 80 41 61 -6 4 0 0.00 0.0 0 1.4 10 60 M M 0 14 50
24 84 45 65 -1 0 0 0.00 0.0 M 2.3 13 180 M M 1 17 190
25 86 54 70 4 0 5 0.59 0.0 M 8.5 21 200 M M 5 138 24 200
26 79 55 67 1 0 2 0.01 0.0 M 6.9 18 310 M M 1 1 23 310
27 77 47 62 -3 3 0 0.00 0.0 M 3.1 13 10 M M 0 M M
28 80 58 69 4 0 4 0.00 M M 9.1 16 70 M M 5 20 60
29 69 60 65 0 0 0 0.00 0.0 0 8.6 14 80 M M 7 1 18 70
30 75 63 69 5 0 4 0.17 0.0 0 6.7 13 90 M M 10 18 16 100
31 78 56 67 3 0 2 0.01 0.0 0 4.2 10 230 M M 6 1 13 250
================================================================================
SM 2510 1591 60 102 2.42 0.0 140.9 M 53
================================================================================
AV 81.0 51.3 4.5 FASTST M M 2 MAX(MPH)
MISC ----> 24 250 31 190
================================================================================
NOTES:
# LAST OF SEVERAL OCCURRENCES
COLUMN 17 PEAK WIND IN M.P.H.
PRELIMINARY LOCAL CLIMATOLOGICAL DATA (WS FORM: F-6) , PAGE 2
STATION: MARIANNA
MONTH: OCTOBER
YEAR: 2022
LATITUDE: 30 50 N
LONGITUDE: 85 11 W
[TEMPERATURE DATA] [PRECIPITATION DATA] SYMBOLS USED IN COLUMN 16
AVERAGE MONTHLY: 66.1 TOTAL FOR MONTH: 2.42 1 = FOG OR MIST
DPTR FM NORMAL: -3.4 DPTR FM NORMAL: -0.64 2 = FOG REDUCING VISIBILITY
HIGHEST: 89 ON 7 GRTST 24HR 1.63 ON 12-13 TO 1/4 MILE OR LESS
LOWEST: 34 ON 20 3 = THUNDER
SNOW, ICE PELLETS, HAIL 4 = ICE PELLETS
TOTAL MONTH: 0.0 INCH 5 = HAIL
GRTST 24HR 0.0 6 = FREEZING RAIN OR DRIZZLE
GRTST DEPTH: 0 7 = DUSTSTORM OR SANDSTORM:
VSBY 1/2 MILE OR LESS
8 = SMOKE OR HAZE
[NO. OF DAYS WITH] [WEATHER - DAYS WITH] 9 = BLOWING SNOW
X = TORNADO
MAX 32 OR BELOW: 0 0.01 INCH OR MORE: 7
MAX 90 OR ABOVE: 0 0.10 INCH OR MORE: 3
MIN 32 OR BELOW: 0 0.50 INCH OR MORE: 2
MIN 0 OR BELOW: 0 1.00 INCH OR MORE: 1
[HDD (BASE 65) ]
TOTAL THIS MO. 60 CLEAR (SCALE 0-3) 23
DPTR FM NORMAL 19 PTCLDY (SCALE 4-7) 7
TOTAL FM JUL 1 60 CLOUDY (SCALE 8-10) 1
DPTR FM NORMAL 20
[CDD (BASE 65) ]
TOTAL THIS MO. 102
DPTR FM NORMAL -80 [PRESSURE DATA]
TOTAL FM JAN 1 2627 HIGHEST SLP M ON M
DPTR FM NORMAL -72 LOWEST SLP 29.79 ON 17
[REMARKS]
#FINAL-10-22#