000
CXUS53 KEAX 010836
CF6MCI
PRELIMINARY LOCAL CLIMATOLOGICAL DATA (WS FORM: F-6)
STATION: KANSAS CITY INTERNATIONAL MO
MONTH: DECEMBER
YEAR: 2022
LATITUDE: 39 19 N
LONGITUDE: 94 43 W
TEMPERATURE IN F: :PCPN: SNOW: WIND :SUNSHINE: SKY :PK WND
================================================================================
1 2 3 4 5 6A 6B 7 8 9 10 11 12 13 14 15 16 17 18
12Z AVG MX 2MIN
DY MAX MIN AVG DEP HDD CDD WTR SNW DPTH SPD SPD DIR MIN PSBL S-S WX SPD DR
================================================================================
1 51 21 36 -1 29 0 0.00 0.0 0 15.9 30 190 M M 3 8 38 200
2 61 29 45 8 20 0 0.00 0.0 0 21.8 33 320 M M 4 8 48 200
3 34 18 26 -11 39 0 0.00 0.0 0 7.9 25 330 M M 4 36 350
4 47 24 36 0 29 0 0.00 0.0 0 7.1 10 190 M M 8 14 200
5 54 34 44 8 21 0 0.00 0.0 0 7.3 15 50 M M 7 18 18 40
6 45 33 39 3 26 0 0.00 0.0 0 5.8 15 40 M M 10 8 19 50
7 51 36 44 9 21 0 0.00 0.0 0 2.2 8 60 M M 10 18 10 60
8 49 42 46 11 19 0 0.03 0.0 0 9.9 17 100 M M 10 128 24 110
9 48 34 41 6 24 0 0.00 0.0 0 7.6 18 250 M M 9 8 25 240
10 43 28 36 2 29 0 0.00 0.0 0 5.3 12 290 M M 8 18 16 280
11 39 24 32 -2 33 0 0.00 0.0 0 6.2 15 160 M M 8 128 18 150
12 44 37 41 7 24 0 0.14 0.0 0 15.5 24 110 M M 10 18 32 100
13 58 40 49 15 16 0 0.84 0.0 0 13.6 24 110 M M 8 1 31 110
14 42 28 35 2 30 0 0.00 0.0 0 12.1 21 230 M M 5 28 230
15 35 29 32 -1 33 0 T T 0 15.1 25 280 M M 9 39 280
16 33 24 29 -4 36 0 0.00 0.0 0 14.7 23 280 M M 7 32 280
17 33 20 27 -6 38 0 T T 0 10.6 22 300 M M 5 30 300
18 37 13 25 -7 40 0 0.00 0.0 0 6.3 13 130 M M 3 20 120
19 40 31 36 4 29 0 0.04 T 0 8.4 16 140 M M 10 18 20 140
20 34 20 27 -5 38 0 T T 0 9.1 17 350 M M 10 18 21 350
21 35 22 29 -3 36 0 0.03 0.1 0 8.8 29 340 M M 10 168 36 340
22 26 -4 11 -20 54 0 0.10 1.1 T 19.0 32 350 M M 9 189 42 350
23 11 -4 4 -27 61 0 0.00 0.0 1 16.3 26 290 M M 4 36 290
24 20 5 13 -18 52 0 0.00 0.0 1 10.6 20 300 M M 4 27 290
25 28 0 14 -17 51 0 T T 1 9.2 24 180 M M 4 46 30 180
26 36 9 23 -8 42 0 T 0.1 T 12.0 24 350 M M 6 38 310
27 40 8 24 -6 41 0 0.00 0.0 T 15.5 26 190 M M 5 36 190
28 59 39 49 19 16 0 0.00 0.0 T 19.7 29 180 M M 7 40 200
29 68 37 53 23 12 0 0.00 0.0 0 18.4 37 210 M M 6 8 51 200
30 48 32 40 10 25 0 0.00 0.0 M 6.7 13 300 M M 5 18 290
31 63 31 47 17 18 0 0.00 0.0 0 9.5 17 220 M M 6 24 200
================================================================================
SM 1312 740 982 0 1.18 1.3 348.1 M 214
================================================================================
AV 42.3 23.9 11.2 FASTST M M 7 MAX(MPH)
MISC ----> 37 210 51 200
================================================================================
NOTES:
# LAST OF SEVERAL OCCURRENCES
COLUMN 17 PEAK WIND IN M.P.H.
PRELIMINARY LOCAL CLIMATOLOGICAL DATA (WS FORM: F-6) , PAGE 2
STATION: KANSAS CITY INTERNATIONAL MO
MONTH: DECEMBER
YEAR: 2022
LATITUDE: 39 19 N
LONGITUDE: 94 43 W
[TEMPERATURE DATA] [PRECIPITATION DATA] SYMBOLS USED IN COLUMN 16
AVERAGE MONTHLY: 33.1 TOTAL FOR MONTH: 1.18 1 = FOG OR MIST
DPTR FM NORMAL: 0.0 DPTR FM NORMAL: -0.39 2 = FOG REDUCING VISIBILITY
HIGHEST: 68 ON 29 GRTST 24HR 0.98 ON 12-13 TO 1/4 MILE OR LESS
LOWEST: -4 ON 23,22 3 = THUNDER
SNOW, ICE PELLETS, HAIL 4 = ICE PELLETS
TOTAL MONTH: 1.3 INCHES 5 = HAIL
GRTST 24HR 1.1 ON 22-22 6 = FREEZING RAIN OR DRIZZLE
GRTST DEPTH: 1 ON 25,24 7 = DUSTSTORM OR SANDSTORM:
VSBY 1/2 MILE OR LESS
8 = SMOKE OR HAZE
[NO. OF DAYS WITH] [WEATHER - DAYS WITH] 9 = BLOWING SNOW
X = TORNADO
MAX 32 OR BELOW: 4 0.01 INCH OR MORE: 6
MAX 90 OR ABOVE: 0 0.10 INCH OR MORE: 3
MIN 32 OR BELOW: 22 0.50 INCH OR MORE: 1
MIN 0 OR BELOW: 3 1.00 INCH OR MORE: 0
[HDD (BASE 65) ]
TOTAL THIS MO. 982 CLEAR (SCALE 0-3) 2
DPTR FM NORMAL -7 PTCLDY (SCALE 4-7) 17
TOTAL FM JUL 1 1864 CLOUDY (SCALE 8-10) 12
DPTR FM NORMAL -125
[CDD (BASE 65) ]
TOTAL THIS MO. 0
DPTR FM NORMAL 0 [PRESSURE DATA]
TOTAL FM JAN 1 1671 HIGHEST SLP 30.63 ON 3
DPTR FM NORMAL 309 LOWEST SLP 29.49 ON 28
[REMARKS]
#FINAL-12-22#