000
CXUS53 KEAX 010736
CF6MCI
PRELIMINARY LOCAL CLIMATOLOGICAL DATA (WS FORM: F-6)
STATION: KANSAS CITY INTERNATIONAL MO
MONTH: JUNE
YEAR: 2022
LATITUDE: 39 19 N
LONGITUDE: 94 43 W
TEMPERATURE IN F: :PCPN: SNOW: WIND :SUNSHINE: SKY :PK WND
================================================================================
1 2 3 4 5 6A 6B 7 8 9 10 11 12 13 14 15 16 17 18
12Z AVG MX 2MIN
DY MAX MIN AVG DEP HDD CDD WTR SNW DPTH SPD SPD DIR MIN PSBL S-S WX SPD DR
================================================================================
1 70 54 62 -8 3 0 0.21 0.0 0 7.9 16 30 M M 8 3 22 310
2 76 53 65 -6 0 0 0.00 0.0 0 6.1 12 20 M M 2 18 340
3 82 52 67 -4 0 2 0.00 0.0 M 6.6 12 230 M M 2 8 16 250
4 77 57 67 -4 0 2 0.02 0.0 0 9.1 22 190 M M 7 18 28 200
5 79 63 71 -1 0 6 0.00 0.0 0 8.8 20 190 M M 8 25 190
6 86 64 75 3 0 10 0.28 0.0 0 6.0 16 300 M M 7 138 21 300
7 84 67 76 4 0 11 T 0.0 0 7.6 15 50 M M 6 13 22 40
8 79 62 71 -1 0 6 1.13 0.0 0 7.7 40 330 M M 7 138 61 320
9 81 57 69 -4 0 4 T 0.0 0 5.0 12 190 M M 4 18 16 220
10 85 64 75 2 0 10 0.11 0.0 0 5.9 20 180 M M 7 3 26 160
11 89 65 77 4 0 12 T 0.0 0 7.1 21 160 M M 6 138 25 160
12 91 74 83 9 0 18 0.00 0.0 0 8.7 24 290 M M 7 36 290
13 97 81 89 15 0 24 T 0.0 0 17.8 26 190 M M 5 38 37 200
14 93 81 87 13 0 22 0.00 0.0 0 18.9 29 180 M M 1 8 41 190
15 91 76 84 10 0 19 0.10 0.0 0 13.1 25 190 M M 5 138 35 190
16 94 71 83 9 0 18 0.00 0.0 0 7.2 14 200 M M 3 8 18 200
17 95 70 83 8 0 18 0.12 0.0 0 8.5 32 350 M M 5 38 43 340
18 94 78 86 11 0 21 0.00 0.0 0 10.5 20 120 M M 2 25 100
19 93 73 83 8 0 18 0.00 0.0 0 12.7 17 180 M M 1 8 24 170
20 93 71 82 7 0 17 0.00 0.0 0 12.8 18 170 M M 1 8 25 170
21 97 69 83 7 0 18 1.42 0.0 0 11.3 28 260 M M 4 138 41 270
22 83 69 76 0 0 11 0.01 0.0 0 3.3 16 360 M M 8 3 22 360
23 82 68 75 -1 0 10 0.07 0.0 0 8.1 15 150 M M 8 18 22 160
24 85 70 78 2 0 13 1.26 0.0 0 11.1 21 130 M M 7 13 29 280
25 92 76 84 8 0 19 T 0.0 0 12.2 22 210 M M 6 32 220
26 78 60 69 -7 0 4 T 0.0 0 9.5 20 10 M M 7 28 360
27 81 57 69 -7 0 4 0.00 0.0 0 5.0 12 50 M M 5 8 18 70
28 85 58 72 -5 0 7 0.00 0.0 0 7.2 15 210 M M 2 8 22 200
29 89 63 76 -1 0 11 0.00 0.0 0 8.7 14 200 M M 1 8 20 210
30 90 62 76 -1 0 11 0.00 0.0 0 11.8 22 200 M M 3 8 29 200
================================================================================
SM 2591 1985 3 346 4.73 0.0 276.2 M 145
================================================================================
AV 86.4 66.2 9.2 FASTST M M 5 MAX(MPH)
MISC ----> 40 330 61 320
================================================================================
NOTES:
# LAST OF SEVERAL OCCURRENCES
COLUMN 17 PEAK WIND IN M.P.H.
PRELIMINARY LOCAL CLIMATOLOGICAL DATA (WS FORM: F-6) , PAGE 2
STATION: KANSAS CITY INTERNATIONAL MO
MONTH: JUNE
YEAR: 2022
LATITUDE: 39 19 N
LONGITUDE: 94 43 W
[TEMPERATURE DATA] [PRECIPITATION DATA] SYMBOLS USED IN COLUMN 16
AVERAGE MONTHLY: 76.3 TOTAL FOR MONTH: 4.73 1 = FOG OR MIST
DPTR FM NORMAL: 2.2 DPTR FM NORMAL: -0.52 2 = FOG REDUCING VISIBILITY
HIGHEST: 97 ON 21,13 GRTST 24HR 1.43 ON 21-22 TO 1/4 MILE OR LESS
LOWEST: 52 ON 3 3 = THUNDER
SNOW, ICE PELLETS, HAIL 4 = ICE PELLETS
TOTAL MONTH: 0.0 INCH 5 = HAIL
GRTST 24HR 0.0 6 = FREEZING RAIN OR DRIZZLE
GRTST DEPTH: 0 7 = DUSTSTORM OR SANDSTORM:
VSBY 1/2 MILE OR LESS
8 = SMOKE OR HAZE
[NO. OF DAYS WITH] [WEATHER - DAYS WITH] 9 = BLOWING SNOW
X = TORNADO
MAX 32 OR BELOW: 0 0.01 INCH OR MORE: 11
MAX 90 OR ABOVE: 12 0.10 INCH OR MORE: 8
MIN 32 OR BELOW: 0 0.50 INCH OR MORE: 3
MIN 0 OR BELOW: 0 1.00 INCH OR MORE: 3
[HDD (BASE 65) ]
TOTAL THIS MO. 3 CLEAR (SCALE 0-3) 9
DPTR FM NORMAL -4 PTCLDY (SCALE 4-7) 21
TOTAL FM JUL 1 4519 CLOUDY (SCALE 8-10) 0
DPTR FM NORMAL -548
[CDD (BASE 65) ]
TOTAL THIS MO. 346
DPTR FM NORMAL 66 [PRESSURE DATA]
TOTAL FM JAN 1 521 HIGHEST SLP M ON M
DPTR FM NORMAL 121 LOWEST SLP 29.59 ON 11
[REMARKS]
#FINAL-06-22#