000
CXUS53 KEAX 010836
CF6MCI
PRELIMINARY LOCAL CLIMATOLOGICAL DATA (WS FORM: F-6)
STATION: KANSAS CITY INTERNATIONAL MO
MONTH: FEBRUARY
YEAR: 2024
LATITUDE: 39 19 N
LONGITUDE: 94 43 W
TEMPERATURE IN F: :PCPN: SNOW: WIND :SUNSHINE: SKY :PK WND
================================================================================
1 2 3 4 5 6A 6B 7 8 9 10 11 12 13 14 15 16 17 18
12Z AVG MX 2MIN
DY MAX MIN AVG DEP HDD CDD WTR SNW DPTH SPD SPD DIR MIN PSBL S-S WX SPD DR
================================================================================
1 64 45 55 25 10 0 T 0.0 0 10.9 20 210 M M 7 27 220
2 65 42 54 24 11 0 0.00 0.0 0 12.8 21 100 M M 5 1 29 110
3 55 41 48 18 17 0 0.00 0.0 0 13.5 22 100 M M 9 128 31 100
4 48 36 42 12 23 0 T 0.0 0 12.2 18 30 M M 10 24 60
5 57 28 43 12 22 0 0.00 0.0 0 5.8 10 360 M M 4 14 20
6 59 26 43 12 22 0 0.00 0.0 0 6.4 14 220 M M 4 1 18 250
7 62 44 53 22 12 0 0.00 0.0 0 15.0 24 190 M M 10 34 190
8 65 43 54 23 11 0 0.00 M M 17.1 31 230 M M 3 43 210
9 59 37 48 16 17 0 0.00 0.0 0 8.5 23 10 M M 2 29 360
10 47 28 38 6 27 0 0.00 0.0 0 9.0 17 10 M M 5 22 40
11 43 27 35 3 30 0 0.00 0.0 0 7.6 14 60 M M 6 20 30
12 52 23 38 5 27 0 0.00 0.0 0 5.7 16 320 M M 2 22 340
13 62 29 46 13 19 0 0.00 0.0 0 9.3 21 230 M M 2 28 230
14 65 33 49 16 16 0 T 0.0 0 12.2 24 160 M M 2 3 33 160
15 55 33 44 10 21 0 0.00 0.0 0 11.1 22 340 M M 6 32 340
16 37 17 27 -7 38 0 0.07 0.7 T 15.1 25 30 M M 9 12 32 40
17 32 6 19 -15 46 0 0.00 0.0 T 9.8 23 360 M M 1 29 350
18 53 22 38 4 27 0 0.00 0.0 0 8.1 13 280 M M 0 20 240
19 56 25 41 6 24 0 0.00 0.0 0 10.5 21 190 M M 3 26 180
20 67 27 47 12 18 0 0.00 0.0 0 8.9 16 180 M M 2 8 23 190
21 69 41 55 19 10 0 0.00 0.0 0 7.0 14 160 M M 6 8 21 140
22 66 42 54 18 11 0 0.00 0.0 0 11.2 21 340 M M 5 30 320
23 64 32 48 12 17 0 0.00 0.0 0 11.6 26 320 M M 2 37 330
24 59 28 44 7 21 0 0.00 0.0 0 9.6 20 200 M M 0 8 27 170
25 73 34 54 17 11 0 0.00 0.0 0 7.3 16 240 M M 0 8 25 230
26 77 40 59 21 6 0 0.00 0.0 0 11.0 24 210 M M 2 8 31 200
27 73 19 46 8 19 0 0.08 0.6 0 14.8 33 350 M M 3 1389 49 340
28 36 12 24 -14 41 0 T T 1 10.3 25 340 M M 2 36 340
29 55 21 38 0 27 0 0.00 0.0 0 14.7 24 190 M M 4 8 33 170
================================================================================
SM 1675 881 601 0 0.15 1.3 307.0 M 116
================================================================================
AV 57.8 30.4 10.6 FASTST M M 4 MAX(MPH)
MISC ----> 33 350 49 340
================================================================================
NOTES:
# LAST OF SEVERAL OCCURRENCES
COLUMN 17 PEAK WIND IN M.P.H.
PRELIMINARY LOCAL CLIMATOLOGICAL DATA (WS FORM: F-6) , PAGE 2
STATION: KANSAS CITY INTERNATIONAL MO
MONTH: FEBRUARY
YEAR: 2024
LATITUDE: 39 19 N
LONGITUDE: 94 43 W
[TEMPERATURE DATA] [PRECIPITATION DATA] SYMBOLS USED IN COLUMN 16
AVERAGE MONTHLY: 44.1 TOTAL FOR MONTH: 0.15 1 = FOG OR MIST
DPTR FM NORMAL: 10.5 DPTR FM NORMAL: -1.33 2 = FOG REDUCING VISIBILITY
HIGHEST: 77 ON 26 GRTST 24HR 0.08 ON 27-27 TO 1/4 MILE OR LESS
LOWEST: 6 ON 17 3 = THUNDER
SNOW, ICE PELLETS, HAIL 4 = ICE PELLETS
TOTAL MONTH: 1.3 INCHES 5 = HAIL
GRTST 24HR 0.7 ON 16-16 6 = FREEZING RAIN OR DRIZZLE
GRTST DEPTH: 1 ON 28 7 = DUSTSTORM OR SANDSTORM:
VSBY 1/2 MILE OR LESS
8 = SMOKE OR HAZE
[NO. OF DAYS WITH] [WEATHER - DAYS WITH] 9 = BLOWING SNOW
X = TORNADO
MAX 32 OR BELOW: 1 0.01 INCH OR MORE: 2
MAX 90 OR ABOVE: 0 0.10 INCH OR MORE: 0
MIN 32 OR BELOW: 16 0.50 INCH OR MORE: 0
MIN 0 OR BELOW: 0 1.00 INCH OR MORE: 0
[HDD (BASE 65) ]
TOTAL THIS MO. 601 CLEAR (SCALE 0-3) 14
DPTR FM NORMAL -278 PTCLDY (SCALE 4-7) 11
TOTAL FM JUL 1 3452 CLOUDY (SCALE 8-10) 4
DPTR FM NORMAL -587
[CDD (BASE 65) ]
TOTAL THIS MO. 0
DPTR FM NORMAL 0 [PRESSURE DATA]
TOTAL FM JAN 1 0 HIGHEST SLP 30.48 ON 17
DPTR FM NORMAL 0 LOWEST SLP 29.27 ON 27
[REMARKS]
#FINAL-02-24#