000
CXUS53 KGLD 011827
CLMMCK
CLIMATE REPORT
NATIONAL WEATHER SERVICE
1227 PM MDT MON MAY 01 2023
...................................
...THE MCCOOK NE CLIMATE SUMMARY FOR THE MONTH OF APRIL 2023...
CLIMATE NORMAL PERIOD: 1991 TO 2020
CLIMATE RECORD PERIOD: 1896 TO 2023
WEATHER OBSERVED NORMAL DEPART LAST YEAR`S
VALUE DATE(S) VALUE FROM VALUE DATE(S)
NORMAL
................................................................
TEMPERATURE (F)
RECORD
HIGH 98 04/23/1939
04/28/1910
LOW 0 04/02/1936
HIGHEST 93 04/12 87 6 96 04/22
LOWEST 19 04/23 21 -2 19 04/13
AVG. MAXIMUM 67.8 64.9 2.9 68.0
AVG. MINIMUM 34.0 36.3 -2.3 34.0
MEAN 50.9 50.6 0.3 51.0
DAYS MAX >= 90 2 0.4 1.6 1
DAYS MAX <= 32 0 0.4 -0.4 0
DAYS MIN <= 32 10 9.7 0.3 13
DAYS MIN <= 0 0 0.0 0.0 0
PRECIPITATION (INCHES)
RECORD
MAXIMUM 7.84 2007
MINIMUM 0.09 2020
TOTALS 0.20 1.81 -1.61 0.15
DAILY AVG. 0.01 0.06 -0.05 0.00
DAYS >= .01 2 8.2 -6.2 2
DAYS >= .10 1 4.0 -3.0 1
DAYS >= .50 0 1.3 -1.3 0
DAYS >= 1.00 0 0.2 -0.2 0
GREATEST
24 HR. TOTAL 0.17 04/15 TO 04/15 0.15
STORM TOTAL 0.17
(MM/DD(HH))
................................................................
- INDICATES NEGATIVE NUMBERS.
R INDICATES RECORD WAS SET OR TIED.
MM INDICATES DATA IS MISSING.
T INDICATES TRACE AMOUNT.
$$