000
CXUS52 KMLB 011642
CLMMCO
CLIMATE REPORT
NATIONAL WEATHER SERVICE MELBOURNE FL
1142 AM EST THU FEB 01 2024
...................................
...THE ORLANDO INTL CLIMATE SUMMARY FOR THE MONTH OF JANUARY 2024...
CLIMATE NORMAL PERIOD 1991 TO 2020
CLIMATE RECORD PERIOD 1892 TO 2024
WEATHER OBSERVED NORMAL DEPART LAST YEAR`S
VALUE DATE(S) VALUE FROM VALUE
NORMAL
..............................................................
TEMPERATURE (F)
MONTHLY RECORD
HOTTEST 71.6 1974
COLDEST 50.6 1977
DAILY RECORD
HIGH 88 01/30/1923
01/06/1921
LOW 19 01/21/1985
JANUARY 2024
HIGHEST 85 01/25 86
01/27
LOWEST 38 01/21 36
AVG. MAXIMUM 72.2 71.8 0.4 76.3
AVG. MINIMUM 52.2 49.5 2.7 52.5
MEAN 62.2 60.6 1.6 64.4
DAYS MAX >= 90 0 0.0 0.0 0
DAYS MAX <= 32 0 0.0 0.0 0
DAYS MIN <= 32 0 1.1 -1.1 0
DAYS MIN <= 0 0 0.0 0.0 0
PRECIPITATION (INCHES)
MONTHLY RECORD
MAXIMUM 8.54 1912
MINIMUM 0.02 1907
DAILY RECORD
MAXIMUM 4.17 01/10/1986
JANUARY 2024
TOTALS 1.59 2.48 -0.89 1.01
DAYS >= .01 13 7.0 6.0 5
DAYS >= .10 2 4.0 -2.0 2
DAYS >= .50 1 1.5 -0.5 1
DAYS >= 1.00 0 0.7 -0.7 0
GREATEST
24 HR. TOTAL 0.58 01/06 TO 01/06
SNOWFALL (INCHES)
TOTALS 0.0 0.0 0.0 0.0
SINCE 7/1 0.0 0.0 0.0 MM
DAYS >= TRACE 0 0
DEGREE DAYS
HEATING TOTAL 143 180 -37 106
SINCE 7/1 248 356 -108 MM
COOLING TOTAL 63 46 17 94
SINCE 1/1 63 46 17 MM
..............................................................
WIND (MPH)
AVERAGE WIND SPEED 8.9
HIGHEST WIND SPEED/DIRECTION 40/260 DATE 01/09
HIGHEST GUST SPEED/DIRECTION 59/270 DATE 01/09
SKY COVER
POSSIBLE SUNSHINE (PERCENT) MM
AVERAGE SKY COVER 0.65
NUMBER OF DAYS FAIR 3
NUMBER OF DAYS PC 16
NUMBER OF DAYS CLOUDY 12
AVERAGE RH (PERCENT) 73
WEATHER CONDITIONS. NUMBER OF DAYS WITH
THUNDERSTORM 2 MIXED PRECIP 0
HEAVY RAIN 4 RAIN 3
LIGHT RAIN 16 LT FREEZING RAIN 0
HAIL 0 LIGHT SNOW 0
SLEET 0 FOG 15
FOG W/VIS <= 1/4 MILE 3 HAZE 3
- INDICATES NEGATIVE NUMBERS.
R INDICATES RECORD WAS SET OR TIED.
MM INDICATES DATA IS MISSING.
T INDICATES TRACE AMOUNT.
$$