000
CXUS53 KDMX 031358
CF6MCW
PRELIMINARY LOCAL CLIMATOLOGICAL DATA (WS FORM: F-6)
STATION: MASON CITY IA
MONTH: MARCH
YEAR: 2024
LATITUDE: 43 9 N
LONGITUDE: 93 20 W
TEMPERATURE IN F: :PCPN: SNOW: WIND :SUNSHINE: SKY :PK WND
================================================================================
1 2 3 4 5 6A 6B 7 8 9 10 11 12 13 14 15 16 17 18
12Z AVG MX 2MIN
DY MAX MIN AVG DEP HDD CDD WTR SNW DPTH SPD SPD DIR MIN PSBL S-S WX SPD DR
================================================================================
1 55 26 41 15 24 0 0.00 0.0 0 15.5 30 170 M M 0 41 180
2 66 24 45 19 20 0 0.00 0.0 0 14.3 26 150 M M 0 40 140
3 76 24 50 23 15 0 0.00 0.0 0 19.6 43 210 M M 0 56 200
4 42 23 33 6 32 0 T 0.0 0 9.9 22 10 M M 7 28 20
5 52 17 35 7 30 0 0.00 0.0 0 5.8 15 70 M M 0 20 50
6 56 17 37 9 28 0 0.00 0.0 0 10.0 21 150 M M 1 27 150
7 56 32 44 15 21 0 0.00 0.0 0 10.1 21 10 M M 5 28 20
8 45 22 34 5 31 0 0.00 0.0 0 18.0 26 350 M M 5 35 340
9 41 16 29 -1 36 0 0.00 0.0 0 14.4 28 330 M M 0 36 340
10 53 12 33 3 32 0 0.00 0.0 0 7.4 17 180 M M 0 23 180
11 76 34 55 25 10 0 0.00 0.0 0 13.4 23 230 M M 0 32 240
12 69 31 50 19 15 0 0.00 0.0 0 9.4 22 210 M M 0 31 210
13 70 27 49 17 16 0 0.08 0.0 0 9.9 30 310 M M 3 38 37 300
14 51 37 44 12 21 0 0.17 0.0 0 11.6 21 40 M M 8 26 30
15 54 27 41 9 24 0 0.00 0.0 0 12.3 22 280 M M 1 37 290
16 50 33 42 9 23 0 0.00 0.0 0 22.6 33 320 M M 3 45 300
17 33 14 24 -9 41 0 T T 0 19.9 31 330 M M 7 47 300
18 35 16 26 -8 39 0 0.00 0.0 0 13.6 21 270 M M 4 28 200
19 59 30 45 11 20 0 0.00 0.0 0 21.4 33 330 M M 0 46 320
20 36 19 28 -7 37 0 0.00 0.0 0 15.4 28 340 M M 2 36 330
21 36 26 31 -4 34 0 T T 0 9.5 20 60 M M 10 1 24 70
22 32 16 24 -12 41 0 0.11 0.9 1 13.0 23 350 M M 9 1 29 350
23 35 11 23 -13 42 0 0.10 0.9 T 8.0 15 100 M M 5 1 20 110
24 38 27 33 -4 32 0 0.74 1.6 1 17.8 29 120 M M 10 12 42 130
25 55 35 45 8 20 0 0.99 0.0 1 10.4 22 100 M M 10 13 28 100
26 42 22 32 -6 33 0 0.13 0.8 0 21.1 33 300 M M 10 18 43 310
27 34 17 26 -12 39 0 0.00 0.0 T 14.0 23 280 M M 3 31 280
28 44 16 30 -8 35 0 0.00 0.0 0 3.4 8 60 M M 0 12 350
29 59 28 44 5 21 0 0.00 0.0 0 13.0 23 120 M M 4 32 110
30 55 36 46 7 19 0 0.00 0.0 0 14.1 25 350 M M 3 33 330
31 52 32 42 2 23 0 T 0.0 0 9.2 18 30 M M 10 23 50
================================================================================
SM 1557 747 854 0 2.32 4.2 408.0 M 120
================================================================================
AV 50.2 24.1 13.2 FASTST M M 4 MAX(MPH)
MISC ----> 43 210 56 200
================================================================================
NOTES:
# LAST OF SEVERAL OCCURRENCES
COLUMN 17 PEAK WIND IN M.P.H.
PRELIMINARY LOCAL CLIMATOLOGICAL DATA (WS FORM: F-6) , PAGE 2
STATION: MASON CITY IA
MONTH: MARCH
YEAR: 2024
LATITUDE: 43 9 N
LONGITUDE: 93 20 W
[TEMPERATURE DATA] [PRECIPITATION DATA] SYMBOLS USED IN COLUMN 16
AVERAGE MONTHLY: 37.2 TOTAL FOR MONTH: 2.32 1 = FOG OR MIST
DPTR FM NORMAL: 4.3 DPTR FM NORMAL: 0.03 2 = FOG REDUCING VISIBILITY
HIGHEST: 76 ON 11, 3 GRTST 24HR 1.24 ON 24-25 TO 1/4 MILE OR LESS
LOWEST: 11 ON 23 3 = THUNDER
SNOW, ICE PELLETS, HAIL 4 = ICE PELLETS
TOTAL MONTH: 4.2 INCHES 5 = HAIL
GRTST 24HR 1.6 ON 24-24 6 = FREEZING RAIN OR DRIZZLE
GRTST DEPTH: 1 ON 25,24 7 = DUSTSTORM OR SANDSTORM:
VSBY 1/2 MILE OR LESS
8 = SMOKE OR HAZE
[NO. OF DAYS WITH] [WEATHER - DAYS WITH] 9 = BLOWING SNOW
X = TORNADO
MAX 32 OR BELOW: 1 0.01 INCH OR MORE: 7
MAX 90 OR ABOVE: 0 0.10 INCH OR MORE: 6
MIN 32 OR BELOW: 26 0.50 INCH OR MORE: 2
MIN 0 OR BELOW: 0 1.00 INCH OR MORE: 0
[HDD (BASE 65) ]
TOTAL THIS MO. 854 CLEAR (SCALE 0-3) 14
DPTR FM NORMAL -143 PTCLDY (SCALE 4-7) 11
TOTAL FM JUL 1 5620 CLOUDY (SCALE 8-10) 6
DPTR FM NORMAL -1168
[CDD (BASE 65) ]
TOTAL THIS MO. 0
DPTR FM NORMAL 0 [PRESSURE DATA]
TOTAL FM JAN 1 0 HIGHEST SLP 30.42 ON 23
DPTR FM NORMAL 0 LOWEST SLP 29.26 ON 26
[REMARKS]
#FINAL-03-24#