000
CXUS53 KPAH 010700
CF6MDH
PRELIMINARY LOCAL CLIMATOLOGICAL DATA (WS FORM: F-6)
STATION: CARBONDALE IL
MONTH: MARCH
YEAR: 2023
LATITUDE: 37 46 N
LONGITUDE: 89 15 W
TEMPERATURE IN F: :PCPN: SNOW: WIND :SUNSHINE: SKY :PK WND
================================================================================
1 2 3 4 5 6A 6B 7 8 9 10 11 12 13 14 15 16 17 18
12Z AVG MX 2MIN
DY MAX MIN AVG DEP HDD CDD WTR SNW DPTH SPD SPD DIR MIN PSBL S-S WX SPD DR
================================================================================
1 71 42 57 15 8 0 0.00 M M 7.8 20 230 M M 1 26 230
2 56 42 49 7 16 0 0.50 M M 8.0 16 50 M M 4 1 21 60
3 51 39 45 3 20 0 2.78 M M 13.1 33 300 M M 9 13 54 310
4 60 31 46 3 19 0 0.00 M M 1.8 9 280 M M 0 1 14 290
5 65 34 50 7 15 0 0.00 M M 6.9 18 190 M M 0 1 25 170
6 72 44 58 15 7 0 M M M 9.6 17 230 M M 0 31 350
7 53 43 48 4 17 0 0.00 M M 11.6 23 350 M M 6 30 350
8 48 43 46 2 19 0 T M M 11.1 24 100 M M 10 33 80
9 53 42 48 4 17 0 0.06 M M 6.4 15 300 M M 10 1 25 310
10 49 35 42 -2 23 0 0.00 M M 10.9 22 320 M M 6 33 320
11 48 34 41 -4 24 0 T M M 7.5 18 90 M M 5 1 24 100
12 49 37 43 -2 22 0 0.00 M M 9.2 18 340 M M 9 1 24 330
13 37 32 35 -11 30 0 0.00 M M 10.2 18 330 M M 10 25 340
14 44 26 35 -11 30 0 0.00 M M 6.3 14 350 M M 6 19 340
15 54 23 39 -7 26 0 0.00 M M 5.9 15 160 M M 0 21 210
16 59 38 49 3 16 0 0.34 M M 15.0 30 200 M M 8 1 42 190
17 54 31 43 -4 22 0 0.04 M M 12.9 24 320 M M 4 1 34 320
18 36 26 31 -16 34 0 0.00 M M 13.1 22 320 M M 5 30 330
19 41 24 33 -14 32 0 0.00 M M 6.7 16 310 M M 4 24 290
20 52 23 38 -10 27 0 0.00 M M 11.2 26 210 M M 0 37 210
21 47 36 42 -6 23 0 0.05 M M 11.2 24 190 M M 8 1 36 210
22 66 43 55 7 10 0 0.03 M M 10.9 18 190 M M 10 1 28 180
23 77 50 64 15 1 0 1.31 M M 14.6 29 300 M M 8 13 51 300
24 57 45 51 2 14 0 2.76 M M 6.8 33 110 M M 6 13 42 120
25 60 44 52 2 13 0 0.00 M M 8.8 23 220 M M 1 32 270
26 70 39 55 5 10 0 0.00 M M 7.0 20 350 M M 0 29 360
27 53 36 45 -5 20 0 T M M 7.3 21 330 M M 7 27 330
28 53 34 44 -6 21 0 0.00 M M 6.1 16 340 M M 3 12 24 340
29 61 29 45 -6 20 0 0.00 M M 2.1 9 200 M M 1 12 12 280
30 70 34 52 1 13 0 0.04 M M 10.2 39 210 M M 2 53 210
31 72 53 63 11 2 0 0.55 M M 19.3 38 200 M M 8 13 50 220
================================================================================
SM 1738 1132 571 0 8.46 M 289.5 M 151
================================================================================
AV 56.1 36.5 9.3 FASTST M M 5 MAX(MPH)
MISC ----> 39 210 54 310
================================================================================
NOTES:
# LAST OF SEVERAL OCCURRENCES
COLUMN 17 PEAK WIND IN M.P.H.
PRELIMINARY LOCAL CLIMATOLOGICAL DATA (WS FORM: F-6) , PAGE 2
STATION: CARBONDALE IL
MONTH: MARCH
YEAR: 2023
LATITUDE: 37 46 N
LONGITUDE: 89 15 W
[TEMPERATURE DATA] [PRECIPITATION DATA] SYMBOLS USED IN COLUMN 16
AVERAGE MONTHLY: 46.3 TOTAL FOR MONTH: 8.46 1 = FOG OR MIST
DPTR FM NORMAL: -0.2 DPTR FM NORMAL: 4.32 2 = FOG REDUCING VISIBILITY
HIGHEST: 77 ON 23 GRTST 24HR 3.28 ON 2- 3 TO 1/4 MILE OR LESS
LOWEST: 23 ON 20,15 3 = THUNDER
SNOW, ICE PELLETS, HAIL 4 = ICE PELLETS
TOTAL MONTH: M 5 = HAIL
GRTST 24HR M ON M 6 = FREEZING RAIN OR DRIZZLE
GRTST DEPTH: M ON M 7 = DUSTSTORM OR SANDSTORM:
VSBY 1/2 MILE OR LESS
8 = SMOKE OR HAZE
[NO. OF DAYS WITH] [WEATHER - DAYS WITH] 9 = BLOWING SNOW
X = TORNADO
MAX 32 OR BELOW: 0 0.01 INCH OR MORE: 11
MAX 90 OR ABOVE: 0 0.10 INCH OR MORE: 6
MIN 32 OR BELOW: 9 0.50 INCH OR MORE: 5
MIN 0 OR BELOW: 0 1.00 INCH OR MORE: 3
[HDD (BASE 65) ]
TOTAL THIS MO. 571 CLEAR (SCALE 0-3) 11
DPTR FM NORMAL -6 PTCLDY (SCALE 4-7) 11
TOTAL FM JUL 1 3762 CLOUDY (SCALE 8-10) 9
DPTR FM NORMAL -339
[CDD (BASE 65) ]
TOTAL THIS MO. 0
DPTR FM NORMAL -4 [PRESSURE DATA]
TOTAL FM JAN 1 0 HIGHEST SLP M ON M
DPTR FM NORMAL -4 LOWEST SLP 28.94 ON 3
[REMARKS]
#FINAL-03-23#