000
CXUS53 KARX 181946
CF6MDZ
PRELIMINARY LOCAL CLIMATOLOGICAL DATA (WS FORM: F-6)
STATION: MEDFORD WI
MONTH: JANUARY
YEAR: 2024
LATITUDE: 45 5 N
LONGITUDE: 90 18 W
TEMPERATURE IN F: :PCPN: SNOW: WIND :SUNSHINE: SKY :PK WND
================================================================================
1 2 3 4 5 6A 6B 7 8 9 10 11 12 13 14 15 16 17 18
12Z AVG MX 2MIN
DY MAX MIN AVG DEP HDD CDD WTR SNW DPTH SPD SPD DIR MIN PSBL S-S WX SPD DR
================================================================================
1 22 18 20 M 45 0 0.00 0.0 0 7.3 12 240 M M 10 17 240
2 29 21 25 M 40 0 0.00 0.0 0 8.6 13 270 M M 9 17 250
3 30 19 25 M 40 0 M M 0 8.4 15 320 M M 10 21 320
4 22 17 20 M 45 0 M M 0 5.0 9 240 M M 10 M M
5 32 22 27 M 38 0 0.00 0.0 0 6.0 10 170 M M 9 17 230
6 31 26 29 M 36 0 0.00 0.0 0 2.4 7 90 M M 10 M M
7 29 24 27 M 38 0 M M 0 3.0 7 280 M M 10 M M
8 30 24 27 M 38 0 0.00 0.0 0 4.1 10 150 M M 10 16 140
9 30 28 29 M 36 0 M M M 11.0 16 30 M M 10 22 40
10 30 26 28 M 37 0 M M M 4.6 17 350 M M 10 24 350
11 27 17 22 M 43 0 M M M 2.1 5 230 M M 10 M M
12 26 17 22 M 43 0 M M M 10.0 17 360 M M 10 30 360
13 22 2 12 M 53 0 0.00 0.0 M 14.3 20 330 M M 9 30 340
14 2 -6 -2 M 67 0 M M M 11.8 17 280 M M 8 22 290
15 -1 -11 -6 M 71 0 0.00 0.0 M 9.1 14 270 M M 2 21 270
16 0 -11 -5 M 70 0 0.00 0.0 M 10.0 15 240 M M 3 22 270
17 10 -4 3 M 62 0 0.00 0.0 M 6.4 9 290 M M 6 20 250
18 8 -7 1 M 64 0 0.00 0.0 M 5.1 10 350 M M 3 M M
19 10 -6 2 M 63 0 0.00 0.0 M 8.0 12 350 M M 4 17 330
20 12 -7 3 M 62 0 0.00 0.0 M 5.2 10 250 M M 0 M M
21 16 -2 7 M 58 0 0.00 0.0 M 11.7 20 200 M M 4 24 200
22 29 9 19 M 46 0 0.00 0.0 M 5.6 10 180 M M 7 M M
23 30 26 28 M 37 0 0.00 0.0 M 4.8 8 90 M M 10 M M
24 32 28 30 M 35 0 0.00 0.0 M 1.8 7 170 M M 10 M M
25 35 32 34 M 31 0 0.00 0.0 M 1.5 6 160 M M 10 M M
26 37 33 35 M 30 0 M M M 0.5 5 80 M M 10 M M
27 34 31 33 M 32 0 0.00 0.0 M 2.6 10 280 M M 10 1 M M
28 31 28 30 M 35 0 0.00 0.0 M 1.7 8 280 M M 10 M M
29 35 27 31 M 34 0 0.00 0.0 M 2.2 12 330 M M 10 18 280
30 36 31 34 M 31 0 0.00 0.0 M 7.5 13 340 M M 10 21 320
31 46 30 38 M 27 0 0.00 0.0 M 6.8 12 210 M M 5 M M
================================================================================
SM 762 482 1387 0 0.00 0.0 189.1 M 249
================================================================================
AV 24.6 15.5 6.1 FASTST M M 8 MAX(MPH)
MISC ----> # 20 330 # 30 360
================================================================================
NOTES:
# LAST OF SEVERAL OCCURRENCES
COLUMN 17 PEAK WIND IN M.P.H.
PRELIMINARY LOCAL CLIMATOLOGICAL DATA (WS FORM: F-6) , PAGE 2
STATION: MEDFORD WI
MONTH: JANUARY
YEAR: 2024
LATITUDE: 45 5 N
LONGITUDE: 90 18 W
[TEMPERATURE DATA] [PRECIPITATION DATA] SYMBOLS USED IN COLUMN 16
AVERAGE MONTHLY: 20.1 TOTAL FOR MONTH: 0.00 1 = FOG OR MIST
DPTR FM NORMAL: 0.0 DPTR FM NORMAL: M 2 = FOG REDUCING VISIBILITY
HIGHEST: 46 ON 31 GRTST 24HR 0.24 ON 12-12 TO 1/4 MILE OR LESS
LOWEST: -11 ON 16,15 3 = THUNDER
SNOW, ICE PELLETS, HAIL 4 = ICE PELLETS
TOTAL MONTH: 0.0 INCH 5 = HAIL
GRTST 24HR 0.0 6 = FREEZING RAIN OR DRIZZLE
GRTST DEPTH: 0 7 = DUSTSTORM OR SANDSTORM:
VSBY 1/2 MILE OR LESS
8 = SMOKE OR HAZE
[NO. OF DAYS WITH] [WEATHER - DAYS WITH] 9 = BLOWING SNOW
X = TORNADO
MAX 32 OR BELOW: 25 0.01 INCH OR MORE: 0
MAX 90 OR ABOVE: 0 0.10 INCH OR MORE: 0
MIN 32 OR BELOW: 30 0.50 INCH OR MORE: 0
MIN 0 OR BELOW: 8 1.00 INCH OR MORE: 0
[HDD (BASE 65) ]
TOTAL THIS MO. 1387 CLEAR (SCALE 0-3) 2
DPTR FM NORMAL M PTCLDY (SCALE 4-7) 8
TOTAL FM JUL 1 4296 CLOUDY (SCALE 8-10) 21
DPTR FM NORMAL M
[CDD (BASE 65) ]
TOTAL THIS MO. 0
DPTR FM NORMAL M [PRESSURE DATA]
TOTAL FM JAN 1 0 HIGHEST SLP M ON M
DPTR FM NORMAL M LOWEST SLP M ON M
[REMARKS]
#FINAL-01-24#