000
CXUS54 KJAN 012034
CF6MEI
PRELIMINARY LOCAL CLIMATOLOGICAL DATA (WS FORM: F-6)
STATION: MERIDIAN
MONTH: APRIL
YEAR: 2023
LATITUDE: 32 19 N
LONGITUDE: 88 45 W
TEMPERATURE IN F: :PCPN: SNOW: WIND :SUNSHINE: SKY :PK WND
================================================================================
1 2 3 4 5 6A 6B 7 8 9 10 11 12 13 14 15 16 17 18
12Z AVG MX 2MIN
DY MAX MIN AVG DEP HDD CDD WTR SNW DPTH SPD SPD DIR MIN PSBL S-S WX SPD DR
================================================================================
1 85 50 68 6 0 3 0.33 0.0 0 9.1 23 280 M M 3 138 35 270
2 73 46 60 -2 5 0 0.00 0.0 0 4.5 23 160 M M 1 33 160
3 87 60 74 12 0 9 2.02 0.0 0 8.6 23 320 M M 5 13 29 320
4 88 71 80 17 0 15 0.00 0.0 0 12.8 25 190 M M 4 38 170
5 87 66 77 14 0 12 0.00 0.0 0 10.6 23 170 M M 3 32 180
6 77 58 68 5 0 3 0.15 0.0 0 6.7 18 20 M M 6 123 25 20
7 65 55 60 -3 5 0 1.19 0.0 0 10.0 16 20 M M 10 1 21 10
8 62 54 58 -6 7 0 1.28 0.0 0 8.3 15 50 M M 10 13 20 70
9 65 49 57 -7 8 0 0.00 0.0 0 7.9 18 60 M M 7 1 24 70
10 74 47 61 -3 4 0 0.00 0.0 0 4.4 18 60 M M 3 23 50
11 76 49 63 -1 2 0 0.00 0.0 0 5.3 15 50 M M 1 20 50
12 74 50 62 -2 3 0 0.00 0.0 0 4.4 15 70 M M 2 20 70
13 64 56 60 -5 5 0 1.04 0.0 0 12.6 35 190 M M 10 1 49 190
14 78 57 68 3 0 3 0.00 0.0 0 8.0 17 230 M M 6 24 210
15 77 55 66 1 0 1 0.19 0.0 0 5.3 22 150 M M 3 13 30 110
16 72 47 60 -5 5 0 0.02 0.0 0 7.9 20 340 M M 2 27 330
17 76 41 59 -7 6 0 0.00 0.0 0 3.8 17 330 M M 0 27 330
18 81 41 61 -5 4 0 0.00 0.0 0 3.1 14 230 M M 0 19 190
19 84 45 65 -1 0 0 0.00 0.0 0 5.2 18 170 M M 0 24 170
20 85 49 67 1 0 2 0.00 0.0 0 6.7 21 180 M M 1 12 27 180
21 76 59 68 1 0 3 0.04 0.0 0 8.3 23 170 M M 5 3 30 170
22 77 50 64 -3 1 0 T 0.0 0 5.7 16 360 M M 1 23 20
23 69 48 59 -8 6 0 T 0.0 0 9.2 21 30 M M 3 29 30
24 71 48 60 -7 5 0 0.00 0.0 0 6.5 21 40 M M 2 27 40
25 78 45 62 -6 3 0 0.00 0.0 0 4.3 12 70 M M 2 17 50
26 82 54 68 0 0 3 0.01 0.0 0 7.9 20 20 M M 5 26 50
27 78 63 71 3 0 6 0.74 0.0 0 6.7 21 150 M M 7 13 26 160
28 80 57 69 1 0 4 0.00 0.0 0 4.5 14 250 M M 1 20 220
29 77 53 65 -4 0 0 0.80 0.0 0 4.9 21 170 M M 4 13 30 270
30 75 53 64 -5 1 0 0.08 0.0 0 7.9 23 310 M M 2 1 32 280
================================================================================
SM 2293 1576 70 64 7.89 0.0 211.1 M 109
================================================================================
AV 76.4 52.5 7.0 FASTST M M 4 MAX(MPH)
MISC ----> 35 190 49 190
================================================================================
NOTES:
# LAST OF SEVERAL OCCURRENCES
COLUMN 17 PEAK WIND IN M.P.H.
PRELIMINARY LOCAL CLIMATOLOGICAL DATA (WS FORM: F-6) , PAGE 2
STATION: MERIDIAN
MONTH: APRIL
YEAR: 2023
LATITUDE: 32 19 N
LONGITUDE: 88 45 W
[TEMPERATURE DATA] [PRECIPITATION DATA] SYMBOLS USED IN COLUMN 16
AVERAGE MONTHLY: 64.5 TOTAL FOR MONTH: 7.89 1 = FOG OR MIST
DPTR FM NORMAL: -0.9 DPTR FM NORMAL: 2.33 2 = FOG REDUCING VISIBILITY
HIGHEST: 88 ON 4 GRTST 24HR 2.43 ON 7- 8 TO 1/4 MILE OR LESS
LOWEST: 41 ON 18,17 3 = THUNDER
SNOW, ICE PELLETS, HAIL 4 = ICE PELLETS
TOTAL MONTH: 0.0 INCH 5 = HAIL
GRTST 24HR 0.0 6 = FREEZING RAIN OR DRIZZLE
GRTST DEPTH: 0 7 = DUSTSTORM OR SANDSTORM:
VSBY 1/2 MILE OR LESS
8 = SMOKE OR HAZE
[NO. OF DAYS WITH] [WEATHER - DAYS WITH] 9 = BLOWING SNOW
X = TORNADO
MAX 32 OR BELOW: 0 0.01 INCH OR MORE: 13
MAX 90 OR ABOVE: 0 0.10 INCH OR MORE: 9
MIN 32 OR BELOW: 0 0.50 INCH OR MORE: 6
MIN 0 OR BELOW: 0 1.00 INCH OR MORE: 4
[HDD (BASE 65) ]
TOTAL THIS MO. 70 CLEAR (SCALE 0-3) 17
DPTR FM NORMAL -15 PTCLDY (SCALE 4-7) 10
TOTAL FM JUL 1 1723 CLOUDY (SCALE 8-10) 3
DPTR FM NORMAL -384
[CDD (BASE 65) ]
TOTAL THIS MO. 64
DPTR FM NORMAL -33 [PRESSURE DATA]
TOTAL FM JAN 1 222 HIGHEST SLP 30.34 ON 10
DPTR FM NORMAL 72 LOWEST SLP 29.49 ON 13
[REMARKS]
#FINAL-04-23#