000
CXUS54 KMEG 011554
CLMMEM
CLIMATE REPORT
NATIONAL WEATHER SERVICE MEMPHIS TN
1054 AM CDT MON MAY 01 2023
...................................
...THE MEMPHIS CLIMATE SUMMARY FOR THE MONTH OF APRIL 2023...
CLIMATE NORMAL PERIOD 1991 TO 2020
CLIMATE RECORD PERIOD 1872 TO 2023
WEATHER OBSERVED NORMAL DEPART LAST YEAR`S
VALUE DATE(S) VALUE FROM VALUE DATE(S)
NORMAL
................................................................
TEMPERATURE (F)
RECORD
HIGH 94 04/21/1987
LOW 27 04/02/1881
04/01/1881
HIGHEST 87 04/04 73 14 MM
LOWEST 40 04/24 52 -12 MM
AVG. MAXIMUM 70.8 73.4 -2.6 MM
AVG. MINIMUM 51.8 53.0 -1.2 MM
MEAN 61.3 63.2 -1.9 MM
DAYS MAX >= 90 0 0.1 -0.1 MM
DAYS MAX <= 32 0 0.0 0.0 MM
DAYS MIN <= 32 0 0.2 -0.2 MM
DAYS MIN <= 0 0 0.0 0.0 MM
PRECIPITATION (INCHES)
RECORD
MAXIMUM 17.13 1991
MINIMUM 0.89 1925
TOTALS 6.38 5.87 0.51 MM
DAILY AVG. 0.21 0.20 0.01 MM
DAYS >= .01 11 9.6 1.4 MM
DAYS >= .10 7 7.2 -0.2 MM
DAYS >= .50 4 4.1 -0.1 MM
DAYS >= 1.00 2 2.1 -0.1 MM
GREATEST
24 HR. TOTAL 2.50 04/20 TO 04/21
SNOWFALL (INCHES)
RECORDS
TOTAL T 2008
TOTALS 0.0 0.0 0.0 MM
SINCE 7/1 0.7 2.7 -2.0 MM
SNOWDEPTH AVG. 0 MM
DAYS >= 1.0 0 0.0 0.0 MM
GREATEST
SNOW DEPTH 0 MM
24 HR TOTAL MM
DEGREE DAYS
HEATING TOTAL 133 130 3 MM
SINCE 7/1 2466 2853 -387 MM
COOLING TOTAL 32 76 -44 MM
SINCE 1/1 63 97 -34 MM
................................................................
WIND (MPH)
AVERAGE WIND SPEED 8.9
HIGHEST WIND SPEED/DIRECTION 41/290 DATE 04/15
HIGHEST GUST SPEED/DIRECTION 52/290 DATE 04/15
SKY COVER
POSSIBLE SUNSHINE (PERCENT) MM
AVERAGE SKY COVER 0.60
NUMBER OF DAYS FAIR 9
NUMBER OF DAYS PC 6
NUMBER OF DAYS CLOUDY 15
AVERAGE RH (PERCENT) 64
WEATHER CONDITIONS. NUMBER OF DAYS WITH
THUNDERSTORM 5 MIXED PRECIP 0
HEAVY RAIN 5 RAIN 6
LIGHT RAIN 15 FREEZING RAIN 0
LT FREEZING RAIN 0 HAIL 0
HEAVY SNOW 0 SNOW 0
LIGHT SNOW 0 SLEET 0
FOG 8 FOG W/VIS <= 1/4 MILE 1
HAZE 2
- INDICATES NEGATIVE NUMBERS.
R INDICATES RECORD WAS SET OR TIED.
MM INDICATES DATA IS MISSING.
T INDICATES TRACE AMOUNT.
$$