000
CXUS51 KCLE 011413
CLMMFD
CLIMATE REPORT
NATIONAL WEATHER SERVICE CLEVELAND, OH
1013 AM EDT FRI SEP 01 2023
...................................
...THE MANSFIELD OH CLIMATE SUMMARY FOR THE MONTH OF AUGUST 2023...
CLIMATE NORMAL PERIOD 1991 TO 2020
CLIMATE RECORD PERIOD 1916 TO 2023
WEATHER OBSERVED NORMAL DEPART LAST YEAR`S
VALUE DATE(S) VALUE FROM VALUE
NORMAL
..............................................................
TEMPERATURE (F)
RECORD
HIGH 97 08/17/1988
LOW 40 08/29/1965
HIGHEST 87 08/21
08/24
LOWEST 50 08/31
AVG. MAXIMUM 79.9 81.2 -1.3 80.3
AVG. MINIMUM 60.6 60.8 -0.2 61.7
MEAN 70.3 71.0 -0.7 71.0
DAYS MAX >= 90 0 2.3 -2.3 0
DAYS MAX <= 32 0 0.0 0.0 0
DAYS MIN <= 32 0 0.0 0.0 0
DAYS MIN <= 0 0 0.0 0.0 0
PRECIPITATION (INCHES)
RECORD
MAXIMUM 10.32 2007
MINIMUM 0.63 1970
TOTALS 7.47 3.60 3.87 3.75
DAYS >= .01 10 10.2 -0.2 10
DAYS >= .10 8 6.4 1.6 8
DAYS >= .50 4 2.3 1.7 3
DAYS >= 1.00 3 0.9 2.1 1
GREATEST
24 HR. TOTAL 4.18 08/23 TO 08/24 1.72
SNOWFALL (INCHES)
RECORDS
TOTAL 0.0
TOTALS 0.0 0.0 0.0 0.0
SINCE 7/1 0.0 0.0 0.0 0.0
DAYS >= 1.0 0 0.0 0.0 0
GREATEST
24 HR TOTAL 0.0
DEGREE DAYS
HEATING TOTAL 7 11 -4 6
SINCE 7/1 7 10 -3 6
COOLING TOTAL 165 197 -32 201
SINCE 1/1 537 657 -120 725
..............................................................
WIND (MPH)
AVERAGE WIND SPEED 6.7
HIGHEST WIND SPEED/DIRECTION 30/350 DATE 08/24
HIGHEST GUST SPEED/DIRECTION 42/190 DATE 08/12
SKY COVER
AVERAGE SKY COVER 0.35
AVERAGE RH (PERCENT) 73
WEATHER CONDITIONS. NUMBER OF DAYS WITH
THUNDERSTORM 7 MIXED PRECIP 0
HEAVY RAIN 7 RAIN 5
LIGHT RAIN 10 FREEZING RAIN 0
LT FREEZING RAIN 0 HAIL 0
HEAVY SNOW 0 SNOW 0
LIGHT SNOW 0 SLEET 0
FOG 22 FOG W/VIS <= 1/4 MILE 3
HAZE 13
- INDICATES NEGATIVE NUMBERS.
R INDICATES RECORD WAS SET OR TIED.
MM INDICATES DATA IS MISSING.
T INDICATES TRACE AMOUNT.
$$