000
CXUS53 KGRB 161305
CF6MFI
PRELIMINARY LOCAL CLIMATOLOGICAL DATA (WS FORM: F-6)
STATION: MARSHFIELD WI
MONTH: MAY
YEAR: 2021
LATITUDE: 44 37 N
LONGITUDE: 90 11 W
TEMPERATURE IN F: :PCPN: SNOW: WIND :SUNSHINE: SKY :PK WND
================================================================================
1 2 3 4 5 6A 6B 7 8 9 10 11 12 13 14 15 16 17 18
12Z AVG MX 2MIN
DY MAX MIN AVG DEP HDD CDD WTR SNW DPTH SPD SPD DIR MIN PSBL S-S WX SPD DR
================================================================================
1 85 41 63 13 2 0 T 0.0 0 12.5 28 280 M M 2 37 290
2 78 53 66 15 0 1 0.11 0.0 0 9.6 24 90 M M 5 1 34 70
3 60 47 54 3 11 0 0.45 0.0 0 8.4 24 340 M M 10 1 31 330
4 57 38 48 -3 17 0 0.00 0.0 0 12.5 23 350 M M 8 31 350
5 59 33 46 -6 19 0 T 0.0 0 7.9 18 320 M M 3 24 360
6 60 39 50 -2 15 0 T 0.0 0 8.7 21 320 M M 7 29 250
7 52 34 43 -10 22 0 0.02 0.0 0 10.5 24 340 M M 5 1 32 360
8 58 28 43 -10 22 0 0.00 0.0 0 3.9 10 190 M M 2 15 300
9 63 34 49 -5 16 0 0.00 0.0 0 6.6 18 50 M M 5 26 50
10 55 34 45 -9 20 0 0.00 0.0 0 7.4 15 340 M M 7 22 330
11 59 28 44 -10 21 0 0.00 0.0 0 5.7 15 300 M M 1 22 340
12 66 32 49 -6 16 0 0.00 0.0 0 4.0 12 360 M M 1 18 320
13 70 40 55 0 10 0 0.00 0.0 0 5.3 14 250 M M 2 20 220
14 69 41 55 0 10 0 0.00 0.0 0 7.3 18 180 M M 4 29 190
15 60 49 55 -1 10 0 0.01 0.0 0 6.4 15 190 M M 9 1 20 130
16 73 47 60 4 5 0 0.00 0.0 0 4.8 12 220 M M 5 128 16 160
17 77 46 62 6 3 0 0.00 0.0 0 5.6 16 150 M M 1 1 19 160
18 77 52 65 8 0 0 0.02 0.0 0 10.9 28 170 M M 5 1 37 170
19 70 61 66 9 0 1 0.04 0.0 0 9.3 16 170 M M 10 1 21 150
20 74 64 69 11 0 4 0.24 0.0 0 10.4 25 190 M M 9 1 33 190
21 72 64 68 10 0 3 0.01 0.0 0 9.1 17 190 M M 9 1 24 200
22 83 64 74 16 0 9 0.00 0.0 0 8.3 17 240 M M 7 1 24 240
23 77 52 65 6 0 0 1.00 0.0 0 8.1 17 90 M M 9 13 24 80
24 82 52 67 8 0 2 0.19 0.0 0 9.3 22 230 M M 7 12 30 210
25 80 59 70 11 0 5 0.28 0.0 0 11.3 38 260 M M 6 138 60 260
26 65 48 57 -3 8 0 0.00 0.0 0 11.3 23 320 M M 3 29 310
27 48 37 43 -17 22 0 0.58 0.0 0 12.9 24 70 M M 8 1 34 80
28 58 33 46 -14 19 0 0.04 0.0 0 8.3 20 70 M M 5 1 29 40
29 65 36 51 -10 14 0 0.00 0.0 0 4.6 10 130 M M 0 16 130
30 56 42 49 -12 16 0 T 0.0 0 3.9 10 250 M M 5 1 14 240
31 75 45 60 -1 5 0 0.04 0.0 0 6.9 18 260 M M 4 123 27 250
================================================================================
SM 2083 1373 303 25 3.03 0.0 251.7 M 164
================================================================================
AV 67.2 44.3 8.1 FASTST M M 5 MAX(MPH)
MISC ----> 38 260 60 260
================================================================================
NOTES:
# LAST OF SEVERAL OCCURRENCES
COLUMN 17 PEAK WIND IN M.P.H.
PRELIMINARY LOCAL CLIMATOLOGICAL DATA (WS FORM: F-6) , PAGE 2
STATION: MARSHFIELD WI
MONTH: MAY
YEAR: 2021
LATITUDE: 44 37 N
LONGITUDE: 90 11 W
[TEMPERATURE DATA] [PRECIPITATION DATA] SYMBOLS USED IN COLUMN 16
AVERAGE MONTHLY: 55.7 TOTAL FOR MONTH: 3.03 1 = FOG OR MIST
DPTR FM NORMAL: -0.3 DPTR FM NORMAL: 0.05 2 = FOG REDUCING VISIBILITY
HIGHEST: 85 ON 1 GRTST 24HR 1.19 ON 23-24 TO 1/4 MILE OR LESS
LOWEST: 28 ON 11, 8 3 = THUNDER
SNOW, ICE PELLETS, HAIL 4 = ICE PELLETS
TOTAL MONTH: 0.0 INCH 5 = HAIL
GRTST 24HR 0.0 6 = FREEZING RAIN OR DRIZZLE
GRTST DEPTH: 0 7 = DUSTSTORM OR SANDSTORM:
VSBY 1/2 MILE OR LESS
8 = SMOKE OR HAZE
[NO. OF DAYS WITH] [WEATHER - DAYS WITH] 9 = BLOWING SNOW
X = TORNADO
MAX 32 OR BELOW: 0 0.01 INCH OR MORE: 14
MAX 90 OR ABOVE: 0 0.10 INCH OR MORE: 7
MIN 32 OR BELOW: 3 0.50 INCH OR MORE: 2
MIN 0 OR BELOW: 0 1.00 INCH OR MORE: 1
[HDD (BASE 65) ]
TOTAL THIS MO. 303 CLEAR (SCALE 0-3) 8
DPTR FM NORMAL 5 PTCLDY (SCALE 4-7) 16
TOTAL FM JUL 1 7609 CLOUDY (SCALE 8-10) 7
DPTR FM NORMAL -436
[CDD (BASE 65) ]
TOTAL THIS MO. 25
DPTR FM NORMAL 6 [PRESSURE DATA]
TOTAL FM JAN 1 28 HIGHEST SLP 30.47 ON 12
DPTR FM NORMAL 9 LOWEST SLP 29.45 ON 2
[REMARKS]
#FINAL-05-21#