000
CXUS51 KPBZ 010730
CF6MGW
PRELIMINARY LOCAL CLIMATOLOGICAL DATA (WS FORM: F-6)
STATION: MORGANTOWN WV
MONTH: AUGUST
YEAR: 2021
LATITUDE: 39 39 N
LONGITUDE: 79 55 W
TEMPERATURE IN F: :PCPN: SNOW: WIND :SUNSHINE: SKY :PK WND
================================================================================
1 2 3 4 5 6A 6B 7 8 9 10 11 12 13 14 15 16 17 18
12Z AVG MX 2MIN
DY MAX MIN AVG DEP HDD CDD WTR SNW DPTH SPD SPD DIR MIN PSBL S-S WX SPD DR
================================================================================
1 81 64 73 -1 0 8 0.00 M M 5.0 9 270 M M 7 8 18 10
2 76 57 67 -7 0 2 0.00 M M 3.1 10 10 M M 5 18 14 360
3 81 57 69 -5 0 4 0.48 M M 3.2 20 180 M M 6 138 30 210
4 82 62 72 -2 0 7 0.28 M M 2.2 9 280 M M 6 13 13 210
5 83 61 72 -2 0 7 T M M 1.9 8 270 M M 4 12 14 240
6 88 62 75 1 0 10 0.00 M M 2.6 9 280 M M 1 18 13 220
7 82 65 74 0 0 9 0.00 M M 1.9 8 160 M M 2 10 150
8 82 64 73 0 0 8 T M M 3.3 8 260 M M 3 18 12 190
9 91 66 79 6 0 14 0.00 M M 3.1 10 140 M M 2 18 15 170
10 88 68 78 5 0 13 0.69 M M 5.2 23 10 M M 6 13 32 360
11 87 70 79 6 0 14 0.37 M M 5.8 17 50 M M 4 13 24 50
12 93 68 81 8 0 16 0.37 M M 5.7 29 20 M M 2 13 48 10
13 92 68 80 7 0 15 T M M 3.6 13 230 M M 1 13 17 230
14 82 68 75 2 0 10 0.21 M M 3.4 12 350 M M 6 1 15 360
15 77 64 71 -2 0 6 0.01 M M 5.6 9 110 M M 6 1 13 110
16 79 68 74 1 0 9 1.22 M M 2.2 10 150 M M 7 13 14 140
17 82 69 76 3 0 11 0.06 M M 1.9 7 160 M M 6 10 200
18 77 71 74 1 0 9 0.65 M M 5.1 14 160 M M 9 1 19 150
19 80 71 76 3 0 11 0.25 M M 1.6 7 360 M M 7 12 10 360
20 84 67 76 3 0 11 0.32 M M 3.5 12 350 M M 5 18 18 360
21 86 64 75 2 0 10 0.00 M M 1.8 8 330 M M 1 1 13 250
22 87 63 75 3 0 10 0.00 M M 3.2 13 330 M M 1 1 13 330
23 89 68 79 7 0 14 0.05 M M 4.6 14 280 M M 6 1238 21 220
24 89 66 78 6 0 13 0.00 M M 1.9 7 280 M M 2 12 11 220
25 92 68 80 8 0 15 0.00 M M 2.3 15 290 M M 1 1 23 330
26 90 69 80 8 0 15 0.15 M M 2.5 21 160 M M 2 13 29 160
27 88 68 78 6 0 13 0.00 M M 1.5 8 230 M M 5 12 11 220
28 89 69 79 7 0 14 0.44 M M 2.8 17 360 M M 1 138 20 310
29 91 69 80 8 0 15 0.02 M M 2.7 13 240 M M 1 138 19 220
30 87 68 78 7 0 13 0.46 M M 4.9 18 330 M M 6 13 29 320
31 79 67 73 2 0 8 1.18 M M 3.0 13 10 M M 9 1 16 10
================================================================================
SM 2634 2049 0 334 7.21 M 101.1 M 130
================================================================================
AV 85.0 66.1 3.3 FASTST M M 4 MAX(MPH)
MISC ----> 29 20 48 10
================================================================================
NOTES:
# LAST OF SEVERAL OCCURRENCES
COLUMN 17 PEAK WIND IN M.P.H.
PRELIMINARY LOCAL CLIMATOLOGICAL DATA (WS FORM: F-6) , PAGE 2
STATION: MORGANTOWN WV
MONTH: AUGUST
YEAR: 2021
LATITUDE: 39 39 N
LONGITUDE: 79 55 W
[TEMPERATURE DATA] [PRECIPITATION DATA] SYMBOLS USED IN COLUMN 16
AVERAGE MONTHLY: 75.5 TOTAL FOR MONTH: 7.21 1 = FOG OR MIST
DPTR FM NORMAL: 2.7 DPTR FM NORMAL: 3.56 2 = FOG REDUCING VISIBILITY
HIGHEST: 93 ON 12 GRTST 24HR 1.22 ON 16-16 TO 1/4 MILE OR LESS
LOWEST: 57 ON 3, 2 3 = THUNDER
SNOW, ICE PELLETS, HAIL 4 = ICE PELLETS
TOTAL MONTH: M 5 = HAIL
GRTST 24HR M ON M 6 = FREEZING RAIN OR DRIZZLE
GRTST DEPTH: M ON M 7 = DUSTSTORM OR SANDSTORM:
VSBY 1/2 MILE OR LESS
8 = SMOKE OR HAZE
[NO. OF DAYS WITH] [WEATHER - DAYS WITH] 9 = BLOWING SNOW
X = TORNADO
MAX 32 OR BELOW: 0 0.01 INCH OR MORE: 18
MAX 90 OR ABOVE: 6 0.10 INCH OR MORE: 14
MIN 32 OR BELOW: 0 0.50 INCH OR MORE: 4
MIN 0 OR BELOW: 0 1.00 INCH OR MORE: 2
[HDD (BASE 65) ]
TOTAL THIS MO. 0 CLEAR (SCALE 0-3) 13
DPTR FM NORMAL -4 PTCLDY (SCALE 4-7) 16
TOTAL FM JUL 1 0 CLOUDY (SCALE 8-10) 2
DPTR FM NORMAL -1
[CDD (BASE 65) ]
TOTAL THIS MO. 334
DPTR FM NORMAL 89 [PRESSURE DATA]
TOTAL FM JAN 1 974 HIGHEST SLP 30.22 ON 28
DPTR FM NORMAL 175 LOWEST SLP 29.77 ON 31
[REMARKS]
#FINAL-08-21#