000
CXUS53 KFSD 011839 RRA
CF6MHE
PRELIMINARY LOCAL CLIMATOLOGICAL DATA (WS FORM: F-6)
STATION: MITCHELL SD
MONTH: AUGUST
YEAR: 2023
LATITUDE: 43 46 N
LONGITUDE: 98 2 W
TEMPERATURE IN F: :PCPN: SNOW: WIND :SUNSHINE: SKY :PK WND
================================================================================
1 2 3 4 5 6A 6B 7 8 9 10 11 12 13 14 15 16 17 18
12Z AVG MX 2MIN
DY MAX MIN AVG DEP HDD CDD WTR SNW DPTH SPD SPD DIR MIN PSBL S-S WX SPD DR
================================================================================
1 86 69 78 3 0 13 0.00 0.0 0 8.1 18 160 M M 1 1 25 150
2 89 69 79 4 0 14 0.00 0.0 0 5.1 15 120 M M 2 1 21 130
3 90 67 79 5 0 14 0.00 0.0 0 5.1 12 150 M M 1 12 16 150
4 87 65 76 2 0 11 0.00 0.0 0 7.0 16 160 M M 1 12 23 160
5 82 67 75 1 0 10 0.09 0.0 0 7.1 17 180 M M 8 13 25 120
6 73 63 68 -6 0 3 2.18 0.0 0 10.8 18 340 M M 7 13 27 340
7 81 56 69 -5 0 4 0.00 0.0 0 5.5 9 360 M M 0 14 320
8 81 58 70 -4 0 5 0.00 0.0 0 3.9 10 210 M M 1 1 15 220
9 85 60 73 -1 0 8 0.00 0.0 0 2.8 8 210 M M 0 1 12 210
10 87 63 75 2 0 10 T 0.0 0 9.2 22 170 M M 0 13 33 180
11 89 63 76 3 0 11 T 0.0 0 7.9 17 320 M M 1 24 320
12 89 58 74 1 0 9 0.13 0.0 0 4.5 12 60 M M 2 3 19 220
13 74 60 67 -6 0 2 0.33 0.0 0 10.4 22 290 M M 8 13 32 300
14 77 59 68 -5 0 3 T 0.0 0 10.4 20 340 M M 5 29 350
15 83 58 71 -1 0 6 0.00 0.0 0 7.0 13 160 M M 0 19 160
16 92 63 78 6 0 13 0.00 0.0 0 11.4 21 340 M M 0 30 350
17 77 56 67 -5 0 2 0.00 0.0 0 7.8 15 340 M M 0 22 350
18 88 59 74 2 0 9 0.00 0.0 0 16.7 26 170 M M 0 40 180
19 94 66 80 8 0 15 0.00 0.0 0 9.3 20 350 M M 0 28 360
20 81 57 69 -3 0 4 0.00 0.0 0 8.3 15 60 M M 2 22 60
21 95 68 82 11 0 17 0.00 0.0 0 12.6 21 160 M M 5 28 160
22 104 73 89 18 0 24 0.00 0.0 0 10.9 20 200 M M 0 31 210
23 101 73 87 16 0 22 0.00 0.0 0 7.5 17 200 M M 0 27 180
24 88 69 79 8 0 14 T 0.0 0 4.5 9 150 M M 2 12 12 140
25 88 59 74 4 0 9 0.00 0.0 0 7.3 18 320 M M 1 27 330
26 78 53 66 -4 0 1 0.00 0.0 0 4.1 12 20 M M 3 15 20
27 85 53 69 -1 0 4 0.00 0.0 0 8.4 16 210 M M 0 1 23 220
28 91 56 74 4 0 9 0.00 0.0 0 5.8 16 320 M M 0 1 21 310
29 87 58 73 3 0 8 0.00 0.0 0 6.7 17 330 M M 0 8 24 360
30 86 52 69 0 0 4 0.00 0.0 0 7.7 17 150 M M 0 18 26 150
31 89 67 78 9 0 13 0.00 0.0 0 17.5 25 170 M M 0 38 160
================================================================================
SM 2677 1917 0 291 2.73 0.0 251.3 M 50
================================================================================
AV 86.4 61.8 8.1 FASTST M M 2 MAX(MPH)
MISC ----> 26 170 40 180
================================================================================
NOTES:
# LAST OF SEVERAL OCCURRENCES
COLUMN 17 PEAK WIND IN M.P.H.
-PRECIPITATION AMOUNTS IN COLUMNS 7,8 AND 9 ARE THE OFFICIAL
PRECIPITATION AMOUNTS FOR MITCHELL, SD.
-SNOW DEPTH IN COLUMN 9 IS RECORDED AT 6 AM CST (12Z).
PRELIMINARY LOCAL CLIMATOLOGICAL DATA (WS FORM: F-6) , PAGE 2
STATION: MITCHELL SD
MONTH: AUGUST
YEAR: 2023
LATITUDE: 43 46 N
LONGITUDE: 98 2 W
[TEMPERATURE DATA] [PRECIPITATION DATA] SYMBOLS USED IN COLUMN 16
AVERAGE MONTHLY: 74.1 TOTAL FOR MONTH: 2.73 1 = FOG OR MIST
DPTR FM NORMAL: 1.9 DPTR FM NORMAL: -0.41 2 = FOG REDUCING VISIBILITY
HIGHEST: 104 ON 22 GRTST 24HR 2.27 ON 5- 6 TO 1/4 MILE OR LESS
LOWEST: 52 ON 30 3 = THUNDER
SNOW, ICE PELLETS, HAIL 4 = ICE PELLETS
TOTAL MONTH: 0.0 INCH 5 = HAIL
GRTST 24HR 0.0 6 = FREEZING RAIN OR DRIZZLE
GRTST DEPTH: 0 7 = DUSTSTORM OR SANDSTORM:
VSBY 1/2 MILE OR LESS
8 = SMOKE OR HAZE
[NO. OF DAYS WITH] [WEATHER - DAYS WITH] 9 = BLOWING SNOW
X = TORNADO
MAX 32 OR BELOW: 0 0.01 INCH OR MORE: 4
MAX 90 OR ABOVE: 7 0.10 INCH OR MORE: 3
MIN 32 OR BELOW: 0 0.50 INCH OR MORE: 1
MIN 0 OR BELOW: 0 1.00 INCH OR MORE: 1
[HDD (BASE 65) ]
TOTAL THIS MO. 0 CLEAR (SCALE 0-3) 26
DPTR FM NORMAL -11 PTCLDY (SCALE 4-7) 5
TOTAL FM JUL 1 6 CLOUDY (SCALE 8-10) 0
DPTR FM NORMAL -5
[CDD (BASE 65) ]
TOTAL THIS MO. 291
DPTR FM NORMAL 57 [PRESSURE DATA]
TOTAL FM JAN 1 944 HIGHEST SLP 30.26 ON 26
DPTR FM NORMAL 163 LOWEST SLP 29.56 ON 10
[REMARKS]
RECORD DAILY RAINFALL OF 2.18" SET ON THE 6TH. (PREV 1.20" IN 2014)
#FINAL-08-23#