000
CXUS53 KTOP 010810
CF6MHK
PRELIMINARY LOCAL CLIMATOLOGICAL DATA (WS FORM: F-6)
STATION: MANHATTAN KS
MONTH: SEPTEMBER
YEAR: 2023
LATITUDE: 39 9 N
LONGITUDE: 96 40 W
TEMPERATURE IN F: :PCPN: SNOW: WIND :SUNSHINE: SKY :PK WND
================================================================================
1 2 3 4 5 6A 6B 7 8 9 10 11 12 13 14 15 16 17 18
12Z AVG MX 2MIN
DY MAX MIN AVG DEP HDD CDD WTR SNW DPTH SPD SPD DIR MIN PSBL S-S WX SPD DR
================================================================================
1 99 65 82 8 0 17 0.00 M M 7.0 14 160 M M 0 8 24 150
2 104 61 83 9 0 18 0.00 M M 7.7 17 220 M M 0 8 25 220
3 103 62 83 10 0 18 0.00 M M 7.8 18 210 M M 0 8 26 190
4 101 74 88 15 0 23 0.00 M M 12.7 24 180 M M 0 8 35 190
5 97 67 82 9 0 17 T M M 10.2 25 210 M M 1 38 35 210
6 87 57 72 0 0 7 0.00 M M 4.8 13 10 M M 0 8 20 20
7 93 51 72 0 0 7 0.00 M M 6.8 15 60 M M 3 18 22 80
8 92 64 78 6 0 13 0.00 M M 6.9 15 60 M M 0 8 23 60
9 92 54 73 2 0 8 0.00 M M 2.3 15 50 M M 0 18 20 50
10 93 64 79 8 0 14 0.03 M M 5.0 15 180 M M 2 24 250
11 69 53 61 -10 4 0 0.07 M M 3.8 10 40 M M 6 18 14 40
12 82 46 64 -6 1 0 0.00 M M 1.0 9 190 M M 2 128 13 180
13 84 49 67 -3 0 2 0.00 M M 3.3 15 160 M M 1 18 20 150
14 85 51 68 -2 0 3 0.00 M M 4.0 15 150 M M 3 21 150
15 74 54 64 -5 1 0 0.01 M M 2.6 10 220 M M 6 15 300
16 84 54 69 0 0 4 T M M 3.7 18 60 M M 6 3 23 60
17 83 46 65 -3 0 0 0.00 M M 2.7 15 50 M M 0 21 50
18 96 51 74 6 0 9 0.00 M M 7.9 21 190 M M 0 29 220
19 88 66 77 9 0 12 0.00 M M 12.2 28 180 M M 0 3 42 190
20 90 65 78 11 0 13 0.00 M M 8.6 16 170 M M 1 24 170
21 91 63 77 10 0 12 T M M 9.5 20 120 M M 3 3 31 110
22 81 65 73 7 0 8 0.63 M M 8.7 20 90 M M 9 3 25 90
23 88 59 74 8 0 9 0.00 M M 6.0 15 210 M M 5 25 220
24 87 52 70 4 0 5 0.00 M M 3.3 14 280 M M 0 22 270
25 90 50 70 5 0 5 0.00 M M 0.7 9 70 M M 0 15 20
26 88 52 70 5 0 5 0.00 M M 5.4 15 50 M M 2 21 40
27 85 59 72 8 0 7 0.00 M M 5.1 12 50 M M 1 16 80
28 98 61 80 16 0 15 0.00 M M 7.0 20 160 M M 0 26 200
29 97 71 84 20 0 19 0.00 M M 11.6 25 180 M M 0 37 190
30 96 75 86 23 0 21 0.00 M M 12.8 22 170 M M 0 32 210
================================================================================
SM 2697 1761 6 291 0.74 M 191.1 M 51
================================================================================
AV 89.9 58.7 6.4 FASTST M M 2 MAX(MPH)
MISC ----> 28 180 42 190
================================================================================
NOTES:
# LAST OF SEVERAL OCCURRENCES
COLUMN 17 PEAK WIND IN M.P.H.
PRELIMINARY LOCAL CLIMATOLOGICAL DATA (WS FORM: F-6) , PAGE 2
STATION: MANHATTAN KS
MONTH: SEPTEMBER
YEAR: 2023
LATITUDE: 39 9 N
LONGITUDE: 96 40 W
[TEMPERATURE DATA] [PRECIPITATION DATA] SYMBOLS USED IN COLUMN 16
AVERAGE MONTHLY: 74.3 TOTAL FOR MONTH: 0.74 1 = FOG OR MIST
DPTR FM NORMAL: 5.5 DPTR FM NORMAL: -1.95 2 = FOG REDUCING VISIBILITY
HIGHEST: 104 ON 2 GRTST 24HR 0.63 ON 21-22 TO 1/4 MILE OR LESS
LOWEST: 46 ON 17,12 3 = THUNDER
SNOW, ICE PELLETS, HAIL 4 = ICE PELLETS
TOTAL MONTH: M 5 = HAIL
GRTST 24HR M ON M 6 = FREEZING RAIN OR DRIZZLE
GRTST DEPTH: M ON M 7 = DUSTSTORM OR SANDSTORM:
VSBY 1/2 MILE OR LESS
8 = SMOKE OR HAZE
[NO. OF DAYS WITH] [WEATHER - DAYS WITH] 9 = BLOWING SNOW
X = TORNADO
MAX 32 OR BELOW: 0 0.01 INCH OR MORE: 4
MAX 90 OR ABOVE: 16 0.10 INCH OR MORE: 1
MIN 32 OR BELOW: 0 0.50 INCH OR MORE: 1
MIN 0 OR BELOW: 0 1.00 INCH OR MORE: 0
[HDD (BASE 65) ]
TOTAL THIS MO. 6 CLEAR (SCALE 0-3) 25
DPTR FM NORMAL -54 PTCLDY (SCALE 4-7) 4
TOTAL FM JUL 1 6 CLOUDY (SCALE 8-10) 1
DPTR FM NORMAL -55
[CDD (BASE 65) ]
TOTAL THIS MO. 291
DPTR FM NORMAL 117 [PRESSURE DATA]
TOTAL FM JAN 1 1766 HIGHEST SLP M ON M
DPTR FM NORMAL 308 LOWEST SLP 29.57 ON 5
[REMARKS]
#FINAL-09-23#