000
CXUS53 KMKX 011841 CCA
CLMMKE
CLIMATE REPORT
NATIONAL WEATHER SERVICE MILWAUKEE/SULLIVAN WI
104 PM CDT FRI SEP 01 2023
...................................
...THE MILWAUKEE WI CLIMATE SUMMARY FOR THE MONTH OF AUGUST 2023...
CLIMATE NORMAL PERIOD 1991 TO 2020
CLIMATE RECORD PERIOD 1871 TO 2023
WEATHER OBSERVED NORMAL DEPART LAST YEAR`S
VALUE DATE(S) VALUE FROM VALUE DATE(S)
NORMAL
................................................................
TEMPERATURE (F)
RECORD
HIGH 103 08/01/1988
LOW 42 08/30/1915
08/23/1875
HIGHEST 101 08/23 92 9 91 08/06
LOWEST 54 08/30 51 3 58 08/27
AVG. MAXIMUM 80.5 80.3 0.2 80.6
AVG. MINIMUM 65.3 64.2 1.1 65.5
MEAN 72.9 72.3 0.6 73.1
DAYS MAX >= 90 1 2.5 -1.5 1
DAYS MAX <= 32 0 0.0 0.0 0
DAYS MIN <= 32 0 0.0 0.0 0
DAYS MIN <= 0 0 0.0 0.0 0
PRECIPITATION (INCHES)
RECORD
MAXIMUM 9.05 1987
MINIMUM 0.29 1894
TOTALS 2.60 3.65 -1.05 3.02
DAILY AVG. 0.08 0.12 -0.04 0.10
DAYS >= .01 10 9.5 0.5 9
DAYS >= .10 2 6.2 -4.2 6
DAYS >= .50 1 2.3 -1.3 1
DAYS >= 1.00 1 0.8 0.2 1
GREATEST
24 HR. TOTAL 2.09 08/14 TO 08/15 1.39 08/25 TO 08/25
DEGREE DAYS
HEATING TOTAL 6 8 -2 0
SINCE 7/1 6 8 -2 0
COOLING TOTAL 257 232 25 260
SINCE 1/1 703 676 27 804
................................................................
WIND (MPH)
AVERAGE WIND SPEED 9.2
HIGHEST WIND SPEED/DIRECTION 35/310 DATE 08/11
HIGHEST GUST SPEED/DIRECTION 55/300 DATE 08/11
SKY COVER
AVERAGE SKY COVER 0.51
NUMBER OF DAYS FAIR 8
NUMBER OF DAYS PC 17
NUMBER OF DAYS CLOUDY 6
AVERAGE RH (PERCENT) 68
WEATHER CONDITIONS. NUMBER OF DAYS WITH
THUNDERSTORM 5 MIXED PRECIP 0
HEAVY RAIN 2 RAIN 3
LIGHT RAIN 9 FREEZING RAIN 0
LT FREEZING RAIN 0 HAIL 0
HEAVY SNOW 0 SNOW 0
LIGHT SNOW 0 SLEET 0
FOG 8 FOG W/VIS <= 1/4 MILE 1
HAZE 6
- INDICATES NEGATIVE NUMBERS.
R INDICATES RECORD WAS SET OR TIED.
MM INDICATES DATA IS MISSING.
T INDICATES TRACE AMOUNT.
$$