000
CXUS53 KGRR 010910
CF6MKG
PRELIMINARY LOCAL CLIMATOLOGICAL DATA (WS FORM: F-6)
STATION: MUSKEGON
MONTH: JULY
YEAR: 2021
LATITUDE: 43 10 N
LONGITUDE: 86 14 W
TEMPERATURE IN F: :PCPN: SNOW: WIND :SUNSHINE: SKY :PK WND
================================================================================
1 2 3 4 5 6A 6B 7 8 9 10 11 12 13 14 15 16 17 18
12Z AVG MX 2MIN
DY MAX MIN AVG DEP HDD CDD WTR SNW DPTH SPD SPD DIR MIN PSBL S-S WX SPD DR
================================================================================
1 82 61 72 1 0 7 0.00 0.0 0 9.5 21 330 M M 2 29 340
2 75 56 66 -5 0 1 0.00 0.0 0 8.1 16 340 M M 3 23 280
3 80 53 67 -4 0 2 0.00 0.0 0 7.2 14 250 M M 6 22 250
4 82 66 74 3 0 9 0.00 0.0 0 6.8 16 230 M M 5 26 240
5 85 70 78 7 0 13 0.16 0.0 0 14.6 22 200 M M 4 138 34 220
6 86 70 78 6 0 13 0.11 0.0 0 8.1 20 320 M M 5 13 28 240
7 81 67 74 2 0 9 0.01 0.0 0 4.7 13 280 M M 7 18 16 280
8 73 63 68 -4 0 3 0.10 0.0 0 8.0 15 290 M M 10 1 20 280
9 76 53 65 -7 0 0 0.00 0.0 0 5.9 16 280 M M 7 21 260
10 79 49 64 -8 1 0 0.00 0.0 0 6.7 14 70 M M 5 18 110
11 80 66 73 1 0 8 0.00 0.0 0 10.1 21 60 M M 7 27 60
12 77 62 70 -2 0 5 T 0.0 0 9.1 20 120 M M 7 24 110
13 79 66 73 1 0 8 0.06 0.0 0 6.5 14 270 M M 9 18 18 260
14 81 65 73 1 0 8 0.04 0.0 M 8.2 24 180 M M 5 3 35 180
15 78 63 71 -1 0 6 0.28 0.0 M 9.4 26 200 M M 8 13 44 180
16 78 61 70 -2 0 5 T 0.0 M 5.9 14 50 M M 7 1 20 40
17 84 62 73 1 0 8 0.00 0.0 M 5.9 16 60 M M 5 21 60
18 87 59 73 1 0 8 0.00 0.0 0 3.7 13 280 M M 1 17 310
19 84 58 71 -1 0 6 0.00 0.0 0 4.4 13 290 M M 3 1 18 280
20 85 63 74 2 0 9 0.00 0.0 0 8.4 20 350 M M 4 8 27 340
21 79 64 72 0 0 7 0.00 0.0 0 6.1 13 300 M M 7 19 290
22 82 60 71 -1 0 6 0.00 0.0 0 5.6 17 220 M M 6 24 210
23 83 69 76 4 0 11 1.78 0.0 0 8.2 18 20 M M 8 138 29 20
24 85 69 77 5 0 12 0.00 0.0 0 11.8 24 210 M M 4 18 37 190
25 84 61 73 1 0 8 0.00 0.0 0 4.0 12 290 M M 1 1 17 280
26 89 62 76 4 0 11 0.00 0.0 0 4.7 13 210 M M 3 17 220
27 82 70 76 4 0 11 0.00 0.0 0 6.0 20 310 M M 5 30 310
28 88 65 77 5 0 12 T 0.0 0 4.3 12 230 M M 7 15 230
29 85 67 76 4 0 11 0.15 0.0 M 11.8 22 210 M M 6 13 33 250
30 74 59 67 -5 0 2 0.00 0.0 0 9.1 16 360 M M 4 25 360
31 76 50 63 -9 2 0 0.00 0.0 0 7.7 17 200 M M 5 23 220
================================================================================
SM 2519 1929 3 219 2.69 0.0 230.5 M 166
================================================================================
AV 81.3 62.2 7.4 FASTST M M 5 MAX(MPH)
MISC ----> 26 200 44 180
================================================================================
NOTES:
# LAST OF SEVERAL OCCURRENCES
COLUMN 17 PEAK WIND IN M.P.H.
PRELIMINARY LOCAL CLIMATOLOGICAL DATA (WS FORM: F-6) , PAGE 2
STATION: MUSKEGON
MONTH: JULY
YEAR: 2021
LATITUDE: 43 10 N
LONGITUDE: 86 14 W
[TEMPERATURE DATA] [PRECIPITATION DATA] SYMBOLS USED IN COLUMN 16
AVERAGE MONTHLY: 71.7 TOTAL FOR MONTH: 2.69 1 = FOG OR MIST
DPTR FM NORMAL: -0.2 DPTR FM NORMAL: -0.06 2 = FOG REDUCING VISIBILITY
HIGHEST: 89 ON 26 GRTST 24HR 1.78 ON 23-23 TO 1/4 MILE OR LESS
LOWEST: 49 ON 10 3 = THUNDER
SNOW, ICE PELLETS, HAIL 4 = ICE PELLETS
TOTAL MONTH: 0.0 INCH 5 = HAIL
GRTST 24HR 0.0 6 = FREEZING RAIN OR DRIZZLE
GRTST DEPTH: 0 7 = DUSTSTORM OR SANDSTORM:
VSBY 1/2 MILE OR LESS
8 = SMOKE OR HAZE
[NO. OF DAYS WITH] [WEATHER - DAYS WITH] 9 = BLOWING SNOW
X = TORNADO
MAX 32 OR BELOW: 0 0.01 INCH OR MORE: 9
MAX 90 OR ABOVE: 0 0.10 INCH OR MORE: 6
MIN 32 OR BELOW: 0 0.50 INCH OR MORE: 1
MIN 0 OR BELOW: 0 1.00 INCH OR MORE: 1
[HDD (BASE 65) ]
TOTAL THIS MO. 3 CLEAR (SCALE 0-3) 6
DPTR FM NORMAL -6 PTCLDY (SCALE 4-7) 21
TOTAL FM JUL 1 3 CLOUDY (SCALE 8-10) 4
DPTR FM NORMAL 2
[CDD (BASE 65) ]
TOTAL THIS MO. 219
DPTR FM NORMAL -3 [PRESSURE DATA]
TOTAL FM JAN 1 446 HIGHEST SLP 30.25 ON 18
DPTR FM NORMAL 64 LOWEST SLP 29.74 ON 29
[REMARKS]
#FINAL-07-21#