387
CXHW52 PHFO 030138
CF6MKK
PRELIMINARY LOCAL CLIMATOLOGICAL DATA (WS FORM: F-6)
STATION: MOLOKAI HI
MONTH: DECEMBER
YEAR: 2020
LATITUDE: 21 8 N
LONGITUDE: 157 6 W
TEMPERATURE IN F: :PCPN: SNOW: WIND :SUNSHINE: SKY :PK WND
================================================================================
1 2 3 4 5 6A 6B 7 8 9 10 11 12 13 14 15 16 17 18
12Z AVG MX 2MIN
DY MAX MIN AVG DEP HDD CDD WTR SNW DPTH SPD SPD DIR MIN PSBL S-S WX SPD DR
================================================================================
1 84 63 74 1 0 9 0.00 M M 5.4 15 110 M M 1 18 120
2 85 61 73 0 0 8 0.00 M M 4.9 12 150 M M 1 15 140
3 87 63 75 2 0 10 0.00 M M 5.5 13 360 M M 1 20 10
4 87 75 81 8 0 16 0.01 M M 11.9 25 50 M M 4 33 40
5 89 73 81 8 0 16 0.00 M M 6.6 16 50 M M 3 22 50
6 86 67 77 4 0 12 0.00 M M 4.4 12 310 M M 4 15 320
7 88 69 79 6 0 14 0.00 M M 8.3 21 60 M M 4 26 50
8 90 67 79 6 0 14 0.00 M M 6.8 18 60 M M 3 24 140
9 86 69 78 5 0 13 0.00 M M 3.7 13 360 M M 5 17 360
10 88 66 77 5 0 12 0.00 M M 5.8 15 170 M M 2 21 170
11 88 67 78 6 0 13 0.00 M M 7.9 22 50 M M 1 28 50
12 85 71 78 6 0 13 0.00 M M 10.7 24 50 M M 2 32 50
13 87 69 78 6 0 13 0.00 M M 5.0 13 360 M M 3 17 360
14 88 74 81 9 0 16 0.00 M M 8.1 20 50 M M 3 26 50
15 85 74 80 8 0 15 0.00 M M 8.8 20 50 M M 4 28 50
16 86 73 80 8 0 15 0.00 M M 10.9 17 50 M M 3 32 50
17 84 74 79 7 0 14 0.00 M M 9.2 22 50 M M 5 30 50
18 85 74 80 8 0 15 0.01 M M 17.0 28 50 M M 4 36 50
19 84 74 79 7 0 14 0.00 M M 14.0 24 30 M M 3 35 30
20 87 76 82 10 0 17 0.00 M M 12.1 22 50 M M 3 34 50
21 84 74 79 7 0 14 0.00 M M 12.2 24 50 M M 3 33 40
22 86 63 75 3 0 10 0.00 M M 4.7 13 170 M M 1 17 40
23 85 63 74 3 0 9 0.01 M M 3.8 13 320 M M 2 16 330
24 84 65 75 4 0 10 0.00 M M 8.8 18 20 M M 0 26 30
25 85 70 78 7 0 13 0.11 M M 10.7 20 30 M M 4 29 30
26 82 70 76 5 0 11 0.60 M M 11.5 33 50 M M 6 51 50
27 85 68 77 6 0 12 T M M 9.7 23 40 M M 0 32 40
28 85 67 76 5 0 11 0.00 M M 5.0 14 170 M M 1 19 160
29 85 66 76 5 0 11 0.00 M M 6.4 17 50 M M 3 24 50
30 85 66 76 5 0 11 0.00 M M 9.6 24 50 M M 2 32 60
31 M M M M M M M M M M M M M M M M M
================================================================================
SM 2575 2071 0 381 0.74 M 249.4 M 81
================================================================================
AV 85.8 69.0 8.3 FASTST M M 3 MAX(MPH)
MISC ----> 33 50 51 50
================================================================================
NOTES:
# LAST OF SEVERAL OCCURRENCES
COLUMN 17 PEAK WIND IN M.P.H.
PRELIMINARY LOCAL CLIMATOLOGICAL DATA (WS FORM: F-6) , PAGE 2
STATION: MOLOKAI HI
MONTH: DECEMBER
YEAR: 2020
LATITUDE: 21 8 N
LONGITUDE: 157 6 W
[TEMPERATURE DATA] [PRECIPITATION DATA] SYMBOLS USED IN COLUMN 16
AVERAGE MONTHLY: 77.4 TOTAL FOR MONTH: 0.74 1 = FOG OR MIST
DPTR FM NORMAL: 5.3 DPTR FM NORMAL: -3.55 2 = FOG REDUCING VISIBILITY
HIGHEST: 90 ON 8 GRTST 24HR 0.71 ON 25-26 TO 1/4 MILE OR LESS
LOWEST: 61 ON 2 3 = THUNDER
SNOW, ICE PELLETS, HAIL 4 = ICE PELLETS
TOTAL MONTH: M 5 = HAIL
GRTST 24HR M ON M 6 = FREEZING RAIN OR DRIZZLE
GRTST DEPTH: M ON M 7 = DUSTSTORM OR SANDSTORM:
VSBY 1/2 MILE OR LESS
8 = SMOKE OR HAZE
[NO. OF DAYS WITH] [WEATHER - DAYS WITH] 9 = BLOWING SNOW
X = TORNADO
MAX 32 OR BELOW: 0 0.01 INCH OR MORE: 5
MAX 90 OR ABOVE: 1 0.10 INCH OR MORE: 2
MIN 32 OR BELOW: 0 0.50 INCH OR MORE: 1
MIN 0 OR BELOW: 0 1.00 INCH OR MORE: 0
[HDD (BASE 65) ]
TOTAL THIS MO. 0 CLEAR (SCALE 0-3) 19
DPTR FM NORMAL 0 PTCLDY (SCALE 4-7) 11
TOTAL FM JUL 1 0 CLOUDY (SCALE 8-10) 0
DPTR FM NORMAL 0
[CDD (BASE 65) ]
TOTAL THIS MO. 381
DPTR FM NORMAL 162 [PRESSURE DATA]
TOTAL FM JAN 1 4226 HIGHEST SLP 30.18 ON 30
DPTR FM NORMAL 759 LOWEST SLP 29.91 ON 17
[REMARKS]
#FINAL-12-20#