000
CXUS54 KMEG 010900
CF6MKL
PRELIMINARY LOCAL CLIMATOLOGICAL DATA (WS FORM: F-6)
STATION: JACKSON
MONTH: APRIL
YEAR: 2023
LATITUDE: 35 35 N
LONGITUDE: 88 55 W
TEMPERATURE IN F: :PCPN: SNOW: WIND :SUNSHINE: SKY :PK WND
================================================================================
1 2 3 4 5 6A 6B 7 8 9 10 11 12 13 14 15 16 17 18
12Z AVG MX 2MIN
DY MAX MIN AVG DEP HDD CDD WTR SNW DPTH SPD SPD DIR MIN PSBL S-S WX SPD DR
================================================================================
1 69 40 55 -1 10 0 0.00 M M 11.9 30 280 M M 0 42 260
2 73 37 55 -1 10 0 0.00 M M 6.1 16 190 M M 0 23 190
3 69 58 64 8 1 0 0.13 M M 8.4 25 170 M M 7 1 36 180
4 87 67 77 20 0 12 0.00 M M 11.7 23 190 M M 2 31 200
5 81 54 68 11 0 3 1.19 M M 10.4 29 240 M M 7 13 37 230
6 54 47 51 -6 14 0 0.94 M M 11.4 20 20 M M 8 13 26 10
7 61 48 55 -3 10 0 0.00 M M 12.3 18 50 M M 6 24 30
8 59 51 55 -3 10 0 0.00 M M 7.3 13 100 M M 10 17 70
9 68 46 57 -1 8 0 0.00 M M 4.6 12 40 M M 6 14 50
10 72 44 58 -1 7 0 0.00 M M 3.0 14 160 M M 1 18 150
11 75 39 57 -2 8 0 0.00 M M 1.8 10 360 M M 0 14 350
12 79 39 59 0 6 0 0.00 M M 1.8 10 230 M M 0 17 230
13 77 43 60 0 5 0 T M M 6.2 21 90 M M 3 29 90
14 68 50 59 -1 6 0 0.00 M M 4.5 9 190 M M 4 13 100
15 82 49 66 6 0 1 0.29 M M 8.6 37 270 M M 3 13 49 260
16 63 50 57 -3 8 0 0.07 M M 14.2 26 260 M M 6 18 32 260
17 70 39 55 -6 10 0 0.00 M M 10.1 21 270 M M 0 29 270
18 80 47 64 3 1 0 0.00 M M 8.4 18 200 M M 0 26 210
19 83 47 65 4 0 0 0.00 M M 8.0 17 190 M M 0 24 200
20 84 60 72 10 0 7 0.00 M M 11.0 24 210 M M 1 31 190
21 65 43 54 -8 11 0 1.65 M M 5.4 23 310 M M 8 123 29 300
22 67 39 53 -9 12 0 0.00 M M 8.3 21 10 M M 1 12 26 360
23 57 36 47 -16 18 0 0.00 M M 4.2 13 330 M M 4 16 360
24 63 33 48 -15 17 0 0.00 M M 4.9 15 30 M M 0 1 20 40
25 69 39 54 -9 11 0 0.00 M M 3.6 16 70 M M 2 19 70
26 72 48 60 -3 5 0 0.00 M M 4.4 15 90 M M 3 22 70
27 63 53 58 -6 7 0 0.56 M M 3.9 16 250 M M 9 13 19 250
28 64 50 57 -7 8 0 T M M 4.8 14 320 M M 7 1 17 330
29 64 50 57 -7 8 0 0.02 M M 3.4 12 340 M M 8 1 14 350
30 67 48 58 -7 7 0 0.00 M M 11.5 26 310 M M 1 1 34 330
================================================================================
SM 2105 1394 218 23 4.85 M 216.1 M 107
================================================================================
AV 70.2 46.5 7.2 FASTST M M 4 MAX(MPH)
MISC ----> 37 270 49 260
================================================================================
NOTES:
# LAST OF SEVERAL OCCURRENCES
COLUMN 17 PEAK WIND IN M.P.H.
PRELIMINARY LOCAL CLIMATOLOGICAL DATA (WS FORM: F-6) , PAGE 2
STATION: JACKSON
MONTH: APRIL
YEAR: 2023
LATITUDE: 35 35 N
LONGITUDE: 88 55 W
[TEMPERATURE DATA] [PRECIPITATION DATA] SYMBOLS USED IN COLUMN 16
AVERAGE MONTHLY: 58.3 TOTAL FOR MONTH: 4.85 1 = FOG OR MIST
DPTR FM NORMAL: -2.0 DPTR FM NORMAL: -0.27 2 = FOG REDUCING VISIBILITY
HIGHEST: 87 ON 4 GRTST 24HR 1.68 ON 5- 6 TO 1/4 MILE OR LESS
LOWEST: 33 ON 24 3 = THUNDER
SNOW, ICE PELLETS, HAIL 4 = ICE PELLETS
TOTAL MONTH: M 5 = HAIL
GRTST 24HR M ON M 6 = FREEZING RAIN OR DRIZZLE
GRTST DEPTH: M ON M 7 = DUSTSTORM OR SANDSTORM:
VSBY 1/2 MILE OR LESS
8 = SMOKE OR HAZE
[NO. OF DAYS WITH] [WEATHER - DAYS WITH] 9 = BLOWING SNOW
X = TORNADO
MAX 32 OR BELOW: 0 0.01 INCH OR MORE: 8
MAX 90 OR ABOVE: 0 0.10 INCH OR MORE: 6
MIN 32 OR BELOW: 0 0.50 INCH OR MORE: 4
MIN 0 OR BELOW: 0 1.00 INCH OR MORE: 2
[HDD (BASE 65) ]
TOTAL THIS MO. 218 CLEAR (SCALE 0-3) 16
DPTR FM NORMAL 26 PTCLDY (SCALE 4-7) 10
TOTAL FM JUL 1 3108 CLOUDY (SCALE 8-10) 4
DPTR FM NORMAL -366
[CDD (BASE 65) ]
TOTAL THIS MO. 23
DPTR FM NORMAL -27 [PRESSURE DATA]
TOTAL FM JAN 1 39 HIGHEST SLP 30.40 ON 10
DPTR FM NORMAL -22 LOWEST SLP 29.62 ON 30
[REMARKS]
#FINAL-04-23#