000
CXUS54 KTSA 010850
CF6MLC
PRELIMINARY LOCAL CLIMATOLOGICAL DATA (WS FORM: F-6)
STATION: MCALESTER OKLAHOMA
MONTH: APRIL
YEAR: 2023
LATITUDE: 34 52 N
LONGITUDE: 95 47 W
TEMPERATURE IN F: :PCPN: SNOW: WIND :SUNSHINE: SKY :PK WND
================================================================================
1 2 3 4 5 6A 6B 7 8 9 10 11 12 13 14 15 16 17 18
12Z AVG MX 2MIN
DY MAX MIN AVG DEP HDD CDD WTR SNW DPTH SPD SPD DIR MIN PSBL S-S WX SPD DR
================================================================================
1 67 47 57 -1 8 0 0.00 0.0 M 7.6 20 340 M M 3 26 350
2 78 44 61 2 4 0 0.37 0.0 M 8.1 22 190 M M 3 13 39 190
3 87 59 73 14 0 8 0.00 0.0 M 10.5 25 220 M M 3 37 230
4 81 71 76 17 0 11 0.00 0.0 M 11.6 20 180 M M 4 39 210
5 76 45 61 2 4 0 T 0.0 M 10.8 25 300 M M 2 36 290
6 60 43 52 -8 13 0 0.00 0.0 M 6.1 13 30 M M 1 23 50
7 68 41 55 -5 10 0 0.00 0.0 M 6.0 14 70 M M 1 21 90
8 73 39 56 -4 9 0 0.00 0.0 M 3.7 10 10 M M 2 17 20
9 76 44 60 0 5 0 0.00 0.0 M 3.6 10 20 M M 1 16 50
10 76 48 62 2 3 0 0.00 0.0 M 2.9 9 190 M M 3 18 180
11 77 46 62 1 3 0 0.00 0.0 M 3.0 12 210 M M 3 16 230
12 78 46 62 1 3 0 0.00 0.0 M 4.5 16 210 M M 1 24 210
13 78 55 67 6 0 2 0.00 0.0 M 4.5 13 210 M M 2 18 180
14 83 56 70 9 0 5 0.00 0.0 M 8.7 17 190 M M 2 33 150
15 80 45 63 1 2 0 0.00 0.0 M 12.9 25 310 M M 4 38 330
16 70 36 53 -9 12 0 0.00 0.0 M 7.2 22 330 M M 2 34 340
17 79 35 57 -5 8 0 0.00 0.0 M 6.4 18 230 M M 2 25 200
18 79 59 69 7 0 4 0.00 0.0 M 10.4 17 190 M M 4 34 180
19 77 64 71 9 0 6 0.00 0.0 M 10.9 18 170 M M 6 37 170
20 76 54 65 2 0 0 T 0.0 M 8.7 17 180 M M 7 37 190
21 73 44 59 -4 6 0 0.00 0.0 M 5.3 18 20 M M 3 26 20
22 58 41 50 -13 15 0 0.08 0.0 M 7.7 23 20 M M 6 37 20
23 66 41 54 -9 11 0 0.03 0.0 M 3.0 14 10 M M 4 1 21 10
24 70 37 54 -10 11 0 0.03 0.0 M 4.4 13 130 M M 5 1 22 80
25 53 49 51 -13 14 0 0.60 0.0 M 6.8 15 90 M M 10 13 25 90
26 60 50 55 -9 10 0 1.15 0.0 M 5.5 14 110 M M 10 13 29 130
27 60 54 57 -7 8 0 0.05 0.0 M 4.0 13 320 M M 10 1 17 330
28 66 50 58 -7 7 0 0.22 0.0 M 6.2 16 320 M M 10 1 22 320
29 69 47 58 -7 7 0 T 0.0 M 9.4 21 330 M M 6 28 360
30 72 42 57 -8 8 0 0.00 0.0 M 6.3 22 340 M M 2 29 340
================================================================================
SM 2166 1432 181 36 2.53 0.0 206.7 M 122
================================================================================
AV 72.2 47.7 6.9 FASTST M M 4 MAX(MPH)
MISC ----> # 25 220 # 39 190
================================================================================
NOTES:
# LAST OF SEVERAL OCCURRENCES
COLUMN 17 PEAK WIND IN M.P.H.
PRELIMINARY LOCAL CLIMATOLOGICAL DATA (WS FORM: F-6) , PAGE 2
STATION: MCALESTER OKLAHOMA
MONTH: APRIL
YEAR: 2023
LATITUDE: 34 52 N
LONGITUDE: 95 47 W
[TEMPERATURE DATA] [PRECIPITATION DATA] SYMBOLS USED IN COLUMN 16
AVERAGE MONTHLY: 60.0 TOTAL FOR MONTH: 2.53 1 = FOG OR MIST
DPTR FM NORMAL: -1.7 DPTR FM NORMAL: -2.10 2 = FOG REDUCING VISIBILITY
HIGHEST: 87 ON 3 GRTST 24HR 1.33 ON 25-26 TO 1/4 MILE OR LESS
LOWEST: 35 ON 17 3 = THUNDER
SNOW, ICE PELLETS, HAIL 4 = ICE PELLETS
TOTAL MONTH: 0.0 INCH 5 = HAIL
GRTST 24HR 0.0 6 = FREEZING RAIN OR DRIZZLE
GRTST DEPTH: M ON M 7 = DUSTSTORM OR SANDSTORM:
VSBY 1/2 MILE OR LESS
8 = SMOKE OR HAZE
[NO. OF DAYS WITH] [WEATHER - DAYS WITH] 9 = BLOWING SNOW
X = TORNADO
MAX 32 OR BELOW: 0 0.01 INCH OR MORE: 8
MAX 90 OR ABOVE: 0 0.10 INCH OR MORE: 4
MIN 32 OR BELOW: 0 0.50 INCH OR MORE: 2
MIN 0 OR BELOW: 0 1.00 INCH OR MORE: 1
[HDD (BASE 65) ]
TOTAL THIS MO. 181 CLEAR (SCALE 0-3) 16
DPTR FM NORMAL 23 PTCLDY (SCALE 4-7) 10
TOTAL FM JUL 1 2898 CLOUDY (SCALE 8-10) 4
DPTR FM NORMAL -147
[CDD (BASE 65) ]
TOTAL THIS MO. 36
DPTR FM NORMAL -23 [PRESSURE DATA]
TOTAL FM JAN 1 58 HIGHEST SLP 30.38 ON 6
DPTR FM NORMAL -24 LOWEST SLP 29.46 ON 4
[REMARKS]
#FINAL-04-23#