000
CXUS55 KBYZ 011100
CF6MLS
PRELIMINARY LOCAL CLIMATOLOGICAL DATA (WS FORM: F-6)
STATION: MILES CITY MT
MONTH: JANUARY
YEAR: 2024
LATITUDE: 46 25 N
LONGITUDE: 105 53 W
TEMPERATURE IN F: :PCPN: SNOW: WIND :SUNSHINE: SKY :PK WND
================================================================================
1 2 3 4 5 6A 6B 7 8 9 10 11 12 13 14 15 16 17 18
12Z AVG MX 2MIN
DY MAX MIN AVG DEP HDD CDD WTR SNW DPTH SPD SPD DIR MIN PSBL S-S WX SPD DR
================================================================================
1 45 17 31 12 34 0 0.00 M M 8.8 25 300 M M 1 36 290
2 42 17 30 11 35 0 0.00 M M 7.0 16 250 M M 0 1 20 250
3 33 17 25 6 40 0 0.00 M M 8.3 17 130 M M 6 12 21 140
4 32 21 27 8 38 0 0.00 M M 6.0 15 140 M M 5 1 19 140
5 42 22 32 13 33 0 0.00 M M 10.4 30 320 M M 7 46 310
6 38 15 27 8 38 0 0.00 M M 4.9 12 150 M M 0 1 14 150
7 30 15 23 4 42 0 T M M 10.4 24 320 M M 8 18 30 320
8 20 1 11 -8 54 0 T M M 7.8 21 320 M M 2 1 26 330
9 37 7 22 3 43 0 0.00 M M 10.6 23 270 M M 3 31 280
10 31 -1 15 -4 50 0 T M M 13.0 24 340 M M 8 18 30 330
11 3 -6 -1 -20 66 0 T M M 8.4 15 40 M M 9 18 20 50
12 -2 -28 -15 -34 80 0 T M M 12.8 23 330 M M 8 18 27 330
13 -17 -33 -25 -44 90 0 0.00 M M 9.0 18 300 M M 0 22 290
14 -13 -34 -23 -42 88 0 0.00 M M 4.2 14 320 M M 3 8 18 330
15 -6 -22 -14 -33 79 0 0.00 M M 9.7 22 290 M M 1 27 280
16 22 -18 2 -17 63 0 T M M 8.3 22 280 M M 6 1 29 280
17 20 5 13 -6 52 0 0.09 M M 8.2 16 40 M M 10 18 22 40
18 5 -15 -5 -24 70 0 0.03 M M 12.7 22 20 M M 6 18 28 310
19 -1 -19 -10 -30 75 0 0.00 M M 5.9 13 50 M M 0 18 130
20 28 -5 12 -8 53 0 0.00 M M 9.4 16 140 M M 3 20 130
21 38 12 25 5 40 0 0.00 M M 4.6 10 160 M M 3 12 13 160
22 28 16 22 2 43 0 0.00 M M 8.3 16 40 M M 9 12 19 40
23 28 13 21 1 44 0 0.00 M M 4.8 10 240 M M 2 128 11 220
24 36 13 25 5 40 0 0.00 M M 4.3 12 210 M M 1 12 11 210
25 34 8 21 1 44 0 0.00 M M 4.6 13 290 M M 3 12 14 290
26 39 18 29 9 36 0 0.00 M M 6.1 12 250 M M 2 1 14 250
27 39 14 27 7 38 0 0.00 M M 8.4 14 160 M M 0 17 160
28 49 26 38 18 27 0 0.00 M M 6.3 12 230 M M 1 13 230
29 49 29 39 19 26 0 0.00 M M 6.6 12 150 M M 2 14 150
30 54 29 42 22 23 0 0.00 M M 5.3 12 180 M M 0 13 160
31 52 27 40 19 25 0 0.00 M M 5.7 13 150 M M 0 15 140
================================================================================
SM 835 161 1509 0 0.12 M 240.8 M 109
================================================================================
AV 26.9 5.2 7.8 FASTST M M 4 MAX(MPH)
MISC ----> 30 320 46 310
================================================================================
NOTES:
# LAST OF SEVERAL OCCURRENCES
COLUMN 17 PEAK WIND IN M.P.H.
PRELIMINARY LOCAL CLIMATOLOGICAL DATA (WS FORM: F-6) , PAGE 2
STATION: MILES CITY MT
MONTH: JANUARY
YEAR: 2024
LATITUDE: 46 25 N
LONGITUDE: 105 53 W
[TEMPERATURE DATA] [PRECIPITATION DATA] SYMBOLS USED IN COLUMN 16
AVERAGE MONTHLY: 16.1 TOTAL FOR MONTH: 0.12 1 = FOG OR MIST
DPTR FM NORMAL: -3.4 DPTR FM NORMAL: -0.16 2 = FOG REDUCING VISIBILITY
HIGHEST: 54 ON 30 GRTST 24HR 0.12 ON 21-21 TO 1/4 MILE OR LESS
LOWEST: -34 ON 14 3 = THUNDER
SNOW, ICE PELLETS, HAIL 4 = ICE PELLETS
TOTAL MONTH: M 5 = HAIL
GRTST 24HR M ON M 6 = FREEZING RAIN OR DRIZZLE
GRTST DEPTH: M ON M 7 = DUSTSTORM OR SANDSTORM:
VSBY 1/2 MILE OR LESS
8 = SMOKE OR HAZE
[NO. OF DAYS WITH] [WEATHER - DAYS WITH] 9 = BLOWING SNOW
X = TORNADO
MAX 32 OR BELOW: 16 0.01 INCH OR MORE: 2
MAX 90 OR ABOVE: 0 0.10 INCH OR MORE: 0
MIN 32 OR BELOW: 31 0.50 INCH OR MORE: 0
MIN 0 OR BELOW: 10 1.00 INCH OR MORE: 0
[HDD (BASE 65) ]
TOTAL THIS MO. 1509 CLEAR (SCALE 0-3) 17
DPTR FM NORMAL 99 PTCLDY (SCALE 4-7) 10
TOTAL FM JUL 1 4090 CLOUDY (SCALE 8-10) 4
DPTR FM NORMAL -401
[CDD (BASE 65) ]
TOTAL THIS MO. 0
DPTR FM NORMAL 0 [PRESSURE DATA]
TOTAL FM JAN 1 0 HIGHEST SLP 30.80 ON 19
DPTR FM NORMAL 0 LOWEST SLP 29.33 ON 10
[REMARKS]
#FINAL-01-24#