000
CXUS55 KBYZ 011058
CLMMLS
CLIMATE REPORT
NATIONAL WEATHER SERVICE BILLINGS MT
455 AM MDT SAT JUL 01 2023
...................................
...THE MILES CITY MT CLIMATE SUMMARY FOR THE MONTH OF JUNE 2023...
CLIMATE NORMAL PERIOD 1991 TO 2020
CLIMATE RECORD PERIOD 1937 TO 2023
WEATHER OBSERVED NORMAL DEPART
VALUE DATE(S) VALUE FROM
NORMAL
................................................
TEMPERATURE (F)
HIGHEST 90 06/06
LOWEST 47 06/17
AVG. MAXIMUM 80.2 78.6 1.6
AVG. MINIMUM 56.2 52.5 3.7
MEAN 68.2 65.6 2.6
DAYS MAX >= 90 1
DAYS MAX <= 32 0
DAYS MIN <= 32 0
DAYS MIN <= 0 0
PRECIPITATION (INCHES)
TOTALS 4.07 2.51 1.56
DAYS >= .01 17
DAYS >= .10 8
DAYS >= .50 4
DAYS >= 1.00 1
GREATEST
24 HR. TOTAL 1.06 06/21 TO 06/22
DEGREE DAYS
HEATING TOTAL 21 81 -60
SINCE 7/1 7839 7565 274
COOLING TOTAL 128 97 31
SINCE 1/1 168 113 55
................................................
WIND (MPH)
AVERAGE WIND SPEED 7.6
HIGHEST WIND SPEED/DIRECTION 43/300 DATE 06/18
HIGHEST GUST SPEED/DIRECTION 51/290 DATE 06/18
51/250 06/19
AVERAGE RH (PERCENT) 63
WEATHER CONDITIONS. NUMBER OF DAYS WITH
THUNDERSTORM 15 MIXED PRECIP 0
HEAVY RAIN 7 RAIN 8
LIGHT RAIN 20 FREEZING RAIN 0
LT FREEZING RAIN 0 HAIL 0
HEAVY SNOW 0 SNOW 0
LIGHT SNOW 0 SLEET 0
FOG 12 FOG W/VIS <= 1/4 MILE 2
HAZE 2
- INDICATES NEGATIVE NUMBERS.
R INDICATES RECORD WAS SET OR TIED.
MM INDICATES DATA IS MISSING.
T INDICATES TRACE AMOUNT.
&&
THIS IS AN AUTOMATED...UNATTENDED WEATHER STATION AND MAY
UNDERESTIMATE WINTER PRECIPITATION.
...JUNE 2023 MONTH IN REVIEW FOR MILES CITY...
BELOW IS A SUMMARY OF THE TEMPERATURE AND PRECIPITATION
STATISTICS FOR MILES CITY FOR JUNE 2023. ALL TEMPERATURES ARE IN
DEGREES FAHRENHEIT AND ALL PRECIPITATION AMOUNTS ARE IN INCHES. NORMALS
ARE 30 YEAR AVERAGES CALCULATED FROM 1991 TO 2020. MONTHLY RANKINGS
FOR PRECIPITATION AND TEMPERATURES USE A PERIOD OF RECORD
THAT STARTED IN FEBRUARY 1937 AT THE MILES CITY AIRPORT.
NUMBERS DENOTED WITH AN * IS MISSING DATA IN THE CALCULATION.
...MILES CITY MONTHLY PRECIPITATION...
MONTH 2023 VALUES NORMALS DEPARTURE RANKING
JUNE 4.07 2.51 +1.56 17TH WETTEST OUT OF 87 YEARS
(RECORD WETTEST WAS 9.78 IN 1944)
(WETTEST SINCE 4.46 IN 2018)
...MILES CITY JUNE 2023 BROKEN OR TIED DAILY PRECIPITATION RECORDS...
0.61 ON JUNE 23 (OLD RECORD 0.48 IN 1942)
NOTE: SINCE THE LATE 1990S...MILES CITY BECAME AN AUTOMATED AND UNATTENDED
WEATHER STATION. PRECIPITATION AMOUNTS IN THE WINTER MAY BE UNDERESTIMATED.
...MILES CITY AVERAGE TEMPERATURES...
MONTH 2023 VALUES NORMALS DEPARTURE RANKING
JUNE 68.2 65.6 +2.6 22ND WARMEST OUT OF 87 YEARS
(RECORD WARMEST WAS 78.9 IN 1988)
(WARMEST SINCE 72.7 IN 2021)
...MILES CITY AVERAGE HIGH TEMPERATURES...
MONTH 2023 VALUES NORMALS DEPARTURE RANKING
JUNE 80.2 78.6 +1.6 30TH WARMEST OUT OF 87 YEARS
(RECORD WARMEST WAS 93.4 IN 1988)
(WARMEST SINCE 89.8 IN 2021)
...MILES CITY JUNE 2023 BROKEN OR TIED WARMEST DAILY HIGH TEMPERATURE RECORDS...
NONE
...MILES CITY JUNE 2023 BROKEN OR TIED COLDEST DAILY HIGH TEMPERATURE RECORDS...
NONE
...MILES CITY AVERAGE LOW TEMPERATURES...
MONTH 2023 VALUES NORMALS DEPARTURE RANKING
JUNE 56.2 52.5 +3.7 11TH WARMEST OUT OF 87 YEARS
(RECORD WARMEST WAS 64.4 IN 1988)
(WARMEST SINCE 56.3 IN 2016)
...MILES CITY JUNE 2023 BROKEN OR TIED WARMEST DAILY LOW TEMPERATURE RECORDS...
NONE
...MILES CITY JUNE 2023 BROKEN OR TIED COLDEST DAILY LOW TEMPERATURE RECORDS...
NONE
$$