000
CXUS51 KCAR 010700
CF6MLT
PRELIMINARY LOCAL CLIMATOLOGICAL DATA (WS FORM: F-6)
STATION: MILLINOCKET ME
MONTH: APRIL
YEAR: 2022
LATITUDE: 45 39 N
LONGITUDE: 68 41 W
TEMPERATURE IN F: :PCPN: SNOW: WIND :SUNSHINE: SKY :PK WND
================================================================================
1 2 3 4 5 6A 6B 7 8 9 10 11 12 13 14 15 16 17 18
12Z AVG MX 2MIN
DY MAX MIN AVG DEP HDD CDD WTR SNW DPTH SPD SPD DIR MIN PSBL S-S WX SPD DR
================================================================================
1 52 36 44 10 21 0 0.16 M M 6.0 17 300 M M 9 1 27 300
2 43 30 37 3 28 0 0.00 M M 14.7 28 300 M M 4 40 310
3 48 26 37 3 28 0 0.00 M M 3.9 10 350 M M 4 16 340
4 51 30 41 6 24 0 0.00 M M 10.2 23 340 M M 5 35 340
5 52 26 39 4 26 0 0.00 M M 5.0 16 310 M M 0 27 310
6 56 21 39 3 26 0 0.00 M M 2.3 9 90 M M 0 13 90
7 52 27 40 4 25 0 0.04 M M 5.1 15 110 M M 4 20 110
8 42 33 38 1 27 0 0.94 M M 7.1 15 90 M M 9 1 21 110
9 58 29 44 7 21 0 0.15 M M 2.4 13 170 M M 5 1 23 160
10 48 37 43 5 22 0 0.03 M M 8.1 18 310 M M 10 1 28 310
11 57 34 46 8 19 0 0.00 M M 7.0 20 310 M M 4 26 310
12 58 30 44 5 21 0 0.09 M M 4.6 18 300 M M 5 1 25 280
13 57 34 46 7 19 0 0.01 M M 2.9 10 320 M M 5 15 270
14 45 41 43 3 22 0 0.50 M M 3.9 12 130 M M 10 1 17 120
15 60 40 50 10 15 0 0.06 M M 2.8 13 260 M M 6 1 19 260
16 49 35 42 2 23 0 0.32 M M 2.5 12 290 M M 9 1 19 300
17 45 31 38 -3 27 0 T M M 9.3 23 310 M M 6 31 320
18 55 33 44 2 21 0 0.00 M M 5.8 18 310 M M 0 29 290
19 47 34 41 -1 24 0 0.47 M M 9.4 18 100 M M 7 1 32 100
20 44 34 39 -3 26 0 0.00 M M 9.3 20 260 M M 8 35 270
21 51 26 39 -4 26 0 0.05 M M 5.2 14 160 M M 3 1 27 170
22 54 34 44 0 21 0 0.02 M M 10.2 26 300 M M 5 1 39 310
23 53 25 39 -5 26 0 0.00 M M 7.4 17 340 M M 0 26 340
24 58 31 45 1 20 0 0.00 M M 7.5 16 30 M M 0 26 320
25 59 28 44 -1 21 0 0.00 M M 3.0 10 80 M M 0 14 100
26 54 39 47 2 18 0 0.01 M M 4.3 10 170 M M 8 17 170
27 53 39 46 0 19 0 0.61 M M 6.9 20 350 M M 10 1 28 330
28 41 36 39 -7 26 0 0.02 M M 13.5 22 340 M M 10 31 320
29 43 35 39 -8 26 0 T M M 14.2 24 340 M M 10 32 340
30 54 35 45 -2 20 0 0.00 M M 9.6 20 330 M M 10 26 330
================================================================================
SM 1539 969 688 0 3.48 M 204.1 M 166
================================================================================
AV 51.3 32.3 6.8 FASTST M M 6 MAX(MPH)
MISC ----> 28 300 40 310
================================================================================
NOTES:
# LAST OF SEVERAL OCCURRENCES
COLUMN 17 PEAK WIND IN M.P.H.
PRELIMINARY LOCAL CLIMATOLOGICAL DATA (WS FORM: F-6) , PAGE 2
STATION: MILLINOCKET ME
MONTH: APRIL
YEAR: 2022
LATITUDE: 45 39 N
LONGITUDE: 68 41 W
[TEMPERATURE DATA] [PRECIPITATION DATA] SYMBOLS USED IN COLUMN 16
AVERAGE MONTHLY: 41.8 TOTAL FOR MONTH: 3.48 1 = FOG OR MIST
DPTR FM NORMAL: 1.4 DPTR FM NORMAL: -0.03 2 = FOG REDUCING VISIBILITY
HIGHEST: 60 ON 15 GRTST 24HR 0.98 ON 7- 8 TO 1/4 MILE OR LESS
LOWEST: 21 ON 6 3 = THUNDER
SNOW, ICE PELLETS, HAIL 4 = ICE PELLETS
TOTAL MONTH: M 5 = HAIL
GRTST 24HR M ON M 6 = FREEZING RAIN OR DRIZZLE
GRTST DEPTH: M ON M 7 = DUSTSTORM OR SANDSTORM:
VSBY 1/2 MILE OR LESS
8 = SMOKE OR HAZE
[NO. OF DAYS WITH] [WEATHER - DAYS WITH] 9 = BLOWING SNOW
X = TORNADO
MAX 32 OR BELOW: 0 0.01 INCH OR MORE: 16
MAX 90 OR ABOVE: 0 0.10 INCH OR MORE: 7
MIN 32 OR BELOW: 13 0.50 INCH OR MORE: 3
MIN 0 OR BELOW: 0 1.00 INCH OR MORE: 0
[HDD (BASE 65) ]
TOTAL THIS MO. 688 CLEAR (SCALE 0-3) 7
DPTR FM NORMAL -52 PTCLDY (SCALE 4-7) 14
TOTAL FM JUL 1 7458 CLOUDY (SCALE 8-10) 9
DPTR FM NORMAL -402
[CDD (BASE 65) ]
TOTAL THIS MO. 0
DPTR FM NORMAL 0 [PRESSURE DATA]
TOTAL FM JAN 1 0 HIGHEST SLP 30.60 ON 21
DPTR FM NORMAL 0 LOWEST SLP 29.33 ON 1
[REMARKS]
#FINAL-04-22#