000
CXUS51 KCAR 010600
CF6MLT
PRELIMINARY LOCAL CLIMATOLOGICAL DATA (WS FORM: F-6)
STATION: MILLINOCKET ME
MONTH: JANUARY
YEAR: 2021
LATITUDE: 45 39 N
LONGITUDE: 68 41 W
TEMPERATURE IN F: :PCPN: SNOW: WIND :SUNSHINE: SKY :PK WND
================================================================================
1 2 3 4 5 6A 6B 7 8 9 10 11 12 13 14 15 16 17 18
12Z AVG MX 2MIN
DY MAX MIN AVG DEP HDD CDD WTR SNW DPTH SPD SPD DIR MIN PSBL S-S WX SPD DR
================================================================================
1 28 19 24 8 41 0 0.00 M M 8.6 23 310 M M 0 32 290
2 24 20 22 6 43 0 0.59 M M 5.6 13 340 M M 10 12 17 20
3 28 9 19 3 46 0 0.00 M M 3.1 10 90 M M 7 8 13 90
4 28 21 25 9 40 0 0.01 M M 4.0 10 40 M M 10 1 15 20
5 29 25 27 12 38 0 0.00 M M 7.8 14 360 M M 10 1 20 30
6 33 20 27 12 38 0 T M M 8.1 17 350 M M 8 24 340
7 34 23 29 14 36 0 0.00 M M 7.3 18 340 M M 2 25 350
8 25 21 23 8 42 0 T M M 12.3 22 310 M M 5 33 320
9 32 22 27 13 38 0 0.00 M M 8.2 16 340 M M 9 23 360
10 31 10 21 7 44 0 0.00 M M 6.0 16 340 M M 1 1 22 340
11 30 11 21 7 44 0 0.00 M M 4.1 16 290 M M 3 25 300
12 35 21 28 14 37 0 T M M 2.7 14 300 M M 9 1 19 300
13 33 26 30 16 35 0 0.00 M M 2.3 8 270 M M 10 12 290
14 35 27 31 17 34 0 0.00 M M 0.4 6 120 M M 10 7 120
15 37 21 29 16 36 0 0.00 M M 1.6 9 10 M M 9 1 13 40
16 34 21 28 15 37 0 0.57 M M 8.5 21 70 M M 9 126 28 80
17 35 32 34 21 31 0 0.07 M M 6.9 15 260 M M 10 1 26 260
18 32 18 25 12 40 0 T M M 10.9 22 300 M M 9 31 310
19 23 11 17 4 48 0 0.00 M M 8.3 20 300 M M 2 34 290
20 27 10 19 6 46 0 T M M 3.2 13 320 M M 8 1 17 310
21 17 7 12 -1 53 0 0.00 M M 2.0 9 300 M M 5 14 290
22 28 9 19 6 46 0 T M M 0.4 10 300 M M 8 1 16 310
23 24 11 18 5 47 0 0.00 M M 12.9 25 300 M M 7 40 300
24 19 7 13 0 52 0 0.00 M M 18.6 30 310 M M 3 46 310
25 27 13 20 7 45 0 0.00 M M 11.4 20 300 M M 3 30 290
26 32 16 24 11 41 0 0.00 M M 5.3 13 70 M M 8 18 290
27 33 27 30 17 35 0 0.00 M M 3.7 12 70 M M 10 1 14 70
28 30 19 25 11 40 0 T M M 6.8 15 300 M M 10 1 22 290
29 20 6 13 -1 52 0 0.05 M M 10.0 22 350 M M 7 1 28 350
30 14 -9 3 -11 62 0 0.00 M M 7.1 17 310 M M 0 22 290
31 21 -1 10 -4 55 0 0.00 M M 4.0 13 300 M M 0 16 310
================================================================================
SM 878 493 1322 0 1.29 M 202.1 M 202
================================================================================
AV 28.3 15.9 6.5 FASTST M M 7 MAX(MPH)
MISC ----> 30 310 46 310
================================================================================
NOTES:
# LAST OF SEVERAL OCCURRENCES
COLUMN 17 PEAK WIND IN M.P.H.
PRELIMINARY LOCAL CLIMATOLOGICAL DATA (WS FORM: F-6) , PAGE 2
STATION: MILLINOCKET ME
MONTH: JANUARY
YEAR: 2021
LATITUDE: 45 39 N
LONGITUDE: 68 41 W
[TEMPERATURE DATA] [PRECIPITATION DATA] SYMBOLS USED IN COLUMN 16
AVERAGE MONTHLY: 22.1 TOTAL FOR MONTH: 1.29 1 = FOG OR MIST
DPTR FM NORMAL: 8.1 DPTR FM NORMAL: -1.64 2 = FOG REDUCING VISIBILITY
HIGHEST: 37 ON 15 GRTST 24HR 0.65 ON 16-17 TO 1/4 MILE OR LESS
LOWEST: -9 ON 30 3 = THUNDER
SNOW, ICE PELLETS, HAIL 4 = ICE PELLETS
TOTAL MONTH: M 5 = HAIL
GRTST 24HR M ON M 6 = FREEZING RAIN OR DRIZZLE
GRTST DEPTH: M ON M 7 = DUSTSTORM OR SANDSTORM:
VSBY 1/2 MILE OR LESS
8 = SMOKE OR HAZE
[NO. OF DAYS WITH] [WEATHER - DAYS WITH] 9 = BLOWING SNOW
X = TORNADO
MAX 32 OR BELOW: 22 0.01 INCH OR MORE: 5
MAX 90 OR ABOVE: 0 0.10 INCH OR MORE: 2
MIN 32 OR BELOW: 31 0.50 INCH OR MORE: 2
MIN 0 OR BELOW: 2 1.00 INCH OR MORE: 0
[HDD (BASE 65) ]
TOTAL THIS MO. 1322 CLEAR (SCALE 0-3) 8
DPTR FM NORMAL -259 PTCLDY (SCALE 4-7) 10
TOTAL FM JUL 1 4167 CLOUDY (SCALE 8-10) 13
DPTR FM NORMAL -580
[CDD (BASE 65) ]
TOTAL THIS MO. 0
DPTR FM NORMAL 0 [PRESSURE DATA]
TOTAL FM JAN 1 0 HIGHEST SLP M ON M
DPTR FM NORMAL 0 LOWEST SLP 29.02 ON 17
[REMARKS]
#FINAL-01-21#