000
CXUS51 KCAR 010700
CF6MLT
PRELIMINARY LOCAL CLIMATOLOGICAL DATA (WS FORM: F-6)
STATION: MILLINOCKET ME
MONTH: OCTOBER
YEAR: 2023
LATITUDE: 45 39 N
LONGITUDE: 68 41 W
TEMPERATURE IN F: :PCPN: SNOW: WIND :SUNSHINE: SKY :PK WND
================================================================================
1 2 3 4 5 6A 6B 7 8 9 10 11 12 13 14 15 16 17 18
12Z AVG MX 2MIN
DY MAX MIN AVG DEP HDD CDD WTR SNW DPTH SPD SPD DIR MIN PSBL S-S WX SPD DR
================================================================================
1 77 43 60 8 5 0 0.00 M M 2.9 12 300 M M 5 128 17 310
2 73 42 58 7 7 0 0.00 M M 1.8 7 260 M M 0 13 270
3 81 52 67 16 0 2 0.00 M M 3.5 16 300 M M 1 25 320
4 77 55 66 16 0 1 0.00 M M 2.5 7 150 M M 4 1 12 140
5 67 58 63 13 2 0 0.00 M M 3.2 9 190 M M 9 1 17 200
6 69 58 64 14 1 0 0.00 M M 4.0 10 170 M M 9 1 20 150
7 64 59 62 13 3 0 1.37 M M 8.4 24 90 M M 10 1 36 90
8 63 43 53 4 12 0 0.51 M M 7.0 26 100 M M 6 1 45 90
9 62 41 52 4 13 0 T M M 2.0 13 160 M M 5 12 23 170
10 61 38 50 2 15 0 0.00 M M 0.7 8 170 M M 9 12 14 160
11 55 40 48 0 17 0 0.13 M M 0.8 6 110 M M 9 12 8 110
12 56 44 50 3 15 0 0.13 M M 2.0 9 270 M M 9 123 20 210
13 55 44 50 3 15 0 T M M 8.3 18 310 M M 8 27 320
14 60 46 53 6 12 0 T M M 7.3 18 320 M M 5 29 330
15 55 44 50 4 15 0 0.07 M M 6.2 15 300 M M 8 1 24 320
16 56 48 52 6 13 0 0.14 M M 6.4 15 40 M M 10 1 22 10
17 53 37 45 -1 20 0 0.02 M M 1.9 9 50 M M 9 1 17 40
18 60 35 48 3 17 0 0.00 M M 0.7 7 260 M M 8 12 12 230
19 60 44 52 7 13 0 0.00 M M 1.3 7 270 M M 8 12 240
20 62 51 57 13 8 0 T M M 4.1 10 190 M M 9 1 22 160
21 62 54 58 14 7 0 0.78 M M 6.8 14 360 M M 10 1 22 10
22 56 47 52 8 13 0 0.35 M M 6.6 13 30 M M 10 1 20 30
23 56 34 45 1 20 0 0.00 M M 4.6 12 30 M M 6 18 340
24 55 30 43 0 22 0 0.00 M M 2.1 9 250 M M 5 12 18 240
25 62 43 53 10 12 0 T M M 3.3 9 260 M M 5 17 240
26 67 49 58 16 7 0 0.01 M M 1.1 8 320 M M 8 1 11 340
27 73 56 65 23 0 0 0.14 M M 1.5 8 170 M M 6 1 17 200
28 77 43 60 18 5 0 0.00 M M 8.9 24 310 M M 3 37 320
29 43 33 38 -3 27 0 0.00 M M 5.7 15 310 M M 4 21 300
30 35 29 32 -9 33 0 0.29 M M 4.4 12 70 M M 10 1 17 310
31 40 30 35 -6 30 0 0.00 M M 5.8 15 300 M M 5 1 23 290
================================================================================
SM 1892 1370 379 3 3.94 M 125.8 M 213
================================================================================
AV 61.0 44.2 4.1 FASTST M M 7 MAX(MPH)
MISC ----> 26 100 45 90
================================================================================
NOTES:
# LAST OF SEVERAL OCCURRENCES
COLUMN 17 PEAK WIND IN M.P.H.
PRELIMINARY LOCAL CLIMATOLOGICAL DATA (WS FORM: F-6) , PAGE 2
STATION: MILLINOCKET ME
MONTH: OCTOBER
YEAR: 2023
LATITUDE: 45 39 N
LONGITUDE: 68 41 W
[TEMPERATURE DATA] [PRECIPITATION DATA] SYMBOLS USED IN COLUMN 16
AVERAGE MONTHLY: 52.6 TOTAL FOR MONTH: 3.94 1 = FOG OR MIST
DPTR FM NORMAL: 6.6 DPTR FM NORMAL: -0.61 2 = FOG REDUCING VISIBILITY
HIGHEST: 81 ON 3 GRTST 24HR 1.85 ON 7- 8 TO 1/4 MILE OR LESS
LOWEST: 29 ON 30 3 = THUNDER
SNOW, ICE PELLETS, HAIL 4 = ICE PELLETS
TOTAL MONTH: M 5 = HAIL
GRTST 24HR M ON M 6 = FREEZING RAIN OR DRIZZLE
GRTST DEPTH: M ON M 7 = DUSTSTORM OR SANDSTORM:
VSBY 1/2 MILE OR LESS
8 = SMOKE OR HAZE
[NO. OF DAYS WITH] [WEATHER - DAYS WITH] 9 = BLOWING SNOW
X = TORNADO
MAX 32 OR BELOW: 0 0.01 INCH OR MORE: 12
MAX 90 OR ABOVE: 0 0.10 INCH OR MORE: 9
MIN 32 OR BELOW: 3 0.50 INCH OR MORE: 3
MIN 0 OR BELOW: 0 1.00 INCH OR MORE: 1
[HDD (BASE 65) ]
TOTAL THIS MO. 379 CLEAR (SCALE 0-3) 3
DPTR FM NORMAL -211 PTCLDY (SCALE 4-7) 13
TOTAL FM JUL 1 544 CLOUDY (SCALE 8-10) 15
DPTR FM NORMAL -344
[CDD (BASE 65) ]
TOTAL THIS MO. 3
DPTR FM NORMAL 2 [PRESSURE DATA]
TOTAL FM JAN 1 419 HIGHEST SLP 30.37 ON 24
DPTR FM NORMAL 126 LOWEST SLP 29.03 ON 21
[REMARKS]
#FINAL-10-23#