000
CXUS54 KSHV 030333
CF6MLU
PRELIMINARY LOCAL CLIMATOLOGICAL DATA (WS FORM: F-6)
STATION: MONROE
MONTH: MAY
YEAR: 2021
LATITUDE: 32 30 N
LONGITUDE: 92 2 W
TEMPERATURE IN F: :PCPN: SNOW: WIND :SUNSHINE: SKY :PK WND
================================================================================
1 2 3 4 5 6A 6B 7 8 9 10 11 12 13 14 15 16 17 18
12Z AVG MX 2MIN
DY MAX MIN AVG DEP HDD CDD WTR SNW DPTH SPD SPD DIR MIN PSBL S-S WX SPD DR
================================================================================
1 78 58 68 -2 0 3 0.00 0.0 0 2.5 10 140 M M 2 18 16 150
2 76 63 70 0 0 5 2.21 0.0 0 6.2 14 170 M M 7 138 21 160
3 89 71 80 10 0 15 0.00 0.0 0 8.0 21 200 M M 5 1 27 210
4 85 64 75 5 0 10 1.27 0.0 0 8.7 36 260 M M 6 1238 46 280
5 76 58 67 -4 0 2 0.00 0.0 0 6.9 16 10 M M 5 22 20
6 81 53 67 -4 0 2 0.00 0.0 0 3.6 13 360 M M 0 16 10
7 79 57 68 -3 0 3 0.00 0.0 0 5.0 14 50 M M 0 20 50
8 86 55 71 -1 0 6 0.00 0.0 0 7.9 18 200 M M 0 24 210
9 82 66 74 2 0 9 0.49 0.0 0 9.8 26 360 M M 6 13 35 10
10 70 59 65 -7 0 0 0.05 0.0 0 9.8 16 50 M M 9 13 22 50
11 71 60 66 -6 0 1 0.97 0.0 0 6.8 20 360 M M 9 13 27 90
12 72 59 66 -7 0 1 0.00 0.0 0 9.7 16 30 M M 10 1 21 30
13 76 57 67 -6 0 2 0.00 0.0 0 7.0 16 50 M M 3 22 40
14 79 52 66 -7 0 1 0.00 0.0 0 4.3 10 30 M M 0 14 90
15 82 55 69 -5 0 4 0.00 0.0 0 3.8 10 150 M M 2 15 140
16 83 59 71 -3 0 6 T 0.0 0 5.2 12 160 M M 2 20 160
17 82 69 76 2 0 11 0.06 0.0 0 7.3 17 190 M M 8 26 180
18 82 67 75 1 0 10 T 0.0 0 4.8 12 140 M M 8 17 130
19 86 70 78 3 0 13 0.05 0.0 0 5.9 18 150 M M 8 3 31 170
20 78 71 75 0 0 10 0.07 0.0 0 6.6 15 160 M M 8 1 23 140
21 82 69 76 1 0 11 T 0.0 0 4.7 13 120 M M 7 20 120
22 88 65 77 1 0 12 0.00 0.0 0 4.9 12 110 M M 3 17 140
23 85 63 74 -2 0 9 0.00 0.0 0 3.6 14 150 M M 0 1 20 110
24 86 63 75 -1 0 10 0.00 0.0 0 1.9 9 130 M M 1 17 170
25 89 67 78 2 0 13 0.12 0.0 0 7.2 25 280 M M 5 1 30 280
26 88 67 78 2 0 13 0.37 0.0 0 3.3 10 220 M M 5 1 13 250
27 90 68 79 2 0 14 0.00 0.0 0 5.7 17 220 M M 2 1 23 210
28 83 68 76 -1 0 11 0.25 0.0 0 7.6 28 300 M M 4 13 37 290
29 79 58 69 -8 0 4 0.00 0.0 0 10.3 21 50 M M 1 27 50
30 76 54 65 -13 0 0 0.00 0.0 0 5.6 16 50 M M 1 20 50
31 85 57 71 -7 0 6 0.00 0.0 0 2.9 9 190 M M 1 13 180
================================================================================
SM 2524 1922 0 217 5.91 0.0 187.5 M 128
================================================================================
AV 81.4 62.0 6.0 FASTST M M 4 MAX(MPH)
MISC ----> 36 260 46 280
================================================================================
NOTES:
# LAST OF SEVERAL OCCURRENCES
COLUMN 17 PEAK WIND IN M.P.H.
PRELIMINARY LOCAL CLIMATOLOGICAL DATA (WS FORM: F-6) , PAGE 2
STATION: MONROE
MONTH: MAY
YEAR: 2021
LATITUDE: 32 30 N
LONGITUDE: 92 2 W
[TEMPERATURE DATA] [PRECIPITATION DATA] SYMBOLS USED IN COLUMN 16
AVERAGE MONTHLY: 71.7 TOTAL FOR MONTH: 5.91 1 = FOG OR MIST
DPTR FM NORMAL: -2.1 DPTR FM NORMAL: 1.48 2 = FOG REDUCING VISIBILITY
HIGHEST: 90 ON 27 GRTST 24HR 2.21 ON 2- 2 TO 1/4 MILE OR LESS
LOWEST: 52 ON 14 3 = THUNDER
SNOW, ICE PELLETS, HAIL 4 = ICE PELLETS
TOTAL MONTH: 0.0 INCH 5 = HAIL
GRTST 24HR 0.0 6 = FREEZING RAIN OR DRIZZLE
GRTST DEPTH: 0 7 = DUSTSTORM OR SANDSTORM:
VSBY 1/2 MILE OR LESS
8 = SMOKE OR HAZE
[NO. OF DAYS WITH] [WEATHER - DAYS WITH] 9 = BLOWING SNOW
X = TORNADO
MAX 32 OR BELOW: 0 0.01 INCH OR MORE: 11
MAX 90 OR ABOVE: 1 0.10 INCH OR MORE: 7
MIN 32 OR BELOW: 0 0.50 INCH OR MORE: 3
MIN 0 OR BELOW: 0 1.00 INCH OR MORE: 2
[HDD (BASE 65) ]
TOTAL THIS MO. 0 CLEAR (SCALE 0-3) 14
DPTR FM NORMAL -8 PTCLDY (SCALE 4-7) 14
TOTAL FM JUL 1 2126 CLOUDY (SCALE 8-10) 3
DPTR FM NORMAL -83
[CDD (BASE 65) ]
TOTAL THIS MO. 217
DPTR FM NORMAL -63 [PRESSURE DATA]
TOTAL FM JAN 1 381 HIGHEST SLP 30.31 ON 13
DPTR FM NORMAL -43 LOWEST SLP 29.60 ON 2
[REMARKS]
#FINAL-05-21#