000
CXUS54 KSHV 011500
CF6MLU
PRELIMINARY LOCAL CLIMATOLOGICAL DATA (WS FORM: F-6)
STATION: MONROE
MONTH: JULY
YEAR: 2020
LATITUDE: 32 30 N
LONGITUDE: 92 2 W
TEMPERATURE IN F: :PCPN: SNOW: WIND :SUNSHINE: SKY :PK WND
================================================================================
1 2 3 4 5 6A 6B 7 8 9 10 11 12 13 14 15 16 17 18
12Z AVG MX 2MIN
DY MAX MIN AVG DEP HDD CDD WTR SNW DPTH SPD SPD DIR MIN PSBL S-S WX SPD DR
================================================================================
1 95 78 87 4 0 22 0.00 0.0 0 7.7 17 220 M M 3 18 22 230
2 95 75 85 2 0 20 0.26 0.0 0 6.3 26 80 M M 4 138 39 90
3 91 73 82 -1 0 17 0.31 0.0 0 3.8 12 200 M M 1 13 14 80
4 94 72 83 0 0 18 0.05 0.0 0 3.6 20 10 M M 1 3 25 40
5 93 72 83 0 0 18 0.00 0.0 0 2.2 10 230 M M 3 138 14 190
6 93 72 83 0 0 18 0.00 0.0 0 3.5 20 270 M M 1 1 24 270
7 88 74 81 -2 0 16 0.20 0.0 0 3.6 13 200 M M 4 13 18 200
8 88 75 82 -1 0 17 1.41 0.0 0 4.1 22 230 M M 6 123 26 230
9 94 76 85 2 0 20 0.00 0.0 0 5.8 15 240 M M 3 8 21 290
10 97 79 88 5 0 23 0.00 0.0 0 5.9 13 240 M M 1 18 300
11 97 79 88 5 0 23 T 0.0 0 3.5 13 240 M M 1 1 16 240
12 97 79 88 5 0 23 0.00 0.0 0 5.3 16 220 M M 0 19 220
13 97 75 86 3 0 21 0.00 0.0 0 1.1 8 90 M M 2 1 11 60
14 96 75 86 3 0 21 0.00 0.0 0 3.0 10 210 M M 1 15 150
15 94 79 87 4 0 22 0.00 0.0 0 6.4 15 230 M M 1 18 18 250
16 98 75 87 4 0 22 0.00 0.0 0 4.1 16 170 M M 1 13 24 170
17 92 73 83 0 0 18 0.00 0.0 0 3.3 12 180 M M 1 17 180
18 96 73 85 2 0 20 0.00 0.0 0 2.0 9 160 M M 1 1 13 150
19 96 74 85 2 0 20 0.00 0.0 0 2.3 9 170 M M 1 1 14 160
20 95 77 86 3 0 21 0.18 0.0 0 2.0 17 130 M M 2 3 27 140
21 94 75 85 2 0 20 0.59 0.0 0 2.6 18 190 M M 2 13 26 190
22 96 76 86 3 0 21 T 0.0 0 3.0 14 230 M M 3 22 230
23 95 76 86 3 0 21 0.00 0.0 0 4.6 15 60 M M 1 22 50
24 91 75 83 0 0 18 0.37 0.0 0 4.9 15 120 M M 3 13 26 120
25 92 75 84 1 0 19 T 0.0 0 3.8 14 110 M M 4 13 22 110
26 91 73 82 -1 0 17 0.53 0.0 0 2.7 17 170 M M 1 13 24 160
27 90 74 82 -1 0 17 0.01 0.0 0 2.1 13 150 M M 3 21 160
28 93 72 83 0 0 18 0.00 0.0 0 1.7 13 210 M M 3 1 17 210
29 94 75 85 2 0 20 0.00 0.0 0 7.0 15 210 M M 2 20 190
30 93 75 84 1 0 19 T 0.0 0 9.4 18 230 M M 4 24 230
31 92 73 83 0 0 18 0.86 0.0 0 10.5 26 270 M M 3 138 36 270
================================================================================
SM 2907 2324 0 608 4.77 0.0 131.8 M 67
================================================================================
AV 93.8 75.0 4.3 FASTST M M 2 MAX(MPH)
MISC ----> # 26 80 # 39 90
================================================================================
NOTES:
# LAST OF SEVERAL OCCURRENCES
COLUMN 17 PEAK WIND IN M.P.H.
PRELIMINARY LOCAL CLIMATOLOGICAL DATA (WS FORM: F-6) , PAGE 2
STATION: MONROE
MONTH: JULY
YEAR: 2020
LATITUDE: 32 30 N
LONGITUDE: 92 2 W
[TEMPERATURE DATA] [PRECIPITATION DATA] SYMBOLS USED IN COLUMN 16
AVERAGE MONTHLY: 84.4 TOTAL FOR MONTH: 4.77 1 = FOG OR MIST
DPTR FM NORMAL: 1.4 DPTR FM NORMAL: 1.20 2 = FOG REDUCING VISIBILITY
HIGHEST: 98 ON 16 GRTST 24HR 1.41 ON 8- 8 TO 1/4 MILE OR LESS
LOWEST: 72 ON 28, 6 3 = THUNDER
SNOW, ICE PELLETS, HAIL 4 = ICE PELLETS
TOTAL MONTH: 0.0 INCH 5 = HAIL
GRTST 24HR 0.0 6 = FREEZING RAIN OR DRIZZLE
GRTST DEPTH: 0 7 = DUSTSTORM OR SANDSTORM:
VSBY 1/2 MILE OR LESS
8 = SMOKE OR HAZE
[NO. OF DAYS WITH] [WEATHER - DAYS WITH] 9 = BLOWING SNOW
X = TORNADO
MAX 32 OR BELOW: 0 0.01 INCH OR MORE: 11
MAX 90 OR ABOVE: 29 0.10 INCH OR MORE: 9
MIN 32 OR BELOW: 0 0.50 INCH OR MORE: 4
MIN 0 OR BELOW: 0 1.00 INCH OR MORE: 1
[HDD (BASE 65) ]
TOTAL THIS MO. 0 CLEAR (SCALE 0-3) 23
DPTR FM NORMAL 0 PTCLDY (SCALE 4-7) 8
TOTAL FM JUL 1 0 CLOUDY (SCALE 8-10) 0
DPTR FM NORMAL 0
[CDD (BASE 65) ]
TOTAL THIS MO. 608
DPTR FM NORMAL 49 [PRESSURE DATA]
TOTAL FM JAN 1 1509 HIGHEST SLP 30.15 ON 17
DPTR FM NORMAL 49 LOWEST SLP 29.82 ON 12
[REMARKS]
#FINAL-07-20#