000
CXUS55 KBOU 011000
CF6MNH
PRELIMINARY LOCAL CLIMATOLOGICAL DATA (WS FORM: F-6)
STATION: ELBERT 6W CO
MONTH: NOVEMBER
YEAR: 2022
LATITUDE: 39 13 N
LONGITUDE: 104 38 W
TEMPERATURE IN F: :PCPN: SNOW: WIND :SUNSHINE: SKY :PK WND
================================================================================
1 2 3 4 5 6A 6B 7 8 9 10 11 12 13 14 15 16 17 18
12Z AVG MX 2MIN
DY MAX MIN AVG DEP HDD CDD WTR SNW DPTH SPD SPD DIR MIN PSBL S-S WX SPD DR
================================================================================
1 64 32 48 M 17 0 0.00 M M 10.2 22 160 M M 0 26 160
2 64 41 53 M 12 0 0.00 M M 13.5 23 210 M M 0 29 250
3 43 21 32 M 33 0 0.00 M M 8.1 14 350 M M 5 18 350
4 39 23 31 M 34 0 0.00 M M 5.9 9 210 M M 4 128 17 300
5 59 25 42 M 23 0 0.00 M M 10.7 21 240 M M 0 28 240
6 45 30 38 M 27 0 0.00 M M 13.7 24 160 M M 5 35 160
7 48 30 39 M 26 0 0.00 M M 23.7 31 150 M M 3 2 44 160
8 63 34 49 M 16 0 0.00 M M 10.2 16 180 M M 0 25 170
9 64 25 45 M 20 0 0.00 M M 15.2 32 180 M M 1 8 47 230
10 43 21 32 M 33 0 0.00 M M 8.2 18 190 M M 3 29 180
11 32 14 23 M 42 0 0.00 M M 5.6 10 190 M M 4 17 0
12 50 14 32 M 33 0 0.00 M M 9.5 17 180 M M 0 M M
13 45 19 32 M 33 0 0.00 M M 8.8 13 50 M M 1 18 50
14 30 10 20 M 45 0 0.00 M M 4.1 9 310 M M 5 16 340
15 30 10 20 M 45 0 0.00 M M 4.6 13 310 M M 6 17 310
16 34 10 22 M 43 0 0.00 M M 6.2 13 180 M M 2 M M
17 21 10 16 M 49 0 0.00 M M 7.1 13 20 M M 7 1 16 20
18 19 5 12 M 53 0 0.00 M M 6.6 10 80 M M 4 M M
19 36 9 23 M 42 0 0.00 M M 8.2 17 190 M M 0 23 190
20 50 18 34 M 31 0 0.00 M M 7.4 12 210 M M 0 M M
21 50 18 34 M 31 0 0.00 M M 8.1 15 140 M M 0 21 140
22 48 21 35 M 30 0 0.00 M M 6.8 13 180 M M 0 8 M M
23 48 23 36 M 29 0 0.00 M M 11.6 17 340 M M 0 27 10
24 32 19 26 M 39 0 0.00 M M 12.1 22 10 M M 6 30 10
25 52 18 35 M 30 0 0.00 M M 7.4 12 150 M M 0 M M
26 52 28 40 M 25 0 0.00 M M 10.8 17 360 M M 2 25 360
27 43 23 33 M 32 0 0.00 M M 7.1 15 250 M M 3 22 210
28 52 21 37 M 28 0 0.00 M M 12.9 26 240 M M 1 33 240
29 21 3 12 M 53 0 0.02 M M 7.2 15 330 M M 6 2 22 330
30 37 5 21 M 44 0 0.00 M M 12.9 25 180 M M 0 31 180
================================================================================
SM 1314 580 998 0 0.02 M 284.3 M 68
================================================================================
AV 43.8 19.3 9.5 FASTST M M 2 MAX(MPH)
MISC ----> 32 180 47 230
================================================================================
NOTES:
# LAST OF SEVERAL OCCURRENCES
COLUMN 17 PEAK WIND IN M.P.H.
PRELIMINARY LOCAL CLIMATOLOGICAL DATA (WS FORM: F-6) , PAGE 2
STATION: ELBERT 6W CO
MONTH: NOVEMBER
YEAR: 2022
LATITUDE: 39 13 N
LONGITUDE: 104 38 W
[TEMPERATURE DATA] [PRECIPITATION DATA] SYMBOLS USED IN COLUMN 16
AVERAGE MONTHLY: 31.6 TOTAL FOR MONTH: 0.02 1 = FOG OR MIST
DPTR FM NORMAL: 0.0 DPTR FM NORMAL: M 2 = FOG REDUCING VISIBILITY
HIGHEST: 64 ON 9, 2 GRTST 24HR 0.02 ON 29-29 TO 1/4 MILE OR LESS
LOWEST: 3 ON 29 3 = THUNDER
SNOW, ICE PELLETS, HAIL 4 = ICE PELLETS
TOTAL MONTH: M 5 = HAIL
GRTST 24HR M ON M 6 = FREEZING RAIN OR DRIZZLE
GRTST DEPTH: M ON M 7 = DUSTSTORM OR SANDSTORM:
VSBY 1/2 MILE OR LESS
8 = SMOKE OR HAZE
[NO. OF DAYS WITH] [WEATHER - DAYS WITH] 9 = BLOWING SNOW
X = TORNADO
MAX 32 OR BELOW: 7 0.01 INCH OR MORE: 1
MAX 90 OR ABOVE: 0 0.10 INCH OR MORE: 0
MIN 32 OR BELOW: 28 0.50 INCH OR MORE: 0
MIN 0 OR BELOW: 0 1.00 INCH OR MORE: 0
[HDD (BASE 65) ]
TOTAL THIS MO. 998 CLEAR (SCALE 0-3) 19
DPTR FM NORMAL M PTCLDY (SCALE 4-7) 11
TOTAL FM JUL 1 1771 CLOUDY (SCALE 8-10) 0
DPTR FM NORMAL M
[CDD (BASE 65) ]
TOTAL THIS MO. 0
DPTR FM NORMAL M [PRESSURE DATA]
TOTAL FM JAN 1 250 HIGHEST SLP M ON M
DPTR FM NORMAL M LOWEST SLP M ON M
[REMARKS]
#FINAL-11-22#