000
CXUS54 KMOB 011656
CF6MOB
PRELIMINARY LOCAL CLIMATOLOGICAL DATA (WS FORM: F-6)
STATION: MOBILE
MONTH: JANUARY
YEAR: 2022
LATITUDE: 30 40 N
LONGITUDE: 88 15 W
TEMPERATURE IN F: :PCPN: SNOW: WIND :SUNSHINE: SKY :PK WND
================================================================================
1 2 3 4 5 6A 6B 7 8 9 10 11 12 13 14 15 16 17 18
12Z AVG MX 2MIN
DY MAX MIN AVG DEP HDD CDD WTR SNW DPTH SPD SPD DIR MIN PSBL S-S WX SPD DR
================================================================================
1 79 73 76 25 0 11 0.00 0.0 0 16.5 29 200 M M 9 40 180
2 77 35 56 5 9 0 0.26 0.0 0 13.8 24 310 M M 10 18 38 310
3 48 30 39 -12 26 0 0.00 0.0 0 10.9 22 340 M M 5 31 340
4 51 27 39 -12 26 0 0.00 0.0 0 2.6 8 180 M M 3 1 11 230
5 62 37 50 -1 15 0 0.00 0.0 0 3.2 8 150 M M 7 1 10 170
6 73 39 56 5 9 0 0.02 0.0 0 9.4 22 350 M M 6 1 32 350
7 55 34 45 -6 20 0 0.00 0.0 0 6.2 17 360 M M 2 25 20
8 65 37 51 0 14 0 0.00 0.0 0 7.8 18 110 M M 5 25 110
9 77 58 68 17 0 3 0.15 0.0 0 9.5 29 260 M M 9 138 53 270
10 62 38 50 -1 15 0 0.00 0.0 0 14.2 23 10 M M 7 18 30 10
11 57 34 46 -5 19 0 0.00 0.0 0 8.4 15 20 M M 1 21 10
12 60 34 47 -4 18 0 0.00 0.0 0 2.3 9 340 M M 4 12 30
13 67 32 50 -1 15 0 0.00 0.0 0 4.3 12 270 M M 2 20 250
14 67 37 52 1 13 0 0.00 0.0 0 3.5 12 40 M M 4 15 40
15 61 41 51 0 14 0 0.49 0.0 0 7.6 18 280 M M 7 1 34 290
16 43 33 38 -13 27 0 T 0.0 0 10.2 18 280 M M 10 1 34 290
17 56 31 44 -7 21 0 0.00 0.0 0 5.8 16 330 M M 0 24 330
18 60 29 45 -6 20 0 0.00 0.0 0 4.3 12 190 M M 4 15 170
19 67 50 59 8 6 0 0.14 0.0 0 9.2 21 150 M M 8 1 28 150
20 63 34 49 -2 16 0 0.64 0.0 0 12.5 32 10 M M 10 13 44 10
21 36 31 34 -17 31 0 0.01 T 0 12.9 21 350 M M 9 16 30 340
22 50 26 38 -13 27 0 0.00 0.0 0 8.1 17 20 M M 1 23 10
23 53 21 37 -14 28 0 0.00 0.0 0 4.5 10 280 M M 1 17 330
24 59 27 43 -8 22 0 0.01 0.0 0 4.2 15 200 M M 6 22 210
25 50 42 46 -5 19 0 0.67 0.0 0 7.9 15 50 M M 10 1 19 50
26 56 36 46 -6 19 0 0.00 0.0 0 12.1 22 10 M M 2 1 29 10
27 64 32 48 -4 17 0 0.00 0.0 0 4.8 9 80 M M 2 1 13 20
28 54 38 46 -6 19 0 0.00 0.0 0 9.1 24 330 M M 4 35 330
29 50 28 39 -13 26 0 0.00 0.0 0 8.4 18 350 M M 0 25 350
30 62 30 46 -6 19 0 0.00 0.0 0 9.2 18 200 M M 1 29 230
31 67 39 53 1 12 0 0.00 0.0 0 4.8 13 170 M M 5 1 19 180
================================================================================
SM 1851 1113 542 14 2.39 T 248.2 M 154
================================================================================
AV 59.7 35.9 8.0 FASTST M M 5 MAX(MPH)
MISC ----> 32 10 53 270
================================================================================
NOTES:
# LAST OF SEVERAL OCCURRENCES
COLUMN 17 PEAK WIND IN M.P.H.
PRELIMINARY LOCAL CLIMATOLOGICAL DATA (WS FORM: F-6) , PAGE 2
STATION: MOBILE
MONTH: JANUARY
YEAR: 2022
LATITUDE: 30 40 N
LONGITUDE: 88 15 W
[TEMPERATURE DATA] [PRECIPITATION DATA] SYMBOLS USED IN COLUMN 16
AVERAGE MONTHLY: 47.8 TOTAL FOR MONTH: 2.39 1 = FOG OR MIST
DPTR FM NORMAL: -3.3 DPTR FM NORMAL: -3.27 2 = FOG REDUCING VISIBILITY
HIGHEST: 79 ON 1 GRTST 24HR 0.75 ON 2- 2 TO 1/4 MILE OR LESS
LOWEST: 21 ON 23 3 = THUNDER
SNOW, ICE PELLETS, HAIL 4 = ICE PELLETS
TOTAL MONTH: T 5 = HAIL
GRTST 24HR T ON 21-21 6 = FREEZING RAIN OR DRIZZLE
GRTST DEPTH: 0 7 = DUSTSTORM OR SANDSTORM:
VSBY 1/2 MILE OR LESS
8 = SMOKE OR HAZE
[NO. OF DAYS WITH] [WEATHER - DAYS WITH] 9 = BLOWING SNOW
X = TORNADO
MAX 32 OR BELOW: 0 0.01 INCH OR MORE: 9
MAX 90 OR ABOVE: 0 0.10 INCH OR MORE: 6
MIN 32 OR BELOW: 12 0.50 INCH OR MORE: 2
MIN 0 OR BELOW: 0 1.00 INCH OR MORE: 0
[HDD (BASE 65) ]
TOTAL THIS MO. 542 CLEAR (SCALE 0-3) 11
DPTR FM NORMAL 103 PTCLDY (SCALE 4-7) 12
TOTAL FM JUL 1 985 CLOUDY (SCALE 8-10) 8
DPTR FM NORMAL -94
[CDD (BASE 65) ]
TOTAL THIS MO. 14
DPTR FM NORMAL 6 [PRESSURE DATA]
TOTAL FM JAN 1 14 HIGHEST SLP 30.55 ON 11
DPTR FM NORMAL 6 LOWEST SLP 29.67 ON 15
[REMARKS]
#FINAL-01-22#