000
CXUS51 KPHI 150141
CF6MPO
PRELIMINARY LOCAL CLIMATOLOGICAL DATA (WS FORM: F-6)
STATION: MOUNT POCONO PA
MONTH: JUNE
YEAR: 2022
LATITUDE: 41 8 N
LONGITUDE: 75 24 W
TEMPERATURE IN F: :PCPN: SNOW: WIND :SUNSHINE: SKY :PK WND
================================================================================
1 2 3 4 5 6A 6B 7 8 9 10 11 12 13 14 15 16 17 18
12Z AVG MX 2MIN
DY MAX MIN AVG DEP HDD CDD WTR SNW DPTH SPD SPD DIR MIN PSBL S-S WX SPD DR
================================================================================
1 73 60 67 8 0 2 1.33 M M 5.6 18 120 M M 7 123 25 110
2 71 58 65 5 0 0 0.30 M M 5.4 17 230 M M 8 12 25 240
3 70 49 60 0 5 0 0.19 M M 9.3 23 320 M M 3 1 28 310
4 73 44 59 -1 6 0 0.00 M M 7.7 18 310 M M 0 26 310
5 72 48 60 0 5 0 0.00 M M 7.0 17 330 M M 0 24 320
6 74 44 59 -2 6 0 0.00 M M 5.8 15 160 M M 0 22 180
7 66 51 59 -2 6 0 0.68 M M 8.9 16 160 M M 2 1 24 160
8 73 57 65 4 0 0 0.01 M M 4.6 17 310 M M 2 21 310
9 70 48 59 -3 6 0 1.11 M M 14.1 29 270 M M 7 1 39 270
10 69 48 59 -3 6 0 0.00 M M 8.5 20 320 M M 2 25 290
11 68 48 58 -4 7 0 0.00 M M 2.8 12 270 M M 3 15 240
12 66 49 58 -4 7 0 0.06 M M 5.1 13 170 M M 7 12 16 170
13 78 59 69 6 0 4 T M M 8.3 15 330 M M 6 12 19 280
14 77 56 67 4 0 2 T M M 5.5 15 350 M M 2 22 340
15 79 54 67 4 0 2 0.00 M M 6.4 14 150 M M 1 20 140
16 66 56 61 -3 4 0 0.17 M M 9.0 18 10 M M 10 123 24 20
17 80 59 70 6 0 5 0.00 M M 12.6 26 260 M M 6 1 35 270
18 63 50 57 -7 8 0 T M M 17.8 37 320 M M 5 1 43 310
19 63 41 52 -12 13 0 0.00 M M 18.8 32 310 M M 0 40 320
20 73 39 56 -8 9 0 0.00 M M 6.9 20 280 M M 0 26 310
21 72 44 58 -7 7 0 0.00 M M 3.4 12 160 M M 3 16 190
22 64 53 59 -6 6 0 1.82 M M 7.2 14 120 M M 7 123 19 140
23 61 49 55 -10 10 0 1.31 M M 5.2 13 130 M M 9 12 18 120
24 78 47 63 -3 2 0 0.00 M M 4.2 13 310 M M 3 12 17 330
25 81 55 68 2 0 3 0.00 M M 3.3 12 120 M M 3 13 120
26 81 60 71 5 0 6 T M M 9.4 18 190 M M 4 26 200
27 74 59 67 1 0 2 0.13 M M 9.3 20 310 M M 7 12 25 10
28 72 51 62 -4 3 0 0.00 M M 7.7 17 300 M M 2 23 320
29 76 48 62 -5 3 0 0.00 M M 5.8 17 260 M M 2 29 210
30 80 51 66 -1 0 1 0.00 M M 6.2 16 340 M M 1 22 320
================================================================================
SM 2163 1535 119 27 7.11 M 231.8 M 112
================================================================================
AV 72.1 51.2 7.7 FASTST M M 4 MAX(MPH)
MISC ----> 37 320 43 310
================================================================================
NOTES:
# LAST OF SEVERAL OCCURRENCES
COLUMN 17 PEAK WIND IN M.P.H.
PRELIMINARY LOCAL CLIMATOLOGICAL DATA (WS FORM: F-6) , PAGE 2
STATION: MOUNT POCONO PA
MONTH: JUNE
YEAR: 2022
LATITUDE: 41 8 N
LONGITUDE: 75 24 W
[TEMPERATURE DATA] [PRECIPITATION DATA] SYMBOLS USED IN COLUMN 16
AVERAGE MONTHLY: 61.6 TOTAL FOR MONTH: 7.11 1 = FOG OR MIST
DPTR FM NORMAL: -1.6 DPTR FM NORMAL: 2.42 2 = FOG REDUCING VISIBILITY
HIGHEST: 81 ON 25,26 GRTST 24HR 3.13 ON 22-23 TO 1/4 MILE OR LESS
LOWEST: 39 ON 20 3 = THUNDER
SNOW, ICE PELLETS, HAIL 4 = ICE PELLETS
TOTAL MONTH: M 5 = HAIL
GRTST 24HR M ON M 6 = FREEZING RAIN OR DRIZZLE
GRTST DEPTH: M ON M 7 = DUSTSTORM OR SANDSTORM:
VSBY 1/2 MILE OR LESS
8 = SMOKE OR HAZE
[NO. OF DAYS WITH] [WEATHER - DAYS WITH] 9 = BLOWING SNOW
X = TORNADO
MAX 32 OR BELOW: 0 0.01 INCH OR MORE: 11
MAX 90 OR ABOVE: 0 0.10 INCH OR MORE: 9
MIN 32 OR BELOW: 0 0.50 INCH OR MORE: 5
MIN 0 OR BELOW: 0 1.00 INCH OR MORE: 4
[HDD (BASE 65) ]
TOTAL THIS MO. 119 CLEAR (SCALE 0-3) 16
DPTR FM NORMAL 12 PTCLDY (SCALE 4-7) 11
TOTAL FM JUL 1 6783 CLOUDY (SCALE 8-10) 3
DPTR FM NORMAL -465
[CDD (BASE 65) ]
TOTAL THIS MO. 27
DPTR FM NORMAL -26 [PRESSURE DATA]
TOTAL FM JAN 1 56 HIGHEST SLP 30.27 ON 29
DPTR FM NORMAL -12 LOWEST SLP 29.58 ON 9
[REMARKS]
#FINAL-06-22#