000
CXUS53 KMPX 011954
CF6MPX
PRELIMINARY LOCAL CLIMATOLOGICAL DATA (WS FORM: F-6)
STATION: CHANHASSEN MN
MONTH: JANUARY
YEAR: 2023
LATITUDE: 44 50 N
LONGITUDE: 93 34 W
TEMPERATURE IN F: :PCPN: SNOW: WIND :SUNSHINE: SKY :PK WND
================================================================================
1 2 3 4 5 6A 6B 7 8 9 10 11 12 13 14 15 16 17 18
12Z AVG MX 2MIN
DY MAX MIN AVG DEP HDD CDD WTR SNW DPTH SPD SPD DIR MIN PSBL S-S WX SPD DR
================================================================================
1 31 19 25 10 40 0 0.00 0.0 6 M M M M M M M M
2 24 20 22 7 43 0 T T 5 M M M M M M M M
3 29 21 25 10 40 0 0.75 6.8 5 M M M M M M M M
4 32 27 30 15 35 0 0.60 7.7 14 M M M M M M M M
5 27 15 21 6 44 0 0.03 0.6 17 M M M M M M M M
6 15 -4 6 -9 59 0 0.02 1.1 16 M M M M M M M M
7 17 -7 5 -9 60 0 0.00 0.0 15 M M M M M M M M
8 21 -7 7 -7 58 0 0.00 0.0 15 M M M M M M M M
9 30 4 17 3 48 0 T T 14 M M M M M M M M
10 26 16 21 7 44 0 T T 14 M M M M M M M M
11 32 23 28 14 37 0 0.05 0.0 13 M M M M M M M M
12 28 17 23 9 42 0 0.00 0.0 12 M M M M M M M M
13 17 10 14 0 51 0 T T 12 M M M M M M M M
14 31 10 21 7 44 0 0.00 0.0 12 M M M M M M M M
15 38 28 33 19 32 0 0.00 0.0 12 M M M M M M M M
16 35 31 33 19 32 0 0.48 0.8 10 M M M M M M M M
17 33 27 30 16 35 0 0.03 0.2 10 M M M M M M M M
18 32 27 30 16 35 0 0.00 0.0 9 M M M M M M M M
19 31 26 29 15 36 0 0.17 3.5 11 M M M M M M M M
20 27 18 23 10 42 0 0.00 0.0 11 M M M M M M M M
21 23 16 20 7 45 0 T T 10 M M M M M M M M
22 18 12 15 2 50 0 T T 10 M M M M M M M M
23 30 6 18 4 47 0 T T 9 M M M M M M M M
24 28 7 18 4 47 0 0.00 0.0 9 M M M M M M M M
25 26 13 20 6 45 0 0.04 0.7 9 M M M M M M M M
26 18 0 9 -5 56 0 0.01 0.2 10 M M M M M M M M
27 34 5 20 6 45 0 0.11 1.3 11 M M M M M M M M
28 5 -1 2 -12 63 0 0.00 0.0 10 M M M M M M M M
29 3 -7 -2 -16 67 0 0.00 0.0 10 M M M M M M M M
30 -1 -14 -7 -21 72 0 0.00 0.0 9 M M M M M M M M
31 8 -14 -3 -17 68 0 0.00 0.0 9 M M M M M M M M
================================================================================
SM 748 344 1462 0 2.29 22.9 M M M
================================================================================
AV 24.1 11.1 M FASTST M M M MAX(MPH)
MISC ----> M M M M
================================================================================
NOTES:
# LAST OF SEVERAL OCCURRENCES
COLUMN 17 PEAK WIND IN M.P.H.
PRELIMINARY LOCAL CLIMATOLOGICAL DATA (WS FORM: F-6) , PAGE 2
STATION: CHANHASSEN MN
MONTH: JANUARY
YEAR: 2023
LATITUDE: 44 50 N
LONGITUDE: 93 34 W
[TEMPERATURE DATA] [PRECIPITATION DATA] SYMBOLS USED IN COLUMN 16
AVERAGE MONTHLY: 17.6 TOTAL FOR MONTH: 2.29 1 = FOG OR MIST
DPTR FM NORMAL: 3.6 DPTR FM NORMAL: 1.42 2 = FOG REDUCING VISIBILITY
HIGHEST: 38 ON 15 GRTST 24HR 1.07 ON 3- 4 TO 1/4 MILE OR LESS
LOWEST: -14 ON 31,30 3 = THUNDER
SNOW, ICE PELLETS, HAIL 4 = ICE PELLETS
TOTAL MONTH: 22.9 INCHES 5 = HAIL
GRTST 24HR 7.7 ON 4- 4 6 = FREEZING RAIN OR DRIZZLE
GRTST DEPTH: 17 ON 5 7 = DUSTSTORM OR SANDSTORM:
VSBY 1/2 MILE OR LESS
8 = SMOKE OR HAZE
[NO. OF DAYS WITH] [WEATHER - DAYS WITH] 9 = BLOWING SNOW
X = TORNADO
MAX 32 OR BELOW: 27 0.01 INCH OR MORE: 11
MAX 90 OR ABOVE: 0 0.10 INCH OR MORE: 5
MIN 32 OR BELOW: 31 0.50 INCH OR MORE: 2
MIN 0 OR BELOW: 8 1.00 INCH OR MORE: 0
[HDD (BASE 65) ]
TOTAL THIS MO. 1462 CLEAR (SCALE 0-3) 0
DPTR FM NORMAL -119 PTCLDY (SCALE 4-7) 0
TOTAL FM JUL 1 4583 CLOUDY (SCALE 8-10) 31
DPTR FM NORMAL -112
[CDD (BASE 65) ]
TOTAL THIS MO. 0
DPTR FM NORMAL 0 [PRESSURE DATA]
TOTAL FM JAN 1 0 HIGHEST SLP M ON M
DPTR FM NORMAL 0 LOWEST SLP M ON M
[REMARKS]
#FINAL-01-23#