000
CXUS53 KMQT 010900
CF6MQT
PRELIMINARY LOCAL CLIMATOLOGICAL DATA (WS FORM: F-6)
STATION: MARQUETTE MI
MONTH: APRIL
YEAR: 2022
LATITUDE: 46 31 N
LONGITUDE: 87 33 W
TEMPERATURE IN F: :PCPN: SNOW: WIND :SUNSHINE: SKY :PK WND
================================================================================
1 2 3 4 5 6A 6B 7 8 9 10 11 12 13 14 15 16 17 18
12Z AVG MX 2MIN
DY MAX MIN AVG DEP HDD CDD WTR SNW DPTH SPD SPD DIR MIN PSBL S-S WX SPD DR
================================================================================
1 37 22 30 -1 35 0 0.02 0.4 20 M M M M M M 20 315
2 40 28 34 3 31 0 0.05 0.3 19 M M M M M M 15 225
3 45 29 37 6 28 0 0.00 0.0 18 M M M M M M 1 13 45
4 34 30 32 0 33 0 0.07 0.3 17 M M M M M M 1 9 180
5 41 28 35 3 30 0 0.00 0.0 17 M M M M M M 12 23 180
6 44 33 39 6 26 0 0.58 0.0 17 M M M M M M 1 19 135
7 37 29 33 0 32 0 0.20 1.3 16 M M M M M M 12 18 360
8 29 24 27 -6 38 0 0.32 4.3 18 M M M M M M 9 30 315
9 40 22 31 -3 34 0 0.07 0.8 19 M M M M M M 28 360
10 51 17 34 0 31 0 0.00 0.0 17 M M M M M M 24 180
11 49 33 41 6 24 0 T 0.0 16 M M M M M M 45 225
12 51 27 39 4 26 0 0.38 0.0 13 M M M M M M 12 19 90
13 37 34 36 0 29 0 2.04 0.0 10 M M M M M M 123 26 90
14 36 27 32 -4 33 0 0.22 1.3 10 M M M M M M 31 225
15 29 21 25 -11 40 0 0.02 0.6 10 M M M M M M 31 270
16 27 20 24 -13 41 0 0.05 1.1 10 M M M M M M 25 315
17 38 23 31 -6 34 0 0.00 0.0 10 M M M M M M 17 90
18 37 27 32 -6 33 0 0.21 1.9 10 M M M M M M 12 14 135
19 36 20 28 -10 37 0 0.02 0.4 11 M M M M M M 25 315
20 42 19 31 -8 34 0 0.35 0.1 9 M M M M M M 35 180
21 42 31 37 -2 28 0 0.03 T 9 M M M M M M 30 270
22 48 26 37 -3 28 0 0.00 0.0 6 M M M M M M 16 180
23 49 36 43 3 22 0 0.74 T 3 M M M M M M 1235 24 180
24 73 43 58 17 7 0 0.01 0.0 1 M M M M M M 35 180
25 47 27 37 -4 28 0 0.02 0.2 T M M M M M M 6 25 225
26 29 19 24 -18 41 0 0.20 3.5 T M M M M M M 23 315
27 35 19 27 -15 38 0 0.09 1.4 3 M M M M M M 17 360
28 50 15 33 -10 32 0 0.00 0.0 T M M M M M M 16 135
29 59 36 48 5 17 0 T 0.0 T M M M M M M 25 135
30 59 39 49 5 16 0 0.08 0.0 0 M M M M M M 27 135
================================================================================
SM 1271 804 906 0 5.77 17.9 M M M
================================================================================
AV 42.4 26.8 M FASTST M M M MAX(MPH)
MISC ----> M M 45 225
================================================================================
NOTES:
# LAST OF SEVERAL OCCURRENCES
COLUMN 17 PEAK WIND IN M.P.H.
PRELIMINARY LOCAL CLIMATOLOGICAL DATA (WS FORM: F-6) , PAGE 2
STATION: MARQUETTE MI
MONTH: APRIL
YEAR: 2022
LATITUDE: 46 31 N
LONGITUDE: 87 33 W
[TEMPERATURE DATA] [PRECIPITATION DATA] SYMBOLS USED IN COLUMN 16
AVERAGE MONTHLY: 34.6 TOTAL FOR MONTH: 5.77 1 = FOG OR MIST
DPTR FM NORMAL: -2.2 DPTR FM NORMAL: 2.42 2 = FOG REDUCING VISIBILITY
HIGHEST: 73 ON 24 GRTST 24HR 2.04 ON 13-13 TO 1/4 MILE OR LESS
LOWEST: 15 ON 28 3 = THUNDER
SNOW, ICE PELLETS, HAIL 4 = ICE PELLETS
TOTAL MONTH: 24.5 INCHES 5 = HAIL
GRTST 24HR 4.3 ON 8- 8 6 = FREEZING RAIN OR DRIZZLE
GRTST DEPTH: 20 ON 1 7 = DUSTSTORM OR SANDSTORM:
VSBY 1/2 MILE OR LESS
8 = SMOKE OR HAZE
[NO. OF DAYS WITH] [WEATHER - DAYS WITH] 9 = BLOWING SNOW
X = TORNADO
MAX 32 OR BELOW: 4 0.01 INCH OR MORE: 22
MAX 90 OR ABOVE: 0 0.10 INCH OR MORE: 10
MIN 32 OR BELOW: 23 0.50 INCH OR MORE: 3
MIN 0 OR BELOW: 0 1.00 INCH OR MORE: 1
[HDD (BASE 65) ]
TOTAL THIS MO. 906 CLEAR (SCALE 0-3) 0
DPTR FM NORMAL 60 PTCLDY (SCALE 4-7) 0
TOTAL FM JUL 1 8436 CLOUDY (SCALE 8-10) 30
DPTR FM NORMAL -150
[CDD (BASE 65) ]
TOTAL THIS MO. 0
DPTR FM NORMAL 0 [PRESSURE DATA]
TOTAL FM JAN 1 0 HIGHEST SLP M ON M
DPTR FM NORMAL 0 LOWEST SLP M ON M
[REMARKS]
#FINAL-04-22#