478
CXUS53 KMQT 060514
CF6MQT
PRELIMINARY LOCAL CLIMATOLOGICAL DATA (WS FORM: F-6)
STATION: MARQUETTE MI
MONTH: SEPTEMBER
YEAR: 2020
LATITUDE: 46 31 N
LONGITUDE: 87 33 W
TEMPERATURE IN F: :PCPN: SNOW: WIND :SUNSHINE: SKY :PK WND
================================================================================
1 2 3 4 5 6A 6B 7 8 9 10 11 12 13 14 15 16 17 18
12Z AVG MX 2MIN
DY MAX MIN AVG DEP HDD CDD WTR SNW DPTH SPD SPD DIR MIN PSBL S-S WX SPD DR
================================================================================
1 67 46 57 -4 8 0 T 0.0 0 M M M M M M 19 225
2 69 51 60 -1 5 0 0.00 0.0 0 M M M M M M 34 270
3 63 50 57 -4 8 0 0.23 0.0 0 M M M M M M 45 270
4 63 44 54 -6 11 0 0.01 0.0 0 M M M M M M 29 270
5 66 44 55 -5 10 0 0.00 0.0 0 M M M M M M 23 315
6 72 43 58 -2 7 0 0.01 0.0 0 M M M M M M 3 36 180
7 63 44 54 -5 11 0 T 0.0 0 M M M M M M 35 270
8 51 38 45 -14 20 0 T 0.0 0 M M M M M M 12 315
9 49 42 46 -13 19 0 0.39 0.0 0 M M M M M M 10 360
10 56 35 46 -12 19 0 0.00 0.0 0 M M M M M M 11 90
11 67 36 52 -6 13 0 0.00 0.0 0 M M M M M M 14 180
12 58 51 55 -2 10 0 0.99 0.0 0 M M M M M M 1 19 180
13 64 45 55 -2 10 0 0.09 0.0 0 M M M M M M 28 270
14 59 38 49 -8 16 0 0.00 0.0 0 M M M M M M 17 180
15 75 52 64 8 1 0 0.00 0.0 0 M M M M M M 29 270
16 60 46 53 -3 12 0 T 0.0 0 M M M M M M 1 20 360
17 53 34 44 -11 21 0 0.00 0.0 0 M M M M M M 19 45
18 53 32 43 -12 22 0 0.00 0.0 0 M M M M M M 14 315
19 60 37 49 -6 16 0 0.00 0.0 0 M M M M M M 21 225
20 66 45 56 2 9 0 0.00 0.0 0 M M M M M M 12 180
21 69 52 61 7 4 0 0.03 0.0 0 M M M M M M 3 11 225
22 78 48 63 10 2 0 0.00 0.0 0 M M M M M M 21 270
23 80 45 63 10 2 0 0.00 0.0 0 M M M M M M 15 225
24 66 53 60 8 5 0 0.01 0.0 0 M M M M M M 12 315
25 72 56 64 12 1 0 0.23 0.0 0 M M M M M M 123 31 315
26 68 56 62 10 3 0 0.98 0.0 0 M M M M M M 13 13 180
27 65 51 58 7 7 0 0.10 0.0 0 M M M M M M 20 315
28 53 47 50 -1 15 0 0.16 0.0 0 M M M M M M 16 315
29 56 46 51 1 14 0 0.40 0.0 0 M M M M M M 16 225
30 53 44 49 -1 16 0 0.25 0.0 0 M M M M M M 12 24 270
================================================================================
SM 1894 1351 317 0 3.88 0.0 M M M
================================================================================
AV 63.1 45.0 M FASTST M M 0 MAX(MPH)
MISC ----> M M # 45 270
================================================================================
NOTES:
# LAST OF SEVERAL OCCURRENCES
COLUMN 17 PEAK WIND IN M.P.H.
PRELIMINARY LOCAL CLIMATOLOGICAL DATA (WS FORM: F-6) , PAGE 2
STATION: MARQUETTE MI
MONTH: SEPTEMBER
YEAR: 2020
LATITUDE: 46 31 N
LONGITUDE: 87 33 W
[TEMPERATURE DATA] [PRECIPITATION DATA] SYMBOLS USED IN COLUMN 16
AVERAGE MONTHLY: 54.1 TOTAL FOR MONTH: 3.88 1 = FOG OR MIST
DPTR FM NORMAL: -1.7 DPTR FM NORMAL: 0.16 2 = FOG REDUCING VISIBILITY
HIGHEST: 80 ON 23 GRTST 24HR 0.99 ON 12-12 TO 1/4 MILE OR LESS
LOWEST: 32 ON 18 3 = THUNDER
SNOW, ICE PELLETS, HAIL 4 = ICE PELLETS
TOTAL MONTH: 0.0 INCH 5 = HAIL
GRTST 24HR 0.0 6 = FREEZING RAIN OR DRIZZLE
GRTST DEPTH: 0 7 = DUSTSTORM OR SANDSTORM:
VSBY 1/2 MILE OR LESS
8 = SMOKE OR HAZE
[NO. OF DAYS WITH] [WEATHER - DAYS WITH] 9 = BLOWING SNOW
X = TORNADO
MAX 32 OR BELOW: 0 0.01 INCH OR MORE: 14
MAX 90 OR ABOVE: 0 0.10 INCH OR MORE: 9
MIN 32 OR BELOW: 1 0.50 INCH OR MORE: 2
MIN 0 OR BELOW: 0 1.00 INCH OR MORE: 0
[HDD (BASE 65) ]
TOTAL THIS MO. 317 CLEAR (SCALE 0-3) 0
DPTR FM NORMAL 20 PTCLDY (SCALE 4-7) 0
TOTAL FM JUL 1 443 CLOUDY (SCALE 8-10) 0
DPTR FM NORMAL -39
[CDD (BASE 65) ]
TOTAL THIS MO. 0
DPTR FM NORMAL -21 [PRESSURE DATA]
TOTAL FM JAN 1 318 HIGHEST SLP M ON M
DPTR FM NORMAL 77 LOWEST SLP M ON M
[REMARKS]
#FINAL-09-20#