000
CXUS51 KLWX 010815
CF6MRB
PRELIMINARY LOCAL CLIMATOLOGICAL DATA (WS FORM: F-6)
STATION: MARTINSBURG WV
MONTH: JUNE
YEAR: 2022
LATITUDE: 39 24 N
LONGITUDE: 77 58 W
TEMPERATURE IN F: :PCPN: SNOW: WIND :SUNSHINE: SKY :PK WND
================================================================================
1 2 3 4 5 6A 6B 7 8 9 10 11 12 13 14 15 16 17 18
12Z AVG MX 2MIN
DY MAX MIN AVG DEP HDD CDD WTR SNW DPTH SPD SPD DIR MIN PSBL S-S WX SPD DR
================================================================================
1 91 62 77 10 0 12 0.00 M M 5.8 17 260 M M 1 1 23 260
2 85 66 76 9 0 11 0.28 M M 5.2 14 330 M M 3 13 17 330
3 78 57 68 1 0 3 0.00 M M 7.1 16 320 M M 1 22 310
4 83 50 67 -1 0 2 0.00 M M 3.4 17 320 M M 0 1 21 320
5 79 48 64 -4 1 0 0.00 M M 2.5 9 150 M M 0 12 40
6 80 52 66 -2 0 1 0.00 M M 6.4 18 140 M M 0 23 150
7 75 57 66 -3 0 1 0.08 M M 6.1 15 150 M M 4 12 22 130
8 84 60 72 3 0 7 0.28 M M 3.6 13 260 M M 5 123 17 250
9 77 58 68 -1 0 3 0.03 M M 12.0 26 290 M M 3 13 32 300
10 79 53 66 -4 0 1 0.00 M M 5.0 15 300 M M 1 20 310
11 70 59 65 -5 0 0 0.14 M M 1.6 8 30 M M 8 1 10 10
12 82 60 71 1 0 6 0.15 M M 2.8 12 300 M M 6 138 13 190
13 90 67 79 9 0 14 0.00 M M 2.7 10 310 M M 3 1 14 320
14 83 68 76 5 0 11 0.03 M M 3.9 12 340 M M 4 13 15 290
15 86 64 75 4 0 10 0.00 M M 2.9 10 140 M M 6 128 16 140
16 89 73 81 10 0 16 0.52 M M 4.3 13 40 M M 4 13 17 150
17 93 64 79 7 0 14 0.00 M M 11.3 26 290 M M 1 1 39 300
18 76 61 69 -3 0 4 0.00 M M 13.7 29 310 M M 2 41 330
19 77 56 67 -5 0 2 0.00 M M 10.7 22 310 M M 0 33 290
20 80 50 65 -8 0 0 0.00 M M 4.2 14 290 M M 4 23 330
21 84 59 72 -1 0 7 0.01 M M 2.9 9 140 M M 4 14 230
22 88 63 76 3 0 11 1.06 M M 3.4 23 50 M M 4 138 31 40
23 75 64 70 -3 0 5 0.04 M M 4.0 10 80 M M 8 1 12 130
24 84 60 72 -2 0 7 0.00 M M 2.9 8 100 M M 2 1 11 110
25 87 62 75 1 0 10 0.00 M M 3.2 12 140 M M 1 1 16 150
26 88 65 77 3 0 12 0.62 M M 4.4 23 210 M M 4 1 33 220
27 83 65 74 0 0 9 0.03 M M 6.1 15 330 M M 5 1 20 330
28 80 51 66 -8 0 1 0.00 M M 2.6 12 320 M M 0 15 310
29 87 54 71 -4 0 6 0.00 M M 2.2 10 230 M M 1 1 14 200
30 86 55 71 -4 0 6 0.00 M M 2.0 9 140 M M 1 1 13 180
================================================================================
SM 2479 1783 1 192 3.27 M 148.9 M 86
================================================================================
AV 82.6 59.4 5.0 FASTST M M 3 MAX(MPH)
MISC ----> 29 310 41 330
================================================================================
NOTES:
# LAST OF SEVERAL OCCURRENCES
COLUMN 17 PEAK WIND IN M.P.H.
PRELIMINARY LOCAL CLIMATOLOGICAL DATA (WS FORM: F-6) , PAGE 2
STATION: MARTINSBURG WV
MONTH: JUNE
YEAR: 2022
LATITUDE: 39 24 N
LONGITUDE: 77 58 W
[TEMPERATURE DATA] [PRECIPITATION DATA] SYMBOLS USED IN COLUMN 16
AVERAGE MONTHLY: 71.0 TOTAL FOR MONTH: 3.27 1 = FOG OR MIST
DPTR FM NORMAL: -0.1 DPTR FM NORMAL: -0.58 2 = FOG REDUCING VISIBILITY
HIGHEST: 93 ON 17 GRTST 24HR 1.10 ON 22-23 TO 1/4 MILE OR LESS
LOWEST: 48 ON 5 3 = THUNDER
SNOW, ICE PELLETS, HAIL 4 = ICE PELLETS
TOTAL MONTH: M 5 = HAIL
GRTST 24HR M ON M 6 = FREEZING RAIN OR DRIZZLE
GRTST DEPTH: M ON M 7 = DUSTSTORM OR SANDSTORM:
VSBY 1/2 MILE OR LESS
8 = SMOKE OR HAZE
[NO. OF DAYS WITH] [WEATHER - DAYS WITH] 9 = BLOWING SNOW
X = TORNADO
MAX 32 OR BELOW: 0 0.01 INCH OR MORE: 13
MAX 90 OR ABOVE: 3 0.10 INCH OR MORE: 7
MIN 32 OR BELOW: 0 0.50 INCH OR MORE: 3
MIN 0 OR BELOW: 0 1.00 INCH OR MORE: 1
[HDD (BASE 65) ]
TOTAL THIS MO. 1 CLEAR (SCALE 0-3) 17
DPTR FM NORMAL -17 PTCLDY (SCALE 4-7) 12
TOTAL FM JUL 1 4577 CLOUDY (SCALE 8-10) 1
DPTR FM NORMAL -367
[CDD (BASE 65) ]
TOTAL THIS MO. 192
DPTR FM NORMAL -9 [PRESSURE DATA]
TOTAL FM JAN 1 277 HIGHEST SLP 30.25 ON 30
DPTR FM NORMAL -1 LOWEST SLP 29.61 ON 9
[REMARKS]
#FINAL-06-22#