000
CXUS54 KMAF 011110
CF6MRF
PRELIMINARY LOCAL CLIMATOLOGICAL DATA (WS FORM: F-6)
STATION: MARFA
MONTH: OCTOBER
YEAR: 2021
LATITUDE: 30 22 N
LONGITUDE: 104 1 W
TEMPERATURE IN F: :PCPN: SNOW: WIND :SUNSHINE: SKY :PK WND
================================================================================
1 2 3 4 5 6A 6B 7 8 9 10 11 12 13 14 15 16 17 18
12Z AVG MX 2MIN
DY MAX MIN AVG DEP HDD CDD WTR SNW DPTH SPD SPD DIR MIN PSBL S-S WX SPD DR
================================================================================
1 77 55 66 M 0 1 T M M 7.4 20 60 M M 5 13 23 60
2 81 49 65 M 0 0 M M M 5.1 14 20 M M 3 20 20
3 78 52 65 M 0 0 M M M 5.8 9 40 M M 1 M M
4 81 49 65 M 0 0 M M M 5.5 10 10 M M 1 18 70
5 80 47 64 M 1 0 M M M 5.1 12 110 M M 0 M M
6 82 47 65 M 0 0 M M M 5.8 12 150 M M 1 M M
7 87 51 69 M 0 4 M M M 5.2 12 180 M M 2 M M
8 89 51 70 M 0 5 M M M 6.0 13 170 M M 0 20 160
9 90 49 70 M 0 5 M M M 7.5 16 180 M M 0 24 180
10 83 45 64 M 1 0 M M M 12.2 30 270 M M 0 40 270
11 82 38 60 M 5 0 M M M 8.8 22 180 M M 0 30 200
12 83 47 65 M 0 0 M M M 12.8 24 170 M M 0 38 170
13 71 50 61 M 4 0 T M M 7.1 18 160 M M 2 26 170
14 79 48 64 M 1 0 M M M 6.8 17 250 M M 3 12 23 230
15 70 42 56 M 9 0 M M M 12.8 25 20 M M 0 8 37 20
16 69 39 54 M 11 0 M M M 7.8 16 30 M M 0 M M
17 74 43 59 M 6 0 M M M 6.2 12 160 M M 2 18 130
18 79 46 63 M 2 0 M M M 7.3 15 170 M M 0 23 170
19 82 42 62 M 3 0 M M M 6.5 16 250 M M 0 22 190
20 85 42 64 M 1 0 0.04 M M 7.2 14 30 M M 1 18 50
21 82 47 65 M 0 0 T M M 6.9 30 40 M M 1 39 40
22 82 44 63 M 2 0 M M M 5.3 12 180 M M 2 16 170
23 84 48 66 M 0 1 M M M 5.7 18 220 M M 3 24 220
24 80 46 63 M 2 0 M M M 8.9 18 270 M M 0 24 290
25 86 42 64 M 1 0 M M M 6.2 17 160 M M 0 26 160
26 86 44 65 M 0 0 M M M 12.9 28 270 M M 0 39 240
27 64 47 56 M 9 0 M M M 18.7 29 280 M M 0 41 280
28 71 40 56 M 9 0 M M M 7.1 14 60 M M 0 M M
29 72 35 54 M 11 0 M M M 5.8 9 170 M M 0 M M
30 81 35 58 M 7 0 M M M 7.6 16 260 M M 0 20 270
31 81 40 61 M 4 0 M M M 7.2 16 50 M M 1 22 30
================================================================================
SM 2471 1400 89 16 0.04 M 240.9 M 28
================================================================================
AV 79.7 45.2 7.8 FASTST M M 1 MAX(MPH)
MISC ----> # 30 270 41 280
================================================================================
NOTES:
# LAST OF SEVERAL OCCURRENCES
COLUMN 17 PEAK WIND IN M.P.H.
PRELIMINARY LOCAL CLIMATOLOGICAL DATA (WS FORM: F-6) , PAGE 2
STATION: MARFA
MONTH: OCTOBER
YEAR: 2021
LATITUDE: 30 22 N
LONGITUDE: 104 1 W
[TEMPERATURE DATA] [PRECIPITATION DATA] SYMBOLS USED IN COLUMN 16
AVERAGE MONTHLY: 62.4 TOTAL FOR MONTH: 0.04 1 = FOG OR MIST
DPTR FM NORMAL: 0.0 DPTR FM NORMAL: M 2 = FOG REDUCING VISIBILITY
HIGHEST: 90 ON 9 GRTST 24HR 0.04 ON 20-20 TO 1/4 MILE OR LESS
LOWEST: 35 ON 30,29 3 = THUNDER
SNOW, ICE PELLETS, HAIL 4 = ICE PELLETS
TOTAL MONTH: M 5 = HAIL
GRTST 24HR M ON M 6 = FREEZING RAIN OR DRIZZLE
GRTST DEPTH: M ON M 7 = DUSTSTORM OR SANDSTORM:
VSBY 1/2 MILE OR LESS
8 = SMOKE OR HAZE
[NO. OF DAYS WITH] [WEATHER - DAYS WITH] 9 = BLOWING SNOW
X = TORNADO
MAX 32 OR BELOW: 0 0.01 INCH OR MORE: 1
MAX 90 OR ABOVE: 1 0.10 INCH OR MORE: 0
MIN 32 OR BELOW: 0 0.50 INCH OR MORE: 0
MIN 0 OR BELOW: 0 1.00 INCH OR MORE: 0
[HDD (BASE 65) ]
TOTAL THIS MO. 89 CLEAR (SCALE 0-3) 27
DPTR FM NORMAL M PTCLDY (SCALE 4-7) 4
TOTAL FM JUL 1 94 CLOUDY (SCALE 8-10) 0
DPTR FM NORMAL M
[CDD (BASE 65) ]
TOTAL THIS MO. 16
DPTR FM NORMAL M [PRESSURE DATA]
TOTAL FM JAN 1 1098 HIGHEST SLP M ON M
DPTR FM NORMAL M LOWEST SLP M ON M
[REMARKS]
#FINAL-10-21#