000
CXUS52 KMHX 010700
CF6MRH
PRELIMINARY LOCAL CLIMATOLOGICAL DATA (WS FORM: F-6)
STATION: BEAUFORT/SMITH FIELD NC
MONTH: DECEMBER
YEAR: 2021
LATITUDE: 34 43 N
LONGITUDE: 76 39 W
TEMPERATURE IN F: :PCPN: SNOW: WIND :SUNSHINE: SKY :PK WND
================================================================================
1 2 3 4 5 6A 6B 7 8 9 10 11 12 13 14 15 16 17 18
12Z AVG MX 2MIN
DY MAX MIN AVG DEP HDD CDD WTR SNW DPTH SPD SPD DIR MIN PSBL S-S WX SPD DR
================================================================================
1 63 45 54 1 11 0 0.00 0.0 0 4.1 10 160 M M 0 12 160
2 66 54 60 7 5 0 0.00 0.0 0 10.0 18 220 M M 1 24 220
3 71 49 60 8 5 0 0.00 0.0 0 5.1 14 240 M M 0 18 240
4 69 46 58 6 7 0 0.00 0.0 0 4.6 14 220 M M 0 18 240
5 69 50 60 8 5 0 0.00 0.0 0 M 15 20 M M M 21 20
6 71 48 60 8 5 0 0.01 0.0 0 7.7 16 230 M M 2 1 21 220
7 63 48 56 4 9 0 0.00 0.0 0 12.0 20 20 M M 9 28 20
8 54 43 49 -2 16 0 1.03 0.0 0 8.5 21 330 M M 10 1 24 340
9 49 36 43 -8 22 0 0.00 0.0 0 6.7 15 20 M M 0 1 19 40
10 71 42 57 6 8 0 0.01 0.0 0 8.7 16 180 M M 7 1 21 190
11 72 61 67 16 0 2 T 0.0 0 9.5 18 200 M M 8 1 25 260
12 66 41 54 3 11 0 0.12 0.0 0 10.0 23 340 M M 5 1 29 20
13 62 36 49 -1 16 0 0.00 0.0 0 4.1 10 10 M M 0 1 14 10
14 64 35 50 0 15 0 0.00 0.0 0 4.6 10 20 M M 0 1 15 20
15 70 46 58 8 7 0 0.00 0.0 0 3.8 9 10 M M 4 1 16 350
16 72 44 58 8 7 0 0.00 0.0 0 2.4 8 200 M M 2 12 10 140
17 72 59 66 16 0 1 0.00 0.0 0 5.9 12 210 M M 3 1 15 200
18 73 60 67 17 0 2 0.00 0.0 0 9.0 15 210 M M 4 12 20 230
19 66 43 55 6 10 0 0.79 0.0 0 13.3 28 20 M M 7 1 39 10
20 51 38 45 -4 20 0 0.00 0.0 0 13.0 23 20 M M 2 32 20
21 56 41 49 0 16 0 0.55 0.0 0 9.5 16 20 M M 8 1 21 20
22 56 44 50 1 15 0 0.20 0.0 0 11.7 23 320 M M 6 1 38 360
23 50 33 42 -7 23 0 0.00 0.0 0 7.2 18 10 M M 0 22 10
24 61 32 47 -1 18 0 0.00 0.0 0 8.8 20 230 M M 0 25 240
25 66 57 62 14 3 0 0.00 0.0 0 18.9 31 220 M M 0 41 220
26 74 48 61 13 4 0 0.00 0.0 0 5.5 14 240 M M 0 18 260
27 72 47 60 12 5 0 0.00 0.0 0 7.8 16 220 M M 1 20 230
28 70 60 65 17 0 0 0.00 0.0 0 11.7 22 230 M M 2 1 28 230
29 72 63 68 20 0 3 0.00 0.0 0 12.2 20 230 M M 0 25 230
30 69 64 67 19 0 2 0.07 0.0 0 9.4 21 230 M M 4 1 27 230
31 74 62 68 21 0 3 0.02 0.0 0 6.4 14 150 M M 7 1 18 150
================================================================================
SM 2034 1475 263 13 2.80 0.0 252.1 M 92
================================================================================
AV 65.6 47.6 8.4 FASTST M M 3 MAX(MPH)
MISC ----> 31 220 41 220
================================================================================
NOTES:
# LAST OF SEVERAL OCCURRENCES
COLUMN 17 PEAK WIND IN M.P.H.
PRELIMINARY LOCAL CLIMATOLOGICAL DATA (WS FORM: F-6) , PAGE 2
STATION: BEAUFORT/SMITH FIELD NC
MONTH: DECEMBER
YEAR: 2021
LATITUDE: 34 43 N
LONGITUDE: 76 39 W
[TEMPERATURE DATA] [PRECIPITATION DATA] SYMBOLS USED IN COLUMN 16
AVERAGE MONTHLY: 56.6 TOTAL FOR MONTH: 2.80 1 = FOG OR MIST
DPTR FM NORMAL: 6.6 DPTR FM NORMAL: -0.99 2 = FOG REDUCING VISIBILITY
HIGHEST: 74 ON 31,26 GRTST 24HR 1.03 ON 8- 8 TO 1/4 MILE OR LESS
LOWEST: 32 ON 24 3 = THUNDER
SNOW, ICE PELLETS, HAIL 4 = ICE PELLETS
TOTAL MONTH: 0.0 INCH 5 = HAIL
GRTST 24HR 0.0 6 = FREEZING RAIN OR DRIZZLE
GRTST DEPTH: 0 7 = DUSTSTORM OR SANDSTORM:
VSBY 1/2 MILE OR LESS
8 = SMOKE OR HAZE
[NO. OF DAYS WITH] [WEATHER - DAYS WITH] 9 = BLOWING SNOW
X = TORNADO
MAX 32 OR BELOW: 0 0.01 INCH OR MORE: 9
MAX 90 OR ABOVE: 0 0.10 INCH OR MORE: 5
MIN 32 OR BELOW: 1 0.50 INCH OR MORE: 3
MIN 0 OR BELOW: 0 1.00 INCH OR MORE: 1
[HDD (BASE 65) ]
TOTAL THIS MO. 263 CLEAR (SCALE 0-3) 18
DPTR FM NORMAL -207 PTCLDY (SCALE 4-7) 10
TOTAL FM JUL 1 620 CLOUDY (SCALE 8-10) 3
DPTR FM NORMAL -201
[CDD (BASE 65) ]
TOTAL THIS MO. 13
DPTR FM NORMAL 9 [PRESSURE DATA]
TOTAL FM JAN 1 2032 HIGHEST SLP M ON M
DPTR FM NORMAL 54 LOWEST SLP 29.55 ON 22
[REMARKS]
#FINAL-12-21#