000
CXUS52 KMHX 010600
CF6MRH
PRELIMINARY LOCAL CLIMATOLOGICAL DATA (WS FORM: F-6)
STATION: BEAUFORT/SMITH FIELD NC
MONTH: AUGUST
YEAR: 2021
LATITUDE: 34 43 N
LONGITUDE: 76 39 W
TEMPERATURE IN F: :PCPN: SNOW: WIND :SUNSHINE: SKY :PK WND
================================================================================
1 2 3 4 5 6A 6B 7 8 9 10 11 12 13 14 15 16 17 18
12Z AVG MX 2MIN
DY MAX MIN AVG DEP HDD CDD WTR SNW DPTH SPD SPD DIR MIN PSBL S-S WX SPD DR
================================================================================
1 86 74 80 0 0 15 0.86 0.0 0 10.0 29 310 M M 7 138 33 320
2 85 75 80 0 0 15 T 0.0 M 7.6 17 20 M M 7 13 21 30
3 81 71 76 -4 0 11 3.11 0.0 M 7.9 29 320 M M 7 13 42 40
4 78 72 75 -5 0 10 1.97 0.0 M 8.6 24 190 M M 10 1 33 200
5 83 71 77 -3 0 12 0.12 0.0 M 6.4 12 60 M M 9 1 16 70
6 83 73 78 -2 0 13 0.43 0.0 M 4.6 14 200 M M 6 13 18 200
7 84 75 80 0 0 15 0.13 0.0 M 10.0 22 220 M M 2 13 27 220
8 85 72 79 -1 0 14 0.01 0.0 M 5.2 18 220 M M 3 25 220
9 86 70 78 -2 0 13 0.00 0.0 M 5.0 12 160 M M 0 16 130
10 86 75 81 1 0 16 0.00 0.0 M 6.7 14 210 M M 1 17 180
11 87 80 84 4 0 19 0.00 0.0 M 10.9 17 210 M M 1 21 190
12 89 81 85 5 0 20 0.00 0.0 0 11.6 17 200 M M 1 3 22 200
13 88 81 85 5 0 20 0.00 0.0 0 11.2 16 220 M M 1 20 210
14 87 81 84 4 0 19 0.00 0.0 0 9.2 15 220 M M 1 19 200
15 88 81 85 5 0 20 0.00 0.0 0 6.9 14 210 M M 1 16 200
16 88 77 83 3 0 18 T 0.0 0 5.4 13 150 M M 2 18 150
17 88 80 84 4 0 19 0.00 0.0 0 8.6 14 170 M M 2 19 190
18 89 81 85 5 0 20 0.03 0.0 0 12.2 20 210 M M 2 1 27 190
19 88 79 84 5 0 19 0.04 0.0 0 8.7 15 290 M M 4 13 19 290
20 89 76 83 4 0 18 T 0.0 0 6.9 17 10 M M 2 3 23 10
21 86 72 79 0 0 14 1.71 0.0 0 7.3 21 170 M M 5 13 25 170
22 86 75 81 2 0 16 0.00 0.0 0 7.7 21 200 M M 3 3 26 200
23 85 76 81 2 0 16 0.60 0.0 0 8.7 17 240 M M 3 1 25 230
24 86 78 82 3 0 17 0.00 0.0 M 9.2 17 200 M M 3 23 210
25 86 75 81 2 0 16 0.77 0.0 0 10.4 20 210 M M 3 13 22 210
26 87 76 82 3 0 17 0.00 0.0 0 5.4 13 200 M M 1 14 210
27 87 74 81 2 0 16 0.00 0.0 0 6.5 13 220 M M 1 18 190
28 88 75 82 3 0 17 0.00 0.0 0 8.3 15 210 M M 1 19 210
29 92 77 85 6 0 20 0.00 0.0 0 7.4 13 300 M M 1 16 300
30 91 79 85 6 0 20 0.00 0.0 0 10.5 21 230 M M 0 25 230
31 87 78 83 5 0 18 M 0.0 0 11.8 20 220 M M 1 23 220
================================================================================
SM 2679 2360 0 513 9.78 0.0 256.8 M 91
================================================================================
AV 86.4 76.1 8.3 FASTST M M 3 MAX(MPH)
MISC ----> # 29 310 42 40
================================================================================
NOTES:
# LAST OF SEVERAL OCCURRENCES
COLUMN 17 PEAK WIND IN M.P.H.
PRELIMINARY LOCAL CLIMATOLOGICAL DATA (WS FORM: F-6) , PAGE 2
STATION: BEAUFORT/SMITH FIELD NC
MONTH: AUGUST
YEAR: 2021
LATITUDE: 34 43 N
LONGITUDE: 76 39 W
[TEMPERATURE DATA] [PRECIPITATION DATA] SYMBOLS USED IN COLUMN 16
AVERAGE MONTHLY: 81.3 TOTAL FOR MONTH: 9.78 1 = FOG OR MIST
DPTR FM NORMAL: 1.8 DPTR FM NORMAL: 2.49 2 = FOG REDUCING VISIBILITY
HIGHEST: 92 ON 29 GRTST 24HR 5.08 ON 3- 4 TO 1/4 MILE OR LESS
LOWEST: 70 ON 9 3 = THUNDER
SNOW, ICE PELLETS, HAIL 4 = ICE PELLETS
TOTAL MONTH: 0.0 INCH 5 = HAIL
GRTST 24HR 0.0 6 = FREEZING RAIN OR DRIZZLE
GRTST DEPTH: 0 7 = DUSTSTORM OR SANDSTORM:
VSBY 1/2 MILE OR LESS
8 = SMOKE OR HAZE
[NO. OF DAYS WITH] [WEATHER - DAYS WITH] 9 = BLOWING SNOW
X = TORNADO
MAX 32 OR BELOW: 0 0.01 INCH OR MORE: 12
MAX 90 OR ABOVE: 2 0.10 INCH OR MORE: 9
MIN 32 OR BELOW: 0 0.50 INCH OR MORE: 6
MIN 0 OR BELOW: 0 1.00 INCH OR MORE: 3
[HDD (BASE 65) ]
TOTAL THIS MO. 0 CLEAR (SCALE 0-3) 23
DPTR FM NORMAL 0 PTCLDY (SCALE 4-7) 6
TOTAL FM JUL 1 0 CLOUDY (SCALE 8-10) 2
DPTR FM NORMAL 0
[CDD (BASE 65) ]
TOTAL THIS MO. 513
DPTR FM NORMAL 63 [PRESSURE DATA]
TOTAL FM JAN 1 1551 HIGHEST SLP M ON M
DPTR FM NORMAL 15 LOWEST SLP 29.80 ON 1
[REMARKS]
#FINAL-08-21#