000
CXUS52 KMHX 011801
CF6MRH
PRELIMINARY LOCAL CLIMATOLOGICAL DATA (WS FORM: F-6)
STATION: BEAUFORT/SMITH FIELD NC
MONTH: SEPTEMBER
YEAR: 2020
LATITUDE: 34 43 N
LONGITUDE: 76 39 W
TEMPERATURE IN F: :PCPN: SNOW: WIND :SUNSHINE: SKY :PK WND
================================================================================
1 2 3 4 5 6A 6B 7 8 9 10 11 12 13 14 15 16 17 18
12Z AVG MX 2MIN
DY MAX MIN AVG DEP HDD CDD WTR SNW DPTH SPD SPD DIR MIN PSBL S-S WX SPD DR
================================================================================
1 88 72 80 3 0 15 0.00 0.0 0 5.9 12 200 M M 0 M M
2 88 78 83 6 0 18 0.00 0.0 0 8.8 17 200 M M 2 3 21 180
3 90 83 87 10 0 22 0.00 0.0 0 12.8 21 210 M M 1 25 220
4 93 82 88 11 0 23 0.00 0.0 0 8.1 15 240 M M 1 21 230
5 88 74 81 4 0 16 0.00 0.0 0 9.0 18 10 M M 4 23 10
6 85 73 79 2 0 14 0.00 0.0 0 9.5 17 10 M M 2 23 10
7 85 73 79 3 0 14 0.00 0.0 0 8.1 16 10 M M 1 20 20
8 85 76 81 5 0 16 0.37 0.0 0 8.0 15 20 M M 4 13 20 60
9 87 75 81 5 0 16 0.07 0.0 0 7.1 10 20 M M 5 M M
10 84 76 80 4 0 15 1.21 0.0 0 5.6 14 180 M M 3 13 20 150
11 86 74 80 4 0 15 0.38 M 0 2.0 7 30 M M 3 13 M M
12 80 72 76 0 0 11 0.08 M 0 11.3 16 50 M M 8 27 50
13 84 71 78 3 0 13 0.81 M 0 M M M M M M 138 M M
14 85 74 80 5 0 15 0.03 M 0 9.4 16 20 M M 7 23 20
15 80 68 74 -1 0 9 T 0.0 0 10.7 21 20 M M 2 8 25 20
16 84 70 77 2 0 12 0.07 0.0 0 10.0 18 110 M M 3 24 110
17 82 73 78 4 0 13 1.58 0.0 0 7.6 18 190 M M 10 18 25 190
18 82 69 76 2 0 11 0.52 0.0 0 12.2 26 220 M M 10 18 34 220
19 71 61 66 -8 0 1 0.00 0.0 0 15.6 25 10 M M 4 35 20
20 74 60 67 -7 0 2 0.00 0.0 0 15.9 23 40 M M 1 35 50
21 71 58 65 -8 0 0 0.00 0.0 0 14.9 26 20 M M 7 36 10
22 72 55 64 -9 1 0 0.00 0.0 0 9.5 17 340 M M 1 22 360
23 75 51 63 -10 2 0 0.00 0.0 0 4.6 12 210 M M 0 8 14 230
24 76 63 70 -2 0 5 0.00 0.0 0 4.5 8 60 M M 1 10 50
25 82 68 75 3 0 10 0.44 0.0 0 6.1 13 120 M M 5 18 120
26 84 70 77 5 0 12 0.08 0.0 M 7.5 10 130 M M 5 M M
27 84 66 75 3 0 10 0.00 0.0 0 4.1 8 150 M M 4 128 M M
28 81 71 76 5 0 11 0.00 0.0 0 4.1 9 190 M M 1 1 M M
29 79 70 75 4 0 10 1.33 0.0 0 11.4 30 190 M M 6 13 38 200
30 75 57 66 -4 0 1 0.11 0.0 0 8.2 22 280 M M 3 1 26 270
================================================================================
SM 2460 2083 3 330 7.08 0.0 252.5 M 104
================================================================================
AV 82.0 69.4 8.7 FASTST M M 4 MAX(MPH)
MISC ----> # 30 190 # 38 200
================================================================================
NOTES:
# LAST OF SEVERAL OCCURRENCES
COLUMN 17 PEAK WIND IN M.P.H.
PRELIMINARY LOCAL CLIMATOLOGICAL DATA (WS FORM: F-6) , PAGE 2
STATION: BEAUFORT/SMITH FIELD NC
MONTH: SEPTEMBER
YEAR: 2020
LATITUDE: 34 43 N
LONGITUDE: 76 39 W
[TEMPERATURE DATA] [PRECIPITATION DATA] SYMBOLS USED IN COLUMN 16
AVERAGE MONTHLY: 75.7 TOTAL FOR MONTH: 7.08 1 = FOG OR MIST
DPTR FM NORMAL: 1.2 DPTR FM NORMAL: 1.12 2 = FOG REDUCING VISIBILITY
HIGHEST: 93 ON 4 GRTST 24HR 1.58 ON 17-17 TO 1/4 MILE OR LESS
LOWEST: 51 ON 23 3 = THUNDER
SNOW, ICE PELLETS, HAIL 4 = ICE PELLETS
TOTAL MONTH: 0.0 INCH 5 = HAIL
GRTST 24HR 0.0 6 = FREEZING RAIN OR DRIZZLE
GRTST DEPTH: 0 7 = DUSTSTORM OR SANDSTORM:
VSBY 1/2 MILE OR LESS
8 = SMOKE OR HAZE
[NO. OF DAYS WITH] [WEATHER - DAYS WITH] 9 = BLOWING SNOW
X = TORNADO
MAX 32 OR BELOW: 0 0.01 INCH OR MORE: 14
MAX 90 OR ABOVE: 2 0.10 INCH OR MORE: 9
MIN 32 OR BELOW: 0 0.50 INCH OR MORE: 5
MIN 0 OR BELOW: 0 1.00 INCH OR MORE: 3
[HDD (BASE 65) ]
TOTAL THIS MO. 3 CLEAR (SCALE 0-3) 15
DPTR FM NORMAL 0 PTCLDY (SCALE 4-7) 12
TOTAL FM JUL 1 3 CLOUDY (SCALE 8-10) 2
DPTR FM NORMAL 0
[CDD (BASE 65) ]
TOTAL THIS MO. 330
DPTR FM NORMAL 44 [PRESSURE DATA]
TOTAL FM JAN 1 1979 HIGHEST SLP 30.35 ON 21
DPTR FM NORMAL 295 LOWEST SLP 29.70 ON 18
[REMARKS]
#FINAL-09-20#