000
CXUS53 KMKX 011646
CLSMSN
CLIMATE REPORT
NATIONAL WEATHER SERVICE MILWAUKEE/SULLIVAN WI
1046 AM CST FRI DEC 01 2023
...................................
...THE MADISON WI CLIMATE SUMMARY FOR THE SEASON, FROM
9/1/2023 TO 11/30/2023...
CLIMATE NORMAL PERIOD 1991 TO 2020
CLIMATE RECORD PERIOD 1871 TO 2023
WEATHER OBSERVED NORMAL DEPART LAST YEAR`S
VALUE DATE(S) VALUE FROM VALUE DATE(S)
NORMAL
................................................................
TEMPERATURE (F)
RECORD
HIGH 99 09/01/1953
LOW -14 11/28/1887
HIGHEST 94 09/03 87 7 85 09/01
LOWEST 9 11/28 9 0 10 11/20
AVG. MAXIMUM 61.4 59.1 2.3 60.6
AVG. MINIMUM 42.6 39.8 2.8 40.5
MEAN 52.0 49.5 2.5 50.6
DAYS MAX >= 90 2 0.6 1.4 0
DAYS MAX <= 32 5 4.1 0.9 5
DAYS MIN <= 32 25 27.4 -2.4 27
DAYS MIN <= 0 0 0.1 -0.1 0
PRECIPITATION (INCHES)
RECORD
MAXIMUM 19.85 1881
MINIMUM 2.10 1976
TOTALS 6.66 8.42 -1.76 8.25
DAILY AVG. 0.07 0.09 -0.02 0.09
DAYS >= .01 25 28.9 -3.9 24
DAYS >= .10 15 16.1 -1.1 13
DAYS >= .50 4 5.4 -1.4 5
DAYS >= 1.00 0 1.8 -1.8 2
GREATEST
24 HR. TOTAL 1.51 09/25 TO 09/26 2.64 09/11 TO 09/12
SNOWFALL (INCHES)
RECORDS
TOTAL 18.3 1985
TOTALS 2.6 4.1 -1.5 4.8
SINCE 7/1 2.6 4.1 -1.5 4.8
SNOWDEPTH AVG. 0 0
DAYS >= 1.0 1 1 1 2
GREATEST
SNOW DEPTH 2 11/27 2
24 HR TOTAL 2.2 11/26 TO 11/26 2.8 11/15 TO 11/15
DEGREE DAYS
HEATING TOTAL 1298 1478 -180 1370
SINCE 7/1 1312 1506 -194 1375
COOLING TOTAL 134 65 69 84
SINCE 1/1 780 628 152 787
FREEZE DATES
RECORD
EARLIEST 09/12/1955
LATEST 05/31/1966
EARLIEST 10/17
LATEST 04/26
................................................................
WIND (MPH)
AVERAGE WIND SPEED 6.7
RESULTANT WIND SPEED/DIRECTION 1/180
HIGHEST WIND SPEED/DIRECTION 25/100 DATE 10/13
HIGHEST GUST SPEED/DIRECTION 40/220 DATE 11/16
SKY COVER
AVERAGE SKY COVER 0.57
NUMBER OF DAYS FAIR 22
NUMBER OF DAYS PC 42
NUMBER OF DAYS CLOUDY 27
AVERAGE RH (PERCENT) 70
WEATHER CONDITIONS. NUMBER OF DAYS WITH
THUNDERSTORM 9 MIXED PRECIP 0
HEAVY RAIN 6 RAIN 29
LIGHT RAIN 42 FREEZING RAIN 0
LT FREEZING RAIN 0 HAIL 1
HEAVY SNOW 0 SNOW 5
LIGHT SNOW 5 SLEET 0
FOG 33 FOG W/VIS <= 1/4 MILE 3
HAZE 5
- INDICATES NEGATIVE NUMBERS.
R INDICATES RECORD WAS SET OR TIED.
MM INDICATES DATA IS MISSING.
T INDICATES TRACE AMOUNT.
$$